{"id":3877,"date":"2021-04-01T17:04:29","date_gmt":"2021-04-01T15:04:29","guid":{"rendered":"https:\/\/edublog.educastur.es\/corredoria3\/?page_id=3877"},"modified":"2021-07-01T10:45:23","modified_gmt":"2021-07-01T08:45:23","slug":"tercer-trimestre","status":"publish","type":"page","link":"https:\/\/edublog.educastur.es\/corredoria3\/3o-pri\/cultura-asturiana\/tercer-trimestre\/","title":{"rendered":"TERCER TRIMESTRE"},"content":{"rendered":"<p style=\"text-align: center\"><img loading=\"lazy\" decoding=\"async\" class=\"aligncenter wp-image-376\" src=\"http:\/\/edublog.educastur.es\/corredoria3\/files\/2020\/08\/22_tercero.png\" alt=\"\" width=\"197\" height=\"161\" srcset=\"https:\/\/edublog.educastur.es\/corredoria3\/files\/2020\/08\/22_tercero.png 424w, https:\/\/edublog.educastur.es\/corredoria3\/files\/2020\/08\/22_tercero-300x246.png 300w\" sizes=\"auto, (max-width: 197px) 100vw, 197px\" \/><\/p>\n<ul>\n<li><span style=\"font-size: 18pt;color: #800000\"><em><strong>CARPETA ARCHIVOS PROFES 3\u00ba TRIMESTRE<\/strong>_<strong>_preguntar ISA<\/strong><\/em><\/span><\/li>\n<\/ul>\n<hr \/>\n<ul>\n<li class=\"page_item page-item-3877 page_item_has_children\"><em><span style=\"font-size: 18pt\"><a href=\"https:\/\/edublog.educastur.es\/corredoria3\/3o-pri\/cultura-asturiana\/tercer-trimestre\/\"><strong>TERCER\u00a0 TRIMESTRE<\/strong><\/a><\/span><\/em>\n<ul class=\"children\">\n<li class=\"page_item page-item-3885\"><em><span style=\"font-size: 18pt\"><a href=\"https:\/\/edublog.educastur.es\/corredoria3\/3o-pri\/cultura-asturiana\/tercer-trimestre\/anexo-plantas\/\">Anexo: PLANTAS<\/a><\/span><\/em><\/li>\n<li><a href=\"https:\/\/edublog.educastur.es\/corredoria3\/3o-pri\/cultura-asturiana\/tercer-trimestre\/espoxiga\"><span style=\"font-size: 18pt\"><strong><em>Canci\u00f3n ESPOXIGA!! y Bichos fuera!<\/em><\/strong><\/span><\/a><\/li>\n<li class=\"page_item page-item-3900 page_item_has_children\"><em><span style=\"font-size: 18pt\"><a href=\"https:\/\/edublog.educastur.es\/corredoria3\/3o-pri\/cultura-asturiana\/tercer-trimestre\/sesion-01\/\">Sesi\u00f3n 01: <strong>Instrumentos Musicales Asturianos<\/strong><\/a><\/span><\/em><\/li>\n<li class=\"page_item page-item-3924\"><em><span style=\"font-size: 18pt\"><a href=\"https:\/\/edublog.educastur.es\/corredoria3\/3o-pri\/cultura-asturiana\/tercer-trimestre\/sesion-02\/\">Sesi\u00f3n 02: <strong>D\u00eda libro, \u00bfc\u00f3mo se hace un libro?<\/strong><\/a><\/span><\/em><\/li>\n<li class=\"page_item page-item-3938\"><em><span style=\"font-size: 18pt\"><a href=\"https:\/\/edublog.educastur.es\/corredoria3\/3o-pri\/cultura-asturiana\/tercer-trimestre\/sesion-03\/\">Sesi\u00f3n 03:\u00a0 <strong>Paisajes Costa e Interior<\/strong><\/a><\/span><\/em><\/li>\n<li class=\"page_item page-item-3944\"><em><span style=\"font-size: 18pt\"><a href=\"https:\/\/edublog.educastur.es\/corredoria3\/3o-pri\/cultura-asturiana\/tercer-trimestre\/sesion-04\/\">Sesi\u00f3n 04: <strong>Huerto, andecha y sestaferia<\/strong><\/a><\/span><\/em><\/li>\n<li class=\"page_item page-item-3954\"><em><span style=\"font-size: 18pt\"><a href=\"https:\/\/edublog.educastur.es\/corredoria3\/3o-pri\/cultura-asturiana\/tercer-trimestre\/sesion-05\/\">Sesi\u00f3n 05: <strong>Museos y castros<\/strong> <\/a><\/span><\/em><\/li>\n<li class=\"page_item page-item-3964\"><em><span style=\"font-size: 18pt\"><a href=\"https:\/\/edublog.educastur.es\/corredoria3\/3o-pri\/cultura-asturiana\/tercer-trimestre\/sesion-06\/\">Sesi\u00f3n 06: <strong>Organizaci\u00f3n territorial<\/strong><\/a><\/span><\/em><\/li>\n<li class=\"page_item page-item-3974\"><em><span style=\"font-size: 18pt\"><a href=\"https:\/\/edublog.educastur.es\/corredoria3\/3o-pri\/cultura-asturiana\/tercer-trimestre\/sesion-07\/\">Sesi\u00f3n 07: <strong>Fiestes de verano y San Xuan<\/strong> <\/a><\/span><\/em><\/li>\n<li class=\"page_item page-item-3984\"><em><span style=\"font-size: 18pt\"><a href=\"https:\/\/edublog.educastur.es\/corredoria3\/3o-pri\/cultura-asturiana\/tercer-trimestre\/sesion-08\/\">Sesi\u00f3n 08<\/a><\/span><\/em><\/li>\n<li class=\"page_item page-item-3994\"><a href=\"https:\/\/edublog.educastur.es\/corredoria3\/3o-pri\/cultura-asturiana\/tercer-trimestre\/sesion-09\/\"><em><span style=\"font-size: 18pt\">Sesi\u00f3n 09<\/span><\/em><\/a><\/li>\n<\/ul>\n<\/li>\n<\/ul>\n<p>&nbsp;<\/p>\n<p>&nbsp;<\/p>\n","protected":false},"excerpt":{"rendered":"<p>CARPETA ARCHIVOS PROFES 3\u00ba TRIMESTRE__preguntar ISA TERCER\u00a0 TRIMESTRE Anexo: PLANTAS Canci\u00f3n ESPOXIGA!! y Bichos fuera! Sesi\u00f3n 01: Instrumentos Musicales Asturianos Sesi\u00f3n 02: D\u00eda libro, \u00bfc\u00f3mo se hace un libro? Sesi\u00f3n 03:\u00a0 Paisajes Costa e Interior Sesi\u00f3n 04: Huerto, andecha y sestaferia Sesi\u00f3n 05: Museos y castros Sesi\u00f3n 06: Organizaci\u00f3n territorial Sesi\u00f3n 07: Fiestes de verano [&hellip;]<\/p>\n","protected":false},"author":117,"featured_media":0,"parent":1052,"menu_order":0,"comment_status":"closed","ping_status":"closed","template":"","meta":{"footnotes":""},"class_list":["post-3877","page","type-page","status-publish","hentry","post-preview"],"_links":{"self":[{"href":"https:\/\/edublog.educastur.es\/corredoria3\/wp-json\/wp\/v2\/pages\/3877","targetHints":{"allow":["GET"]}}],"collection":[{"href":"https:\/\/edublog.educastur.es\/corredoria3\/wp-json\/wp\/v2\/pages"}],"about":[{"href":"https:\/\/edublog.educastur.es\/corredoria3\/wp-json\/wp\/v2\/types\/page"}],"author":[{"embeddable":true,"href":"https:\/\/edublog.educastur.es\/corredoria3\/wp-json\/wp\/v2\/users\/117"}],"replies":[{"embeddable":true,"href":"https:\/\/edublog.educastur.es\/corredoria3\/wp-json\/wp\/v2\/comments?post=3877"}],"version-history":[{"count":16,"href":"https:\/\/edublog.educastur.es\/corredoria3\/wp-json\/wp\/v2\/pages\/3877\/revisions"}],"predecessor-version":[{"id":4630,"href":"https:\/\/edublog.educastur.es\/corredoria3\/wp-json\/wp\/v2\/pages\/3877\/revisions\/4630"}],"up":[{"embeddable":true,"href":"https:\/\/edublog.educastur.es\/corredoria3\/wp-json\/wp\/v2\/pages\/1052"}],"wp:attachment":[{"href":"https:\/\/edublog.educastur.es\/corredoria3\/wp-json\/wp\/v2\/media?parent=3877"}],"curies":[{"name":"wp","href":"https:\/\/api.w.org\/{rel}","templated":true}]}}