{"id":3920,"date":"2021-04-01T17:54:35","date_gmt":"2021-04-01T15:54:35","guid":{"rendered":"https:\/\/edublog.educastur.es\/corredoria3\/?page_id=3920"},"modified":"2021-04-10T19:19:36","modified_gmt":"2021-04-10T17:19:36","slug":"sesion-01","status":"publish","type":"page","link":"https:\/\/edublog.educastur.es\/corredoria3\/6o-pri\/cultura-asturiana\/3o-trimestre\/sesion-01\/","title":{"rendered":"Sesi\u00f3n 01"},"content":{"rendered":"<p style=\"text-align: center\"><a href=\"https:\/\/cdn.stayhappening.com\/events10\/banners\/7bd301f3014e341fece274d8ef16e838818931a1e81ecb7913ff452260d7c9f6-rimg-w720-h267-gmir.jpg?v=1615820504\"><img loading=\"lazy\" decoding=\"async\" class=\"alignleft\" src=\"https:\/\/cdn.stayhappening.com\/events10\/banners\/7bd301f3014e341fece274d8ef16e838818931a1e81ecb7913ff452260d7c9f6-rimg-w720-h267-gmir.jpg?v=1615820504\" alt=\"\" width=\"386\" height=\"143\" \/><\/a><\/p>\n<p>\/ <a href=\"https:\/\/twitter.com\/diacomicgratis\"><img loading=\"lazy\" decoding=\"async\" class=\"alignnone\" src=\"https:\/\/pbs.twimg.com\/profile_images\/690663658611941376\/GBhMIE1j_400x400.jpg\" alt=\"\" width=\"138\" height=\"138\" \/><\/a><\/p>\n<ul>\n<li><span style=\"font-size: 14pt\"><strong><span style=\"color: #008080\"><span style=\"font-size: 18pt\">D\u00eda Internacional del C\u00f3mic:<\/span> <\/span><\/strong><\/span><\/li>\n<li><span style=\"color: #008080\"><strong><span style=\"font-size: 14pt\">11 Marzo: D\u00eda del TBO o de la Historieta<\/span><\/strong><\/span>, la palabra \u201ctebeo\u201d que da nombre a las revistas de historietas, procede del t\u00edtulo de su cabecera.<\/li>\n<\/ul>\n<p><a href=\"https:\/\/i1.wp.com\/www.tomosygrapas.com\/wp-content\/uploads\/2016\/03\/TBO-De-todo-un-poco_1600.jpg\"><img loading=\"lazy\" decoding=\"async\" class=\"alignleft\" src=\"https:\/\/i1.wp.com\/www.tomosygrapas.com\/wp-content\/uploads\/2016\/03\/TBO-De-todo-un-poco_1600.jpg\" alt=\"\" width=\"200\" height=\"290\" \/><\/a><span style=\"font-size: 14pt;color: #808080\"><span style=\"color: #008080\"><i><b>TBO<\/b><\/i> fue una <a class=\"mw-redirect\" style=\"color: #008080;text-decoration: underline\" title=\"Revista de historieta\" href=\"https:\/\/es.wikipedia.org\/wiki\/Revista_de_historieta\">revista de historietas<\/a> <a style=\"color: #008080;text-decoration: underline\" title=\"Espa\u00f1a\" href=\"https:\/\/es.wikipedia.org\/wiki\/Espa%C3%B1a\">espa\u00f1ola<\/a> de periodicidad semanal que apareci\u00f3 en <a style=\"color: #008080;text-decoration: underline\" title=\"1917\" href=\"https:\/\/es.wikipedia.org\/wiki\/1917\">1917\u00a0<\/a><sup id=\"cite_ref-1\" class=\"reference separada\"><\/sup> y se public\u00f3, con interrupciones, hasta <a style=\"color: #008080;text-decoration: underline\" title=\"1998\" href=\"https:\/\/es.wikipedia.org\/wiki\/1998\">1998<\/a>.<\/span> Casi desde sus inicios, y hasta <a style=\"color: #808080;text-decoration: underline\" title=\"1983\" href=\"https:\/\/es.wikipedia.org\/wiki\/1983\">1983<\/a>, fue editada por los socios <a class=\"new\" style=\"color: #808080;text-decoration: underline\" title=\"Buigas, Estivill y Vi\u00f1a (a\u00fan no redactado)\" href=\"https:\/\/es.wikipedia.org\/w\/index.php?title=Buigas,_Estivill_y_Vi%C3%B1a&amp;action=edit&amp;redlink=1\">Buigas, Estivill y Vi\u00f1a<\/a>; en <a style=\"color: #808080;text-decoration: underline\" title=\"1986\" href=\"https:\/\/es.wikipedia.org\/wiki\/1986\">1986<\/a> por <a style=\"color: #808080;text-decoration: underline\" title=\"Editorial Bruguera\" href=\"https:\/\/es.wikipedia.org\/wiki\/Editorial_Bruguera\">Bruguera<\/a>, y entre <a style=\"color: #808080;text-decoration: underline\" title=\"1988\" href=\"https:\/\/es.wikipedia.org\/wiki\/1988\">1988<\/a> y <a style=\"color: #808080;text-decoration: underline\" title=\"1998\" href=\"https:\/\/es.wikipedia.org\/wiki\/1998\">1998<\/a> por <a style=\"color: #808080;text-decoration: underline\" title=\"Ediciones B\" href=\"https:\/\/es.wikipedia.org\/wiki\/Ediciones_B\">Ediciones B<\/a>.<\/span><\/p>\n<p><span style=\"font-size: 14pt;color: #808080\"><strong><span style=\"color: #008080\">La revista tuvo una gran importancia en la<\/span> <a class=\"mw-redirect\" style=\"color: #808080;text-decoration: underline\" title=\"Historia del c\u00f3mic espa\u00f1ol\" href=\"https:\/\/es.wikipedia.org\/wiki\/Historia_del_c%C3%B3mic_espa%C3%B1ol\">historia del c\u00f3mic espa\u00f1ol<\/a>, y fue la popularizadora del formato,<sup id=\"cite_ref-mart_2-0\" class=\"reference separada\"><a style=\"color: #808080;text-decoration: underline\" href=\"https:\/\/es.wikipedia.org\/wiki\/TBO#cite_note-mart-2\">2<\/a><\/sup>\u200b hasta el punto de <a style=\"color: #808080;text-decoration: underline\" title=\"Alf\u00f3nimo\" href=\"https:\/\/es.wikipedia.org\/wiki\/Alf%C3%B3nimo\">originar<\/a> el t\u00e9rmino \u00ab<a class=\"mw-redirect\" style=\"color: #808080;text-decoration: underline\" title=\"Tebeo\" href=\"https:\/\/es.wikipedia.org\/wiki\/Tebeo\">tebeo<\/a>\u00bb, que en Espa\u00f1a designa a la publicaci\u00f3n que contiene <a style=\"color: #808080;text-decoration: underline\" title=\"Historieta\" href=\"https:\/\/es.wikipedia.org\/wiki\/Historieta\">historietas<\/a>,<\/strong><sup id=\"cite_ref-3\" class=\"reference separada\"><a style=\"color: #808080;text-decoration: underline\" href=\"https:\/\/es.wikipedia.org\/wiki\/TBO#cite_note-3\">3<\/a><\/sup>\u200b y ha sido consagrado su uso en la edici\u00f3n de 1968 del <a class=\"mw-redirect\" style=\"color: #808080;text-decoration: underline\" title=\"Diccionario de la lengua espa\u00f1ola de la Real Academia Espa\u00f1ola\" href=\"https:\/\/es.wikipedia.org\/wiki\/Diccionario_de_la_lengua_espa%C3%B1ola_de_la_Real_Academia_Espa%C3%B1ola\">Diccionario de la lengua espa\u00f1ola de la Real Academia Espa\u00f1ola<\/a>.<sup id=\"cite_ref-4\" class=\"reference separada\"><a style=\"color: #808080;text-decoration: underline\" href=\"https:\/\/es.wikipedia.org\/wiki\/TBO#cite_note-4\">4<\/a><\/sup>\u200b Dirigida al p\u00fablico infantil-juvenil y due\u00f1a de un estilo propio de <a class=\"mw-redirect\" style=\"color: #808080;text-decoration: underline\" title=\"Historieta humor\u00edstica\" href=\"https:\/\/es.wikipedia.org\/wiki\/Historieta_humor%C3%ADstica\">historieta humor\u00edstica<\/a>, constituy\u00f3 una de las tres grandes escuelas de la <a class=\"mw-redirect\" style=\"color: #808080;text-decoration: underline\" title=\"Posguerra espa\u00f1ola\" href=\"https:\/\/es.wikipedia.org\/wiki\/Posguerra_espa%C3%B1ola\">posguerra espa\u00f1ola<\/a>, junto a la <a style=\"color: #808080;text-decoration: underline\" title=\"Escuela Bruguera\" href=\"https:\/\/es.wikipedia.org\/wiki\/Escuela_Bruguera\">Escuela Bruguera<\/a> y la <a class=\"mw-redirect\" style=\"color: #808080;text-decoration: underline\" title=\"Escuela Valenciana de c\u00f3mic\" href=\"https:\/\/es.wikipedia.org\/wiki\/Escuela_Valenciana_de_c%C3%B3mic\">Valenciana<\/a>.<\/span><\/p>\n<p><em><span style=\"color: #008080;font-size: 14pt\">2017: centenario de la revista TBO\u00a0\u00a0\u00a0 <img loading=\"lazy\" decoding=\"async\" class=\"alignnone size-full\" src=\"https:\/\/upload.wikimedia.org\/wikipedia\/commons\/4\/47\/TBO_%28logotip%29.jpg\" width=\"240\" height=\"98\" \/><br \/>\n<\/span><\/em><\/p>\n<p>&nbsp;<\/p>\n<hr \/>\n<ul>\n<li><span style=\"color: #008080;font-size: 18pt\"><strong> D\u00eda del C\u00f3mic gratis<\/strong><\/span> (2\u00bas\u00e1bado de mayo): <a href=\"https:\/\/twitter.com\/diacomicgratis\"><strong><span class=\"css-901oao css-16my406 r-poiln3 r-bcqeeo r-qvutc0\">@DiaComicGratis<\/span><\/strong><\/a> <a href=\"https:\/\/twitter.com\/diacomicgratis\">Twitter<\/a> <a href=\"https:\/\/es-es.facebook.com\/diacomicgratis\">\/ facebook<\/a> \/ <a href=\"http:\/\/www.diadelcomicgratis.com\/\">Web: http:\/\/www.diadelcomicgratis.com\/<\/a><\/li>\n<li>\n<h4 class=\"entry-title\"><a href=\"https:\/\/padresfrikis.com\/mejores-comics-para-ninos\/\">26 Mejores c\u00f3mics para ni\u00f1os de 4 a 12 a\u00f1os<\/a><\/h4>\n<\/li>\n<\/ul>\n<p><a href=\"https:\/\/4.bp.blogspot.com\/-gMKOJ5mX0zU\/WHt6KzXzgJI\/AAAAAAAAAwI\/5eTIGFdP1XY4oF3QSgEOmqHDlazfznCjwCLcB\/s1600\/3-globos-2.jpg\"><img loading=\"lazy\" decoding=\"async\" class=\"alignnone\" src=\"https:\/\/4.bp.blogspot.com\/-gMKOJ5mX0zU\/WHt6KzXzgJI\/AAAAAAAAAwI\/5eTIGFdP1XY4oF3QSgEOmqHDlazfznCjwCLcB\/s1600\/3-globos-2.jpg\" alt=\"\" width=\"285\" height=\"266\" \/><\/a>\/ <a href=\"https:\/\/i.pinimg.com\/originals\/b6\/84\/40\/b68440628ff5720a72ef180805b8efdd.jpg\"><img loading=\"lazy\" decoding=\"async\" class=\"alignnone\" src=\"https:\/\/i.pinimg.com\/originals\/b6\/84\/40\/b68440628ff5720a72ef180805b8efdd.jpg\" alt=\"\" width=\"304\" height=\"234\" \/><\/a><\/p>\n<p><a href=\"https:\/\/i.pinimg.com\/originals\/ec\/04\/29\/ec0429163ba40e1d6fc21d505c04dff3.jpg\"><img loading=\"lazy\" decoding=\"async\" class=\"alignnone\" src=\"https:\/\/i.pinimg.com\/originals\/ec\/04\/29\/ec0429163ba40e1d6fc21d505c04dff3.jpg\" alt=\"\" width=\"245\" height=\"332\" \/><\/a> \/ <a href=\"https:\/\/image.freepik.com\/vector-gratis\/bocadillos-dialogo-dibujados-mano-estilo-comic_23-2147558137.jpg\"><img loading=\"lazy\" decoding=\"async\" class=\"alignnone\" src=\"https:\/\/image.freepik.com\/vector-gratis\/bocadillos-dialogo-dibujados-mano-estilo-comic_23-2147558137.jpg\" alt=\"\" width=\"310\" height=\"310\" \/><\/a><\/p>\n<hr \/>\n<p><span style=\"font-size: 14pt\">El IBBY promueve desde 1967 la celebraci\u00f3n del <a href=\"https:\/\/edublog.educastur.es\/corredoria3\/2021\/04\/02\/dia-internacional-del-libro-infantil-y-juvenil-2021\/\"><strong>D\u00eda Internacional del Libro Infantil que se celebra el 2 de abril<\/strong> <\/a>(coincidiendo con la fecha de nacimiento de Hans Christian Andersen), con el \u00e1nimo de inspirar amor por los libros y la lectura y para llamar la atenci\u00f3n de la comunidad internacional sobre la literatura infantil y juvenil.<\/span><\/p>\n<ul>\n<li><a href=\"https:\/\/edublog.educastur.es\/corredoria3\/2021\/04\/02\/dia-internacional-del-libro-infantil-y-juvenil-2021\/\"><strong><em><span style=\"font-size: 18pt\">Art\u00edculo blog cole<\/span><\/em><\/strong><\/a><\/li>\n<\/ul>\n<hr \/>\n<p><em><span style=\"font-size: 14pt\">Hacer un c\u00f3mic es un <strong><span style=\"color: #008080\">recurso motivador para practicar la escritura y la expresi\u00f3n escrita<\/span><\/strong>. Constituye tambi\u00e9n una oportunidad estupenda de ejercitar la ortograf\u00eda y de usar los signos ortogr\u00e1ficos ( signos de exclamaci\u00f3n, de interrogaci\u00f3n, puntos suspensivos\u2026) que se suelen utilizar con frecuencia en este tipo de narraci\u00f3n.<\/span><\/em><\/p>\n<p><span style=\"font-size: 14pt\"><strong><span style=\"color: #800080\">1. \u00bfQu\u00e9 es un c\u00f3mic? <\/span><br \/>\n<\/strong><\/span><\/p>\n<p><span style=\"font-size: 14pt\">Un c\u00f3mic <span style=\"color: #008080\">es una serie o desarrollo de vi\u00f1etas con desarrollo narrativo.<\/span> Tambi\u00e9n se puede definir como relato gr\u00e1fico breve y entretenido que consta principalmente de <span style=\"color: #008080\">dibujos encuadrados en vi\u00f1etas y que encierra los di\u00e1logos o pensamientos escritos de sus personajes en una especie de \u201cburbuja\u201d.<\/span><\/span><br \/>\n<span style=\"font-size: 14pt\">Los c\u00f3mics <strong><span style=\"text-decoration: underline\">tambi\u00e9n reciben el nombre de historietas<\/span><\/strong>. Existen c\u00f3mics mudos, que constan s\u00f3lo de im\u00e1genes, tan expresivas, que no necesitan palabras para ser entendidos.<\/span><\/p>\n<p><span style=\"font-size: 14pt;color: #800080\"><strong>2. Ventajas de los c\u00f3mics. <\/strong><\/span><span style=\"font-size: 14pt\">Que aporta la realizaci\u00f3n de c\u00f3mics en el aula:<\/span><\/p>\n<p><span style=\"font-size: 14pt\">\u2013 <strong>Es un material breve, sencillo y accesible para los ni\u00f1os\/as.<br \/>\n<\/strong><\/span><span style=\"font-size: 14pt\">\u2013 <strong>Sus temas son del inter\u00e9s de los ni\u00f1os<\/strong> y f\u00e1cilmente tratables en la clase.<br \/>\n<\/span><span style=\"font-size: 14pt\">\u2013\u00a0 <strong>El soporte gr\u00e1fico de que constan facilita la lectura comprensiva<br \/>\n<\/strong><\/span><span style=\"font-size: 14pt\">\u2013 <strong>Promueve el desarrollo de capacidades<\/strong> como la comprensi\u00f3n,<br \/>\nla interpretaci\u00f3n, la s\u00edntesis, la indagaci\u00f3n, el sentido temporal y espacial.<br \/>\n<\/span><span style=\"font-size: 14pt\">\u2013 <strong>Crea un ambiente ameno en la clase.<br \/>\n<\/strong><\/span><span style=\"font-size: 14pt\">&#8211;<strong>Es una fuente de motivaci\u00f3n para los alumnos<\/strong>,<br \/>\npor su lectura f\u00e1cil y amena y por su sentido del humor.<\/span><\/p>\n<p><span style=\"font-size: 14pt;color: #800080\"><strong>3. \u00bfC\u00f3mo hacer un c\u00f3mic?\u00a0 <\/strong><\/span><span style=\"font-size: 14pt\">(<em>\u201c<a href=\"https:\/\/webdelmaestro.com\/wp-content\/uploads\/2016\/10\/Como-hacer-un-c\u00f3mic-1.pdf\">DESCARGA AQU\u00cd Como-hacer-un-comic-1<\/a>\u201d<\/em>)<br \/>\nVER <span style=\"font-size: 18pt\"><a href=\"https:\/\/webdelmaestro.com\/como-hacer-un-comic\/\"><strong>M\u00e1s modelos&#8230;<\/strong><\/a><\/span><br \/>\n<\/span><\/p>\n<p><em><span style=\"font-size: 14pt\"><strong>1-<\/strong> Observa despacio las<span style=\"color: #008080\"> ilustraciones mudas del c\u00f3mic que tienes delante<\/span>.<br \/>\nDa rienda suelta a tu imaginaci\u00f3n para tejer la historia que vas a escribir.<br \/>\nPara ayudarte puedes <span style=\"color: #008080\">inventar y redactar el texto<\/span> que te sugieren las ilustraciones en tu cuaderno.<\/span><\/em><\/p>\n<p><em><span style=\"font-size: 14pt\"><strong>2-<\/strong> <span style=\"color: #008080\">Pon un t\u00edtulo al c\u00f3mic<\/span> y selecciona el texto apropiado para cada vi\u00f1eta.<\/span><\/em><\/p>\n<p><em><span style=\"font-size: 14pt\"><strong>3-<\/strong> E<span style=\"color: #008080\">scribe el texto en cada bocadillo.<\/span><br \/>\nNo olvides utilizar los signos de puntuaci\u00f3n adecuados en cada caso.<br \/>\nAl escribir el texto puedes utilizar nombres humor\u00edsticos, comparaciones, iron\u00edas, etc\u2026<\/span><\/em><\/p>\n<p><em><span style=\"font-size: 14pt\"><strong>4-<\/strong> <span style=\"color: #008080\">Cuenta la historia que has inventado en un tono humor\u00edstico<\/span> utilizando tus propias palabras.<\/span><\/em><\/p>\n<p><em><span style=\"font-size: 14pt\"><strong>5-<\/strong> <span style=\"color: #008080\">Colorea los dibujos del c\u00f3mic.<br \/>\n<\/span><\/span><\/em><em><span style=\"font-size: 14pt\"><strong>6-<\/strong> <span style=\"color: #008080\">No olvides firmar al final del c\u00f3mic<\/span>, puesto que t\u00fa eres su autor<\/span><\/em><\/p>\n<p style=\"text-align: center\">\n<!-- iframe plugin v.6.0 wordpress.org\/plugins\/iframe\/ -->\n<iframe loading=\"lazy\" width=\"100%\" height=\"364\" src=\"https:\/\/www.youtube.com\/embed\/CZB5ISABsVo\" scrolling=\"yes\" class=\"iframe-class\" frameborder=\"0\"><\/iframe>\n<\/p>\n<p style=\"text-align: center\">\n<!-- iframe plugin v.6.0 wordpress.org\/plugins\/iframe\/ -->\n<iframe loading=\"lazy\" width=\"100%\" height=\"364\" src=\"https:\/\/www.youtube.com\/embed\/WC1DTyh0ZHs\" scrolling=\"yes\" class=\"iframe-class\" frameborder=\"0\"><\/iframe>\n<\/p>\n<hr \/>\n<ul>\n<li><a href=\"https:\/\/edublog.educastur.es\/ixuxu\/comics\/vinetes-defren-dandres\/\"><em><span style=\"font-size: 24pt\">Vi\u00f1etes d\u00b4<strong>Efr\u00e9n d\u00b4Andr\u00e9s<\/strong> n\u00b4asturianu: <strong>VER<\/strong><\/span><\/em><\/a><\/li>\n<\/ul>\n<hr \/>\n<p><span style=\"font-size: 14pt\">Nesti proyectu, l\u2019historietista<strong><span style=\"color: #008080\"> Ruma Barbero<\/span><\/strong> va amosar el procesu creativu d\u2019un autor de c\u00f3mic al xeitu tradicional (<strong>gui\u00f3n, bocetu, dibuxu, rotulaci\u00f3n, color, entint\u00e1u<\/strong>), am\u00e1s de proponer una pr\u00e1ctica y\u00e1 desendolcada en munchos tallerinos de c\u00f3mic y que furrula perfectamente pa moces y mozos dende los 10 a\u00f1os hasta persones adultes.<\/span><\/p>\n<p style=\"text-align: center\">\n<!-- iframe plugin v.6.0 wordpress.org\/plugins\/iframe\/ -->\n<iframe loading=\"lazy\" width=\"100%\" height=\"364\" src=\"https:\/\/www.youtube.com\/embed\/S5Sjhfqu-_M\" scrolling=\"yes\" class=\"iframe-class\" frameborder=\"0\"><\/iframe>\n<\/p>\n<p style=\"text-align: center\"><span style=\"font-size: 18pt\"><em><b><span style=\"color: #008080\">Ruma<\/span>ldo Ant\u00f3n <span style=\"color: #008080\">Barbero<\/span> de Diego<\/b> <\/em><br \/>\n<em>Xix\u00f3n, 3 de febreru de 1971<\/em> <\/span><\/p>\n<ul>\n<li><span style=\"font-size: 18pt\"><em>Ye un <a class=\"new\" title=\"Dibuxante (la p\u00e1xina nun esiste)\" href=\"https:\/\/ast.wikipedia.org\/w\/index.php?title=Dibuxante&amp;action=edit&amp;redlink=1\">dibuxante<\/a> <a class=\"mw-redirect\" title=\"Asturies\" href=\"https:\/\/ast.wikipedia.org\/wiki\/Asturies\">asturianu<\/a> de <a title=\"C\u00f3mic\" href=\"https:\/\/ast.wikipedia.org\/wiki\/C%C3%B3mic\">c\u00f3mic<\/a> y <a title=\"M\u00fasicu\" href=\"https:\/\/ast.wikipedia.org\/wiki\/M%C3%BAsicu\">m\u00fasicu<\/a>.\u00a0<\/em><\/span><\/li>\n<li><em><span style=\"font-size: 14pt\">Ente <a title=\"1990\" href=\"https:\/\/ast.wikipedia.org\/wiki\/1990\">1990<\/a> y <a title=\"1995\" href=\"https:\/\/ast.wikipedia.org\/wiki\/1995\">1995<\/a> algama la llicenciatura en \u00abBelles Artes\u00bb. <\/span><\/em><\/li>\n<li><em><span style=\"font-size: 14pt\">1991:\u00a0 fundador del grupu musical <a href=\"https:\/\/www.youtube.com\/watch?v=0mdo9rfhQR8\"><strong><span style=\"font-size: 18pt\">Felpeyu<\/span><\/strong> <\/a>xunto col tami\u00e9n dibuxante <a class=\"new\" title=\"Igor Medio (la p\u00e1xina nun esiste)\" href=\"https:\/\/ast.wikipedia.org\/w\/index.php?title=Igor_Medio&amp;action=edit&amp;redlink=1\">Igor Medio<\/a><\/span><\/em><\/li>\n<li><em><span style=\"font-size: 14pt\">Tami\u00e9n collabor\u00f3 nel tarr\u00e9n musical col grupu <a class=\"new\" title=\"Los Ciquitrinos (la p\u00e1xina nun esiste)\" href=\"https:\/\/ast.wikipedia.org\/w\/index.php?title=Los_Ciquitrinos&amp;action=edit&amp;redlink=1\">Los Ciquitrinos<\/a>.<\/span><\/em><\/li>\n<li><em><span style=\"font-size: 14pt\">1996 Cofundador de la editorial \u00abCactus Comics\u00bb<\/span><\/em><\/li>\n<li><em><span style=\"font-size: 14pt\">Collabor\u00f3 cola revista <a title=\"El Llapiceru\" href=\"https:\/\/ast.wikipedia.org\/wiki\/El_Llapiceru\">El Llapiceru<\/a> y nel peri\u00f3dicu <a title=\"Les Noticies\" href=\"https:\/\/ast.wikipedia.org\/wiki\/Les_Noticies\">Les Noticies<\/a> con una <a class=\"mw-redirect\" title=\"Tira c\u00f3mica\" href=\"https:\/\/ast.wikipedia.org\/wiki\/Tira_c%C3%B3mica\">tira<\/a> dando la so peculiar visi\u00f3n de l&#8217;actualid\u00e1 asturiana titulada Marcianaes. <\/span><\/em><\/li>\n<li><em><span style=\"font-size: 14pt\">Collaboraciones col diariu xixon\u00e9s <a title=\"El Comercio\" href=\"https:\/\/ast.wikipedia.org\/wiki\/El_Comercio\">El Comercio<\/a>.<\/span><\/em><\/li>\n<li><span style=\"font-size: 18pt\"><a href=\"https:\/\/www.facebook.com\/Ruma-Barbero-1631504797119420\/\"><span style=\"color: #008080\"><strong>Facebook<\/strong><\/span><\/a> \/ <strong><a href=\"https:\/\/twitter.com\/search?q=ruma%20barbero&amp;src=typed_query\">Noticies en Twitter<\/a><\/strong> \/ <a href=\"https:\/\/www.flickr.com\/photos\/rumabarberodediego\/albums?fbclid=IwAR3744Y2SRjfy6qZWqIQNG1BtfEyjnvOsQoUGz-ZEC7Q86eTF1tRBfm8J6c\"><span style=\"color: #008080\"><strong>Flick<\/strong><\/span><\/a> \/\u00a0 <\/span><\/li>\n<\/ul>\n<hr \/>\n<p><img loading=\"lazy\" decoding=\"async\" class=\"alignleft\" src=\"https:\/\/www.infoasturies.com\/wp-content\/uploads\/2019\/10\/ruma.jpg\" width=\"205\" height=\"205\" \/>\u00a0<span style=\"font-size: 14pt\">En 2019 , Ruma Barbero vuelve a ganar el concurso de c\u00f3mic en asturiano,<\/span><\/p>\n<p><span style=\"font-size: 14pt\"> Su <strong><span style=\"color: #008080\">tercer Premio Alfonso Iglesias de c\u00f3mic<\/span> en lengua asturiana <\/strong><strong>consagra al autor en la cumbre del c\u00f3mic asturiano del momento<\/strong><\/span><\/p>\n<p><a href=\"https:\/\/asturies.com\/sites\/default\/files\/styles\/large\/public\/taller_de_comic_nasturianu_en_llanera_con_ruma_barbero.jpg?itok=WGP80WZn\"><img loading=\"lazy\" decoding=\"async\" class=\"alignnone\" src=\"https:\/\/asturies.com\/sites\/default\/files\/styles\/large\/public\/taller_de_comic_nasturianu_en_llanera_con_ruma_barbero.jpg?itok=WGP80WZn\" alt=\"\" width=\"172\" height=\"243\" \/><\/a> \/\u00a0 <a href=\"https:\/\/static2.elcomercio.es\/www\/pre2017\/multimedia\/prensa\/noticias\/201011\/22\/fotos\/5077783.jpg\"><img loading=\"lazy\" decoding=\"async\" class=\"alignnone\" src=\"https:\/\/static2.elcomercio.es\/www\/pre2017\/multimedia\/prensa\/noticias\/201011\/22\/fotos\/5077783.jpg\" alt=\"\" width=\"150\" height=\"240\" \/><\/a>\/\u00a0 <a href=\"https:\/\/static.elcomercio.es\/www\/multimedia\/202002\/28\/media\/cortadas\/53371775--624x380.JPG\"><img loading=\"lazy\" decoding=\"async\" class=\"alignnone\" src=\"https:\/\/static.elcomercio.es\/www\/multimedia\/202002\/28\/media\/cortadas\/53371775--624x380.JPG\" alt=\"\" width=\"281\" height=\"171\" \/><\/a><\/p>\n<ul>\n<li><span style=\"font-size: 14pt\"><a href=\"https:\/\/www.elcomercio.es\/culturas\/dibujar-forma-natural-20200228001642-ntvo.html\">Noticia El Comercio \/<\/a><\/span><\/li>\n<li><span style=\"font-size: 14pt\"><a href=\"https:\/\/moyandolculu.com\/author\/rumaldobarbero\/\">Web <strong>Moyando\u00b4l culu<\/strong><\/a> \/<\/span><\/li>\n<li><strong><span style=\"font-size: 18pt\"><a href=\"https:\/\/edublog.educastur.es\/ixuxu\/comics\/7-maraviyes-de-xixon\/\">VER: Les 7 maraviyes de Xix\u00f3n<\/a> \/ <\/span><a href=\"https:\/\/drive.google.com\/file\/d\/1S8hpUU8mGcLdfxEImy89mVIqopIHcsvd\/view\"><span style=\"font-size: 14pt\"><span style=\"font-size: 18pt\">COMIC<\/span><\/span><\/a><\/strong><\/li>\n<\/ul>\n<p style=\"text-align: center\">\n<!-- iframe plugin v.6.0 wordpress.org\/plugins\/iframe\/ -->\n<iframe loading=\"lazy\" src=\"https:\/\/drive.google.com\/file\/d\/1S8hpUU8mGcLdfxEImy89mVIqopIHcsvd\/preview\" width=\"640\" height=\"860\" 0=\"\/iframe\" scrolling=\"yes\" class=\"iframe-class\" frameborder=\"0\"><\/iframe>\n<\/p>\n<p><a href=\"https:\/\/moyandolculu.files.wordpress.com\/2016\/09\/077_moyandol_culu15setiembre.jpg\"><img loading=\"lazy\" decoding=\"async\" class=\"aligncenter\" src=\"https:\/\/moyandolculu.files.wordpress.com\/2016\/09\/077_moyandol_culu15setiembre.jpg\" alt=\"\" width=\"1191\" height=\"485\" \/><\/a><\/p>\n<p style=\"text-align: center\"><a href=\"https:\/\/moyandolculu.files.wordpress.com\/2016\/09\/076_moyandol_culu14setiembre.jpg\"><img loading=\"lazy\" decoding=\"async\" class=\"alignnone\" src=\"https:\/\/moyandolculu.files.wordpress.com\/2016\/09\/076_moyandol_culu14setiembre.jpg\" alt=\"\" width=\"1191\" height=\"485\" \/><\/a><\/p>\n<p><em><span style=\"font-size: 14pt\">Ha recibido numerosos premios por su trabajo como historietista, entre ellos el <span style=\"color: #008080\"><strong>Premio Tertulia Malory al mejor libro en lengua asturiana<\/strong><\/span> por La Chelita y <span style=\"color: #008080\"><strong>tres premios Alfonso Iglesias de c\u00f3mic en lengua asturiana<\/strong><\/span> por Manzaj\u00fa, <a href=\"https:\/\/www.youtube.com\/watch?v=txFHbeFrMr0\"><strong>El viaxe a la lluz<\/strong><\/a> y <strong>Seltegu<\/strong>.<\/span><\/em><\/p>\n<p style=\"text-align: center\">\n<!-- iframe plugin v.6.0 wordpress.org\/plugins\/iframe\/ -->\n<iframe loading=\"lazy\" width=\"100%\" height=\"364\" src=\"https:\/\/www.youtube.com\/embed\/txFHbeFrMr0\" scrolling=\"yes\" class=\"iframe-class\" frameborder=\"0\"><\/iframe>\n<\/p>\n<ul>\n<li>\n<blockquote><p><span style=\"font-size: 14pt;color: #008080\"><strong>El dibuxu ye la mio forma de comunicame en solitariu<\/strong><\/span><\/p><\/blockquote>\n<\/li>\n<\/ul>\n<section class=\"rd-post-content\"><\/section>\n","protected":false},"excerpt":{"rendered":"<p>\/ D\u00eda Internacional del C\u00f3mic: 11 Marzo: D\u00eda del TBO o de la Historieta, la palabra \u201ctebeo\u201d que da nombre a las revistas de historietas, procede del t\u00edtulo de su cabecera. TBO fue una revista de historietas espa\u00f1ola de periodicidad semanal que apareci\u00f3 en 1917\u00a0 y se public\u00f3, con interrupciones, hasta 1998. Casi desde sus [&hellip;]<\/p>\n","protected":false},"author":117,"featured_media":0,"parent":3883,"menu_order":0,"comment_status":"closed","ping_status":"closed","template":"","meta":{"footnotes":""},"class_list":["post-3920","page","type-page","status-publish","hentry","post-preview"],"_links":{"self":[{"href":"https:\/\/edublog.educastur.es\/corredoria3\/wp-json\/wp\/v2\/pages\/3920","targetHints":{"allow":["GET"]}}],"collection":[{"href":"https:\/\/edublog.educastur.es\/corredoria3\/wp-json\/wp\/v2\/pages"}],"about":[{"href":"https:\/\/edublog.educastur.es\/corredoria3\/wp-json\/wp\/v2\/types\/page"}],"author":[{"embeddable":true,"href":"https:\/\/edublog.educastur.es\/corredoria3\/wp-json\/wp\/v2\/users\/117"}],"replies":[{"embeddable":true,"href":"https:\/\/edublog.educastur.es\/corredoria3\/wp-json\/wp\/v2\/comments?post=3920"}],"version-history":[{"count":15,"href":"https:\/\/edublog.educastur.es\/corredoria3\/wp-json\/wp\/v2\/pages\/3920\/revisions"}],"predecessor-version":[{"id":4082,"href":"https:\/\/edublog.educastur.es\/corredoria3\/wp-json\/wp\/v2\/pages\/3920\/revisions\/4082"}],"up":[{"embeddable":true,"href":"https:\/\/edublog.educastur.es\/corredoria3\/wp-json\/wp\/v2\/pages\/3883"}],"wp:attachment":[{"href":"https:\/\/edublog.educastur.es\/corredoria3\/wp-json\/wp\/v2\/media?parent=3920"}],"curies":[{"name":"wp","href":"https:\/\/api.w.org\/{rel}","templated":true}]}}