{"id":3960,"date":"2021-04-01T17:59:24","date_gmt":"2021-04-01T15:59:24","guid":{"rendered":"https:\/\/edublog.educastur.es\/corredoria3\/?page_id=3960"},"modified":"2021-05-07T16:37:59","modified_gmt":"2021-05-07T14:37:59","slug":"sesion-05","status":"publish","type":"page","link":"https:\/\/edublog.educastur.es\/corredoria3\/6o-pri\/cultura-asturiana\/3o-trimestre\/sesion-05\/","title":{"rendered":"Sesi\u00f3n 05"},"content":{"rendered":"<p style=\"text-align: center\"><a href=\"https:\/\/www.educastur.es\/documents\/10531\/8878222\/2021_Cartel+42+Selmana+de+les+Lletres+Asturianes.jpg\/803dc240-0bf3-4edb-a2c5-822a716d5aa5?t=1619784098435\"><img loading=\"lazy\" decoding=\"async\" class=\"alignnone\" src=\"https:\/\/www.educastur.es\/documents\/10531\/8878222\/2021_Cartel+42+Selmana+de+les+Lletres+Asturianes.jpg\/803dc240-0bf3-4edb-a2c5-822a716d5aa5?t=1619784098435\" alt=\"\" width=\"298\" height=\"417\" \/><\/a><\/p>\n<p><span style=\"color: #008080\"><strong>La <b>Selmana de les Lletres Asturianes<\/b> vien celebr\u00e1ndose, como eventu institucional, dende <a style=\"color: #008080\" title=\"1980\" href=\"https:\/\/ast.wikipedia.org\/wiki\/1980\">1980<\/a> coincidiendo cola primer selmana del mes de mayu. Sol\u00eda tar consagrada a un autor o autora importante de la lliteratura asturiana.<\/strong><\/span><\/p>\n<p style=\"text-align: center\">\n<!-- iframe plugin v.6.0 wordpress.org\/plugins\/iframe\/ -->\n<iframe loading=\"lazy\" src=\"https:\/\/www.facebook.com\/plugins\/video.php?height=314&#038;href=https%3A%2F%2Fwww.facebook.com%2Fselmana.lletresasturianes%2Fvideos%2F1674418862761443%2F&#038;show_text=true&#038;width=560\" width=\"560\" height=\"429\" 0=\"\/iframe\" scrolling=\"yes\" class=\"iframe-class\" frameborder=\"0\"><\/iframe>\n<\/p>\n<p><strong>La 42 Selmana de les Lletres Asturianes<\/strong> cel\u00e9brase ente\u2019l 3 y 7 de mayu pr\u00f3ximos baxo\u2019l lema <span style=\"color: #008080\"><strong>\u2018Nel Amaro, la voz comprometida\u2019<\/strong> <\/span>y rinde homenaxe al escritor y artista mierense coincidiendo colos diez a\u00f1os de la so muerte. La programaci\u00f3n xira alredor de l\u2019activid\u00e1 creadora d\u2019Amaro y reivindica la so figura humana y art\u00edstica con un documental, dos publicaciones y dos esposiciones.<\/p>\n<ul>\n<li><a href=\"https:\/\/view.genial.ly\/60755b1e4402f20d4fd0fb27\/presentation-nel-amaro?fbclid=IwAR112qJiBIU6CO-cU3aLnKJYAX7iVtRDCvhVm6TDwZiBeeZ9ILYSQmxYIgg\">Genial.ly IXIX\u00d3N<\/a><\/li>\n<\/ul>\n<p><span class=\"d2edcug0 hpfvmrgz qv66sw1b c1et5uql lr9zc1uh a8c37x1j keod5gw0 nxhoafnm aigsh9s9 d3f4x2em fe6kdd0r mau55g9w c8b282yb iv3no6db jq4qci2q a3bd9o3v knj5qynh oo9gr5id hzawbc8m\" dir=\"auto\">Esti a\u00f1u cel\u00e9brase baxo&#8217;l lema <strong><em>&#8216;Nel Amaro, la voz comprometida&#8217;<\/em> <\/strong>y rinde homenaxe al escritor y artista mierense coindiciendo colos diez a\u00f1os de la so muerte.<\/span><\/p>\n<p style=\"text-align: center\">\n<!-- iframe plugin v.6.0 wordpress.org\/plugins\/iframe\/ -->\n<iframe loading=\"lazy\" frameborder=\"0\" width=\"600px\" height=\"338px\" src=\"https:\/\/view.genial.ly\/60755b1e4402f20d4fd0fb27\" type=\"text\/html\" allowscriptaccess=\"always\" allowfullscreen=\"true\" scrolling=\"yes\" allownetworking=\"all\" 0=\"\/iframe\" class=\"iframe-class\"><\/iframe>\n<\/p>\n<ul>\n<li><a href=\"https:\/\/www.facebook.com\/ofillin\">Fonte: Oficina Normalizaci\u00f3n Lling\u00fc\u00edstica de Xix\u00f3n<\/a><\/li>\n<\/ul>\n<p><strong>La Selmana\u00a0 de les Lletres Asturianes <\/strong>honra esti a\u00f1u a Nel Amaro (Quentuserr\u00f3n, Mieres, 1946 &#8211; Uvi\u00e9u, 2011).<a href=\"https:\/\/www.lne.es\/sociedad\/2011\/04\/05\/muere-64-anos-nel-amaro-21124637.html\"> Noticia muerte.<\/a><br \/>\n<span style=\"color: #008080\"><strong>C\u00famplense 10 a\u00f1os de la so muerte<\/strong><\/span><\/p>\n<p>Nel Amaro ye \u00fan de los escritores m\u00e1s carism\u00e1ticos y m\u00e1s quer\u00edos de les lletres asturianes. Escribi\u00f3 tanto en castell\u00e1n como n\u2019asturianu, foi \u00fan de los reivindicadores pioneros de la llingua asturiana y \u00fan de los protagonistes del Surdimientu.<\/p>\n<ul>\n<li><a href=\"https:\/\/www.google.com\/search?source=univ&amp;tbm=isch&amp;q=nel+amaro&amp;client=firefox-b-d&amp;sa=X&amp;ved=2ahUKEwjLqoiflqvwAhWL4IUKHcrqCsUQiR56BAgVEAI&amp;biw=1536&amp;bih=694\">Im\u00e1xenes de Nel<\/a><\/li>\n<li><a href=\"http:\/\/www.mostowa2.net\/mostowa2\/elsilenciodenelamaro2.html\">M\u00e1s im\u00e1xenes<\/a><\/li>\n<\/ul>\n<p><a href=\"http:\/\/1.bp.blogspot.com\/-7Fg7_10VPe8\/VBLfpKb2cEI\/AAAAAAAAStQ\/eCuu2PvHV_Q\/s1600\/PSDGM.%2BNel%2BAmaro.jpg\"><img loading=\"lazy\" decoding=\"async\" class=\"alignnone\" src=\"http:\/\/1.bp.blogspot.com\/-7Fg7_10VPe8\/VBLfpKb2cEI\/AAAAAAAAStQ\/eCuu2PvHV_Q\/s1600\/PSDGM.%2BNel%2BAmaro.jpg\" alt=\"\" width=\"270\" height=\"202\" \/><\/a>\/<\/p>\n<p><img loading=\"lazy\" decoding=\"async\" class=\"alignnone \" src=\"http:\/\/www.elvalledeturon.net\/turonpedia\/nel-amaro.jpg\/image_preview\" width=\"200\" height=\"211\" \/>\/<\/p>\n<ul>\n<li><a href=\"https:\/\/www.lne.es\/cuencas\/2020\/03\/17\/nel-amaro-poeta-primera-persona-20373288.html\">LNE: Nel Amaro, poeta en primera persona<\/a><\/li>\n<\/ul>\n<p>Trabay\u00f3 como carteru en <strong>Correos y Tel\u00e9grafos<\/strong> hasta que perdi\u00f3\u2019l puestu, a mediaos de los a\u00f1os 70.<\/p>\n<p>Dramaturgo, novelista, promotor de revistas, poeta visual y, sobre todas las cosas, agitador cultural, Nel Amaro, tambi\u00e9n colaborador de LA NUEVA ESPA\u00d1A, fue uno de los pioneros en la reivindicaci\u00f3n de la lengua asturiana, uno de los protagonistas del Surdimientu.<\/p>\n<p>Amaro destac\u00f3 pol so carisma y fuercia creativa como autor en diferentes x\u00e9neros y como entamador de propuestes culturales variaes: fancinos, revistes o antolox\u00edes. Nes sos creaciones lliteraries reflexona sobre la poes\u00eda del so momentu y ye\u2019l primeru n\u2019escribir teatru nuevu.<\/p>\n<p>Nos \u00faltimos a\u00f1os de la so trayectoria, llev\u00e1u pola so faceta d\u2019artista multidisciplinar trat\u00f3 x\u00e9neros como\u2019l mail-art, la poes\u00eda visual, performances o\u2019l videu arte. Am\u00e1s, cre\u00f3 colectivos unipersonales como Espaciu Arte Esc\u00e9ntricu, Fundiziom Malevich, ONG performers sin fronteras o la Fundaci\u00f3n Perrunosituacionista Lazslo Kovacs.<\/p>\n<p style=\"text-align: center\"><a href=\"https:\/\/www.nortes.me\/wp-content\/uploads\/2021\/05\/Nel-pulgu-1.jpg\"><img loading=\"lazy\" decoding=\"async\" class=\"alignnone\" src=\"https:\/\/www.nortes.me\/wp-content\/uploads\/2021\/05\/Nel-pulgu-1.jpg\" alt=\"\" width=\"1024\" height=\"768\" \/><\/a><\/p>\n<p>Aunque en los \u00faltimos a\u00f1os de su vida, su trabajo creativo se centraba en la poes\u00eda visual y en las performances, Nel Amaro se inici\u00f3 como autor teatral, primero en espa\u00f1ol y m\u00e1s tarde en asturiano.<\/p>\n<p>Altern\u00f3\u2019l castellanu col asturianu como lling\u00fces de comunicaci\u00f3n y de creaci\u00f3n, pas\u00f3 a formar parte del colectivu de recuperaci\u00f3n y reivindicaci\u00f3n lling\u00fc\u00edstica <strong>Conceyu Bable<\/strong> y convirti\u00f3se en miembru de n\u00famberu de l\u2019<strong>Academia de la Llingua Asturiana<\/strong>.<\/p>\n<ul>\n<li><a href=\"https:\/\/es.wikipedia.org\/wiki\/Nel_Amaro\">Wiki: Nel Amaro<\/a><\/li>\n<\/ul>\n<p><b>Nel Amaro<\/b>, seud\u00f3nimo de <b>Manuel Amaro Fern\u00e1ndez \u00c1lvarez<\/b> (<a class=\"new\" title=\"Quentuserr\u00f3n (a\u00fan no redactado)\" href=\"https:\/\/es.wikipedia.org\/w\/index.php?title=Quentuserr%C3%B3n&amp;action=edit&amp;redlink=1\">Quentuserr\u00f3n<\/a>, <a class=\"mw-redirect\" title=\"Mieres del Cam\u00edn\" href=\"https:\/\/es.wikipedia.org\/wiki\/Mieres_del_Cam%C3%ADn\">Mieres del Cam\u00edn<\/a>; <a title=\"24 de diciembre\" href=\"https:\/\/es.wikipedia.org\/wiki\/24_de_diciembre\">24 de diciembre<\/a> de <a title=\"1946\" href=\"https:\/\/es.wikipedia.org\/wiki\/1946\">1946<\/a>&#8211;<a title=\"Oviedo\" href=\"https:\/\/es.wikipedia.org\/wiki\/Oviedo\">Oviedo<\/a>, <a title=\"4 de abril\" href=\"https:\/\/es.wikipedia.org\/wiki\/4_de_abril\">4 de abril<\/a> de <a title=\"2011\" href=\"https:\/\/es.wikipedia.org\/wiki\/2011\">2011<\/a>) fue un escritor asturiano y antiguo miembro de n\u00famero de la <a title=\"\" href=\"https:\/\/es.wikipedia.org\/wiki\/Academia_de_la_Lengua_Asturiana\">Academia de la Lengua Asturiana<\/a>.<\/p>\n<p>Preso pol\u00edtico al final del franquismo. <span style=\"color: #008080\"><strong>Nel Amaro public\u00f3 libros de poemas, novelas, teatro, ensayos, c\u00f3mics, cuentos y art\u00edculos.<\/strong><\/span> Por medio del uso del <i>asturianu<\/i>, su literatura dejaba testimonio de la problem\u00e1tica social que, entonces y ahora, viven las cuencas mineras asturianas.<\/p>\n<p><span style=\"font-size: 14pt;color: #333399\"><em>Los mios g\u00fcelos foron mineros<br \/>\n<\/em><em>mineros foron los mios hermanos<br \/>\n<\/em><em> y tami\u00e9n foi mineru mio p\u00e1<br \/>\nque dexaron toos les sos vides<br \/>\narrincando\u2019l carb\u00f3n. <\/em><\/span><\/p>\n<p><span style=\"font-size: 14pt;color: #333399\"><em>\u00a0Ye polo que camiento angua\u00f1o<br \/>\nqu\u2019alg\u00fan fallu hebo producise<br \/>\nnel mio c\u00f3digu xen\u00e9ticu<br \/>\npa finar asina<br \/>\nescribiendo poemes<\/em>. <\/span><\/p>\n<p><span style=\"color: #008080\"><strong>Poeta, novelista y dramaturgo, escribe en castellano y en asturiano.<\/strong> <\/span>Tambi\u00e9n se ha dedicado al performance y la poes\u00eda visual.<a href=\"https:\/\/issuu.com\/boek861\/docs\/nel_amaro\"><span style=\"font-size: 14pt\"><strong>Issuu Poes\u00eda Visual<\/strong><\/span><\/a><\/p>\n<p>Seguidor de <a title=\"Joan Brossa\" href=\"https:\/\/es.wikipedia.org\/wiki\/Joan_Brossa\">Joan Brossa<\/a> y de Valc\u00e1rcel Medina, premio nacional de artes pl\u00e1sticas. Con continuadores o compa\u00f1eros artistas experimentales en Asturias como <a class=\"new\" title=\"\u00c1ngel Nava (a\u00fan no redactado)\" href=\"https:\/\/es.wikipedia.org\/w\/index.php?title=%C3%81ngel_Nava&amp;action=edit&amp;redlink=1\">\u00c1ngel Nava<\/a> y <a class=\"new\" title=\"Cuco Su\u00e1rez (a\u00fan no redactado)\" href=\"https:\/\/es.wikipedia.org\/w\/index.php?title=Cuco_Su%C3%A1rez&amp;action=edit&amp;redlink=1\">Cuco Su\u00e1rez<\/a>, o el actor y director teatral <a class=\"new\" title=\"Jos\u00e9 Rico (a\u00fan no redactado)\" href=\"https:\/\/es.wikipedia.org\/w\/index.php?title=Jos%C3%A9_Rico&amp;action=edit&amp;redlink=1\">Jos\u00e9 Rico<\/a>, o el escritor y poeta <a title=\"Jos\u00e9 Luis Campal\" href=\"https:\/\/es.wikipedia.org\/wiki\/Jos%C3%A9_Luis_Campal\">Jos\u00e9 Luis Campal<\/a>.<\/p>\n<p>Fue preso pol\u00edtico durante los \u00faltimos a\u00f1os de la dictadura franquista (sospechoso de estar implicado en el criminal atentado de la Calle Correo) y fund\u00f3 y dirigi\u00f3, en <a title=\"Academia de la Lengua Asturiana\" href=\"https:\/\/es.wikipedia.org\/wiki\/Mieres\">Mieres<\/a> y <a title=\"Tur\u00f3n (Mieres)\" href=\"https:\/\/es.wikipedia.org\/wiki\/Tur%C3%B3n_(Mieres)\">Tur\u00f3n<\/a>, las revistas <i>Sapiens&#8217; y <\/i>Cu\u00e9lebre literario<i>. <\/i><\/p>\n<p><strong>De formaci\u00f3n autodidacta<\/strong>, Nel Amaro dirigi\u00f3 las revistas \u00abSapiens\u00bb y \u00abEl cu\u00e9lebre\u00bb y es autor de varios t\u00edtulos po\u00e9ticos.<\/p>\n<hr \/>\n<p><a href=\"https:\/\/scontent.fmad7-1.fna.fbcdn.net\/v\/t1.6435-9\/178461059_1670565686480094_7804368978136277020_n.jpg?_nc_cat=107&amp;ccb=1-3&amp;_nc_sid=730e14&amp;_nc_ohc=7Q_UFEKiKe8AX-5jOR4&amp;_nc_ht=scontent.fmad7-1.fna&amp;oh=4868c84ab707caffb06290d45c4b957a&amp;oe=60B720AD\"><img loading=\"lazy\" decoding=\"async\" class=\"alignnone\" src=\"https:\/\/scontent.fmad7-1.fna.fbcdn.net\/v\/t1.6435-9\/178461059_1670565686480094_7804368978136277020_n.jpg?_nc_cat=107&amp;ccb=1-3&amp;_nc_sid=730e14&amp;_nc_ohc=7Q_UFEKiKe8AX-5jOR4&amp;_nc_ht=scontent.fmad7-1.fna&amp;oh=4868c84ab707caffb06290d45c4b957a&amp;oe=60B720AD\" alt=\"\" width=\"357\" height=\"504\" \/><\/a><\/p>\n<hr \/>\n<p><span style=\"color: #008080;font-size: 14pt\"><strong>OBRAS M\u00c1S IMPORTANTES:<\/strong><\/span><\/p>\n<p><strong>Teatro<\/strong><br \/>\n<em>X\u00e9nesis o albor\u00e1 de la conciencia <\/em>(1978)<br \/>\n<em>Antagon\u00eda, por exemplu <\/em>(1991)<\/p>\n<p><em><strong>Poes\u00eda<\/strong><br \/>\nResponsos laicos <\/em>(1979)<em><br \/>\nHabitaci\u00f3n de poeta <\/em>(Colecci\u00f3n Longalendo \u2013 Poes\u00eda, 1981)<br \/>\n<em>Boca arriba, lentamente naufragando<\/em>\u00a0(1982)<em><br \/>\n<\/em><em>Y tu, Marta B., qu\u2019entoncies nun yeres, tampocu, l\u2019Anna Karina de les pel\u00edcules de Jean Luc Godard\u00a0<\/em>(1990)<em><br \/>\nDiariu d\u2019un poliz\u00f3n <\/em>(\u00c1mbitu, 1990)<em><br \/>\nPoemes de San Francisco <\/em>(Editora del Norte, 1993)<br \/>\n<em>Pruebes d\u2019autor<\/em>\u00a0(Trabe, 1994)<em><br \/>\n<\/em><\/p>\n<p><strong>Novela<br \/>\n<\/strong><em>Adi\u00f3s Dvorak\u00a0<\/em>(Editorial Azucel, 1990)<br \/>\n<em>Novela ensin t\u00edtulu <\/em>(Editorial Azucel, 1991)<br \/>\n<em>L\u2019\u00faltimu del\u00a0<\/em><em>pelot\u00f3n<\/em>\u00a0(Editora del Norte, 1994)<br \/>\n<em><i>\u00a1\u00a1\u00a1Falanxista!!!<\/i> <\/em>(Trabe, 1995)<br \/>\n<em>Ent\u00f3s, cuando \u00f1evaba<\/em> (\u00c1mbitu, 2002)<\/p>\n<p><strong>Otros g\u00e9neros<\/strong><br \/>\n<em>El puxu amatag\u00e1u <\/em>(Conceyu Bable, 1978)<br \/>\n<em>Les siete vides de Xuli\u00e1n Cuesta <\/em>(Asociaci\u00f3n d\u2019Escritores Asturianos, 1992)<br \/>\n<em>Prietu jazz<\/em> (Editorial Azuzel, 1993)<br \/>\n<em>Na borrina\u00a0<\/em>(Editora del Norte, 1993)<br \/>\n<em>Tami\u00e9n Federicu<\/em> (Editora del Norte, 1994)<br \/>\n<em>Cuentu dom\u00e9sticu<\/em> (Tertulia Cultural <em>\u201cEl Garrapiellu\u201d<\/em>, 1997)<\/p>\n<hr \/>\n<p><span style=\"font-size: 14pt;color: #008080\"><strong><i>Su obra po\u00e9tica se reparte entre las siguientes obras:<\/i><\/strong><\/span><\/p>\n<ul>\n<li><span style=\"font-size: 14pt\"><i>Responsos laicos<\/i><\/span><\/li>\n<li><span style=\"font-size: 14pt\"><i>Habitaci\u00f3n de poeta<\/i><\/span><\/li>\n<li><span style=\"font-size: 14pt\"><i>Boca arriba, lentamente naufragando<\/i><\/span><\/li>\n<li><span style=\"font-size: 14pt\"><i>Y, t\u00fa, Marta B., qu&#8217;entoncies nun yeres, tampocu, l&#8217;Anna Karina de les pel\u00edcules de Jean Luc Godard<\/i><\/span><\/li>\n<li><span style=\"font-size: 14pt\"><i>Diariu d&#8217;un poliz\u00f3n<\/i><\/span><\/li>\n<li><span style=\"font-size: 14pt\"><i>Reversos<\/i><\/span><\/li>\n<li><span style=\"font-size: 14pt\"><i>Poemes de San Francisco<\/i><\/span><\/li>\n<li><span style=\"font-size: 14pt\"><i>Pruebes d&#8217;autor<\/i><\/span><\/li>\n<\/ul>\n<p>Son suyas tambi\u00e9n obras teatrales como <i>Ant\u00edgona, por exemplu<\/i> y <i>El banquete<\/i> y las siguientes<strong><span style=\"color: #008080\"> novelas:<\/span><\/strong><\/p>\n<ul>\n<li><span style=\"font-size: 14pt\"><i>\u00a1Adi\u00f3s Dvorak!<\/i><\/span><\/li>\n<li><span style=\"font-size: 14pt\"><i>Novela ensin t\u00edtulu<\/i><\/span><\/li>\n<li><span style=\"font-size: 14pt\"><i>\u00a1\u00a1\u00a1Falanxista!!!<\/i><\/span><\/li>\n<li><span style=\"font-size: 14pt\">&#8216;<i>Na borrina<\/i><\/span><\/li>\n<li><span style=\"font-size: 14pt\"><i>L&#8217;\u00faltimu del pelot\u00f3n<\/i><\/span><\/li>\n<\/ul>\n<hr \/>\n<p>Entre los galardones que ha recibido se encuentran el <a class=\"mw-redirect\" title=\"Soto Torres\" href=\"https:\/\/es.wikipedia.org\/wiki\/Soto_Torres\">Soto Torres<\/a> de Teatro, el <a class=\"new\" title=\"Xana del Bable (a\u00fan no redactado)\" href=\"https:\/\/es.wikipedia.org\/w\/index.php?title=Xana_del_Bable&amp;action=edit&amp;redlink=1\">Xana del Bable<\/a>, el III Premio Nacional de <a class=\"new\" title=\"Cuentos el Llano (a\u00fan no redactado)\" href=\"https:\/\/es.wikipedia.org\/w\/index.php?title=Cuentos_el_Llano&amp;action=edit&amp;redlink=1\">Cuentos el Llano<\/a>, etc.<\/p>\n<p>Puso en marcha el proyecto <b>Espacio de arte exc\u00e9ntrico<\/b> en 1994. Tal y como declar\u00f3 en los Encuentros de la Red Arte en Murcia el a\u00f1o 1995 \u00bb da una respuesta, modesta claro, a tama\u00f1o reducido, pero sin ninguna clase de complejo de inferioridad por ello, a la falta de \u00abespacios\u00bb donde reunirse y trabajar los artistas de las comarcas mineras, que ahora, en los momentos de mayor crisis socio-econ\u00f3mica, es cuando tienen que decir a la sociedad civil, a su propia sociedad, cuando han de ejercer su labor de contestaci\u00f3n al \u00aborden\u00bb, al \u00abpoder\u00bb, con la continuidad de su obra, una obra que a\u00fane lo imaginativo con lo combativo y que no pierda jam\u00e1s de vista la realidad inmediata del entorno\u00bb. Fue miembro de la Red Arte.<\/p>\n<hr \/>\n<p style=\"text-align: center\"><em>\u00a0<\/em><\/p>\n<p>&nbsp;<\/p>\n<p><img loading=\"lazy\" decoding=\"async\" class=\"size-full aligncenter\" src=\"https:\/\/asturies.com\/sites\/default\/files\/styles\/large\/public\/premiu_camareta_y_nel_amaro.jpg?itok=7FWain2j\" width=\"458\" height=\"237\" \/><\/p>\n<hr \/>\n<div>\n<p><a href=\"https:\/\/vimeo.com\/545980195\">Videu en Vimeo<\/a><\/p>\n\n<!-- iframe plugin v.6.0 wordpress.org\/plugins\/iframe\/ -->\n<iframe loading=\"lazy\" src=\"https:\/\/player.vimeo.com\/video\/545980195\" width=\"640\" height=\"360\" frameborder=\"0\" allowfullscreen=\"allowfullscreen\" data-mce-fragment=\"1\" 0=\"\/iframe\" scrolling=\"yes\" class=\"iframe-class\"><\/iframe>\n\n<hr \/>\n<h2 style=\"text-align: center\"><em><span style=\"color: #008080\">POEMA PARA NEL<\/span><\/em><\/h2>\n<\/div>\n<p><span style=\"color: #008080\"><em><span style=\"font-size: 14pt\">I<\/span><\/em><\/span><\/p>\n<p><span style=\"color: #008080\"><em><span style=\"font-size: 14pt\">A Nel Amaro, escritor, poeta. In memoriam.<\/span><\/em><\/span><br \/>\n<span style=\"color: #008080\"><em><span style=\"font-size: 14pt\">Le dio su voz al aire<\/span><\/em><\/span><br \/>\n<span style=\"color: #008080\"><em><span style=\"font-size: 14pt\">y a las avenidas sombr\u00edas<\/span><\/em><\/span><br \/>\n<span style=\"color: #008080\"><em><span style=\"font-size: 14pt\">donde los p\u00e1jaros,<\/span><\/em><\/span><br \/>\n<span style=\"color: #008080\"><em><span style=\"font-size: 14pt\">te\u00f1\u00edan con su canto<\/span><\/em><\/span><br \/>\n<span style=\"color: #008080\"><em><span style=\"font-size: 14pt\">algoritmos abocados al olvido<\/span><\/em><\/span><br \/>\n<span style=\"color: #008080\"><em><span style=\"font-size: 14pt\">para hilvanar la voz y el reflejo sepia<\/span><\/em><\/span><br \/>\n<span style=\"color: #008080\"><em><span style=\"font-size: 14pt\">de su infancia.<\/span><\/em><\/span><\/p>\n<p><span style=\"color: #008080\"><em><span style=\"font-size: 14pt\">Ahora<\/span><\/em><\/span><br \/>\n<span style=\"color: #008080\"><em><span style=\"font-size: 14pt\">tu silencio contagia mis palabras,<\/span><\/em><\/span><br \/>\n<span style=\"color: #008080\"><em><span style=\"font-size: 14pt\">\u00bfC\u00f3mo nombrarte sin venas,<\/span><\/em><\/span><br \/>\n<span style=\"color: #008080\"><em><span style=\"font-size: 14pt\">sin ojos, sin palabras?<\/span><\/em><\/span><br \/>\n<span style=\"color: #008080\"><em><span style=\"font-size: 14pt\">se fue tu verbo al mundo roto<\/span><\/em><\/span><br \/>\n<span style=\"color: #008080\"><em><span style=\"font-size: 14pt\">sin otra indumentaria<\/span><\/em><\/span><br \/>\n<span style=\"color: #008080\"><em><span style=\"font-size: 14pt\">que el fuego blando de tus versos.<\/span><\/em><\/span><\/p>\n<p><span style=\"color: #008080\"><em><span style=\"font-size: 14pt\">Como p\u00e1gina oto\u00f1al de tu diario<\/span><\/em><\/span><br \/>\n<span style=\"color: #008080\"><em><span style=\"font-size: 14pt\">se extrav\u00edan los sue\u00f1os y los versos,<\/span><\/em><\/span><br \/>\n<span style=\"color: #008080\"><em><span style=\"font-size: 14pt\">(como palomas doli\u00e9ndose)<\/span><\/em><\/span><br \/>\n<span style=\"color: #008080\"><em><span style=\"font-size: 14pt\">en los tristes dominios de la nada<\/span><\/em><\/span><br \/>\n<span style=\"color: #008080\"><em><span style=\"font-size: 14pt\">jadeando sed<\/span><\/em><\/span><br \/>\n<span style=\"color: #008080\"><em><span style=\"font-size: 14pt\">en la c\u00e1lida tristeza de tu ausencia.<\/span><\/em><\/span><br \/>\n<span style=\"color: #008080\"><em><span style=\"font-size: 14pt\"><img loading=\"lazy\" decoding=\"async\" class=\"image-left\" title=\"Pozu San Jos\u00e9.jpg\" src=\"http:\/\/www.elvalledeturon.net\/cultura\/literatura\/nel-amaro-1\/homenajes-a-nel-amaro\/cristo-2011-1\/pozu-san-jose.jpg\/image\" alt=\"Pozu San Jos\u00e9.jpg\" width=\"560\" height=\"582\" \/><\/span><\/em><\/span><\/p>\n<div>\n<p><span style=\"color: #008080\"><em><span style=\"font-size: 14pt\">II<\/span><\/em><\/span><\/p>\n<p><span style=\"color: #008080\"><em><span style=\"font-size: 14pt\">Levant\u00f3 acta<\/span><\/em><\/span><br \/>\n<span style=\"color: #008080\"><em><span style=\"font-size: 14pt\">de todo cuanto abarc\u00f3 con sus ojos<\/span><\/em><\/span><br \/>\n<span style=\"color: #008080\"><em><span style=\"font-size: 14pt\">en una algarab\u00eda de palabras <\/span><\/em><\/span><br \/>\n<span style=\"color: #008080\"><em><span style=\"font-size: 14pt\">en los lindes de estrofas amotinadas,<\/span><\/em><\/span><br \/>\n<span style=\"color: #008080\"><em><span style=\"font-size: 14pt\">con su voz de granito <\/span><\/em><\/span><br \/>\n<span style=\"color: #008080\"><em><span style=\"font-size: 14pt\">tocar\u00e1 a rebato<\/span><\/em><\/span><br \/>\n<span style=\"color: #008080\"><em><span style=\"font-size: 14pt\">en la orilla irresistible de los vientos<\/span><\/em><\/span><br \/>\n<span style=\"color: #008080\"><em><span style=\"font-size: 14pt\">cansados,<\/span><\/em><\/span><br \/>\n<span style=\"color: #008080\"><em><span style=\"font-size: 14pt\">r\u00e1fagas silbantes de versos a granel<\/span><\/em><\/span><br \/>\n<span style=\"color: #008080\"><em><span style=\"font-size: 14pt\">-como blasfemias oscuras-<\/span><\/em><\/span><br \/>\n<span style=\"color: #008080\"><em><span style=\"font-size: 14pt\">sacudiendo el edificio de la noche.<\/span><\/em><\/span><\/p>\n<p><span style=\"color: #008080\"><em><span style=\"font-size: 14pt\">Levant\u00f3 acta<\/span><\/em><\/span><br \/>\n<span style=\"color: #008080\"><em><span style=\"font-size: 14pt\">en la llanura del lenguaje,<\/span><\/em><\/span><br \/>\n<span style=\"color: #008080\"><em><span style=\"font-size: 14pt\">se cubri\u00f3 de ecuaciones espaciales,<\/span><\/em><\/span><br \/>\n<span style=\"color: #008080\"><em><span style=\"font-size: 14pt\">pret\u00e9ritas cicatrices,<\/span><\/em><\/span><br \/>\n<span style=\"color: #008080\"><em><span style=\"font-size: 14pt\">presentes escalofr\u00edos,<\/span><\/em><\/span><br \/>\n<span style=\"color: #008080\"><em><span style=\"font-size: 14pt\">futuros enigm\u00e1ticos de im\u00e1genes y sue\u00f1os<\/span><\/em><\/span><br \/>\n<span style=\"color: #008080\"><em><span style=\"font-size: 14pt\">en el c\u00e1rdeno matiz de la esperanza.<\/span><\/em><\/span><\/p>\n<p><span style=\"color: #008080\"><em><span style=\"font-size: 14pt\">Levant\u00f3 acta<\/span><\/em><\/span><br \/>\n<span style=\"color: #008080\"><em><span style=\"font-size: 14pt\">en el hol\u00edstico deambular por esta vida,<\/span><\/em><\/span><br \/>\n<span style=\"color: #008080\"><em><span style=\"font-size: 14pt\">en una liturgia germinada de presencias,<\/span><\/em><\/span><br \/>\n<span style=\"color: #008080\"><em><span style=\"font-size: 14pt\">palabras sin historia,<\/span><\/em><\/span><br \/>\n<span style=\"color: #008080\"><em><span style=\"font-size: 14pt\">luces fr\u00edas y c\u00f3lera<\/span><\/em><\/span><br \/>\n<span style=\"color: #008080\"><em><span style=\"font-size: 14pt\">y un rastro desle\u00eddo de abismos<\/span><\/em><\/span><br \/>\n<span style=\"color: #008080\"><em><span style=\"font-size: 14pt\">en el mapa de la vida.<\/span><\/em><\/span><\/p>\n<p><span style=\"color: #008080\"><em><span style=\"font-size: 14pt\">III<\/span><\/em><\/span><\/p>\n<p><span style=\"color: #008080\"><em><span style=\"font-size: 14pt\">En el castillete del Pozo San Jos\u00e9<\/span><\/em><\/span><br \/>\n<span style=\"color: #008080\"><em><span style=\"font-size: 14pt\">cuelga pendones al vac\u00edo<\/span><\/em><\/span><br \/>\n<span style=\"color: #008080\"><em><span style=\"font-size: 14pt\">con tus l\u00e1grimas de \u00faltima necesidad,<\/span><\/em><\/span><br \/>\n<span style=\"color: #008080\"><em><span style=\"font-size: 14pt\">entre las turbias estancias del recuerdo<\/span><\/em><\/span><br \/>\n<span style=\"color: #008080\"><em><span style=\"font-size: 14pt\">y el futuro oxidado entre las manos.<\/span><\/em><\/span><\/p>\n<\/div>\n<p><span style=\"color: #008080\"><em><span style=\"font-size: 14pt\"><img loading=\"lazy\" decoding=\"async\" class=\"image-right\" title=\"Jos\u00e9 Manuel REGAL.jpg\" src=\"http:\/\/www.elvalledeturon.net\/cultura\/literatura\/nel-amaro-1\/homenajes-a-nel-amaro\/cristo-2011-1\/jose-manuel-regal.jpg\/image\" alt=\"Jos\u00e9 Manuel REGAL.jpg\" width=\"250\" height=\"270\" \/><\/span><\/em><\/span><\/p>\n<p><span style=\"color: #008080\"><em><span style=\"font-size: 14pt\"><strong>\u00a9 Jos\u00e9 Manuel Regal<\/strong><\/span><\/em><\/span><\/p>\n","protected":false},"excerpt":{"rendered":"<p>La Selmana de les Lletres Asturianes vien celebr\u00e1ndose, como eventu institucional, dende 1980 coincidiendo cola primer selmana del mes de mayu. Sol\u00eda tar consagrada a un autor o autora importante de la lliteratura asturiana. La 42 Selmana de les Lletres Asturianes cel\u00e9brase ente\u2019l 3 y 7 de mayu pr\u00f3ximos baxo\u2019l lema \u2018Nel Amaro, la voz [&hellip;]<\/p>\n","protected":false},"author":117,"featured_media":0,"parent":3883,"menu_order":0,"comment_status":"closed","ping_status":"closed","template":"","meta":{"footnotes":""},"class_list":["post-3960","page","type-page","status-publish","hentry","post-preview"],"_links":{"self":[{"href":"https:\/\/edublog.educastur.es\/corredoria3\/wp-json\/wp\/v2\/pages\/3960","targetHints":{"allow":["GET"]}}],"collection":[{"href":"https:\/\/edublog.educastur.es\/corredoria3\/wp-json\/wp\/v2\/pages"}],"about":[{"href":"https:\/\/edublog.educastur.es\/corredoria3\/wp-json\/wp\/v2\/types\/page"}],"author":[{"embeddable":true,"href":"https:\/\/edublog.educastur.es\/corredoria3\/wp-json\/wp\/v2\/users\/117"}],"replies":[{"embeddable":true,"href":"https:\/\/edublog.educastur.es\/corredoria3\/wp-json\/wp\/v2\/comments?post=3960"}],"version-history":[{"count":14,"href":"https:\/\/edublog.educastur.es\/corredoria3\/wp-json\/wp\/v2\/pages\/3960\/revisions"}],"predecessor-version":[{"id":4366,"href":"https:\/\/edublog.educastur.es\/corredoria3\/wp-json\/wp\/v2\/pages\/3960\/revisions\/4366"}],"up":[{"embeddable":true,"href":"https:\/\/edublog.educastur.es\/corredoria3\/wp-json\/wp\/v2\/pages\/3883"}],"wp:attachment":[{"href":"https:\/\/edublog.educastur.es\/corredoria3\/wp-json\/wp\/v2\/media?parent=3960"}],"curies":[{"name":"wp","href":"https:\/\/api.w.org\/{rel}","templated":true}]}}