{"id":4983,"date":"2021-10-20T12:06:48","date_gmt":"2021-10-20T10:06:48","guid":{"rendered":"https:\/\/edublog.educastur.es\/corredoria3\/?page_id=4983"},"modified":"2022-10-29T17:15:42","modified_gmt":"2022-10-29T15:15:42","slug":"2022-2","status":"publish","type":"page","link":"https:\/\/edublog.educastur.es\/corredoria3\/profes_cursos\/2022-2\/","title":{"rendered":"2022"},"content":{"rendered":"<p><a href=\"https:\/\/www.canva.com\/design\/DAFQINds1uE\/g32mQAqk8wpQ5UcJl6XeyA\/view?utm_content=DAFQINds1uE&amp;utm_campaign=designshare&amp;utm_medium=link2&amp;utm_source=sharebutton#2\">Presentaci\u00f3n Representantes de Formaci\u00f3n (canva.com)<\/a><\/p>\n<ul>\n<li><a href=\"https:\/\/www.canva.com\/design\/DAFQINds1uE\/g32mQAqk8wpQ5UcJl6XeyA\/view?utm_content=DAFQINds1uE&amp;utm_campaign=designshare&amp;utm_medium=link&amp;utm_source=viewer\">Canva Informativo<\/a><\/li>\n<li><a href=\"https:\/\/educastur.sharepoint.com\/:b:\/r\/sites\/RepresentantesdeFormacin2022-2023\/Documentos%20compartidos\/General\/2022-10-pro-forma-instrucciones-proyectos-formacion-centros.pdf?csf=1&amp;web=1&amp;e=4XSY1y\">Instrucciones PFC<\/a><\/li>\n<li><\/li>\n<\/ul>\n<p>&nbsp;<\/p>\n<pre class=\"lang-html s-code-block\">La Formaci\u00f3n Permanente del Profesorado de ense\u00f1anzas no universitarias en centros sostenidos con fondos p\u00fablicos del\r\nPrincipado de Asturias para el curso 2022-2023, <span style=\"color: #008080\">emana de la filosof\u00eda de la Agenda 2030<\/span> y los retos educativos transformadores que\r\nnos propone la Ley Org\u00e1nica 3\/2020, de 29 de diciembre, por la que se modifica la Ley Org\u00e1nica 2\/2006, de 3 de mayo, de Educaci\u00f3n\r\n(LOMLOE). \r\n\r\nA partir de todo ello, las l\u00edneas institucionales de la Consejer\u00eda de Educaci\u00f3n para el presente a\u00f1o acad\u00e9mico <span style=\"color: #008080\">priorizan las\r\ndid\u00e1cticas espec\u00edficas derivadas de la implantaci\u00f3n de la LOMLOE, la competencia digital docente, la equidad, la sostenibilidad y las\r\nmetodolog\u00edas propias de los programas biling\u00fces.<\/span>\r\n\r\n<span style=\"color: #008080\"><strong>El programa de Formaci\u00f3n Permanente del curso 2022-2023 se estructurar\u00e1 en las siguientes l\u00edneas:\r\n<\/strong>1 Lomloe\r\n2 Proyectos biling\u00fces\r\n3 Equidad e Inclusi\u00f3n\r\n4 Igualdad\r\n5 Salud, sostenibilidad y convivencia\r\n6 Direcciones de centros\r\n7 Competencia digital docente\r\n8 Prevenci\u00f3n de dificultades de aprendizaje y enriquecimiento curricular\r\n9 Formaci\u00f3n profesional\r\n\r\n\r\n\r\n<\/span><\/pre>\n","protected":false},"excerpt":{"rendered":"<p>Presentaci\u00f3n Representantes de Formaci\u00f3n (canva.com) Canva Informativo Instrucciones PFC &nbsp; La Formaci\u00f3n Permanente del Profesorado de ense\u00f1anzas no universitarias en centros sostenidos con fondos p\u00fablicos del Principado de Asturias para el curso 2022-2023, emana de la filosof\u00eda de la Agenda 2030 y los retos educativos transformadores que nos propone la Ley Org\u00e1nica 3\/2020, de 29 [&hellip;]<\/p>\n","protected":false},"author":117,"featured_media":0,"parent":4660,"menu_order":0,"comment_status":"closed","ping_status":"closed","template":"","meta":{"footnotes":""},"class_list":["post-4983","page","type-page","status-publish","hentry","post-preview"],"_links":{"self":[{"href":"https:\/\/edublog.educastur.es\/corredoria3\/wp-json\/wp\/v2\/pages\/4983","targetHints":{"allow":["GET"]}}],"collection":[{"href":"https:\/\/edublog.educastur.es\/corredoria3\/wp-json\/wp\/v2\/pages"}],"about":[{"href":"https:\/\/edublog.educastur.es\/corredoria3\/wp-json\/wp\/v2\/types\/page"}],"author":[{"embeddable":true,"href":"https:\/\/edublog.educastur.es\/corredoria3\/wp-json\/wp\/v2\/users\/117"}],"replies":[{"embeddable":true,"href":"https:\/\/edublog.educastur.es\/corredoria3\/wp-json\/wp\/v2\/comments?post=4983"}],"version-history":[{"count":10,"href":"https:\/\/edublog.educastur.es\/corredoria3\/wp-json\/wp\/v2\/pages\/4983\/revisions"}],"predecessor-version":[{"id":5286,"href":"https:\/\/edublog.educastur.es\/corredoria3\/wp-json\/wp\/v2\/pages\/4983\/revisions\/5286"}],"up":[{"embeddable":true,"href":"https:\/\/edublog.educastur.es\/corredoria3\/wp-json\/wp\/v2\/pages\/4660"}],"wp:attachment":[{"href":"https:\/\/edublog.educastur.es\/corredoria3\/wp-json\/wp\/v2\/media?parent=4983"}],"curies":[{"name":"wp","href":"https:\/\/api.w.org\/{rel}","templated":true}]}}

<p><a href="https://www.canva.com/design/DAFQINds1uE/g32mQAqk8wpQ5UcJl6XeyA/view?utm_content=DAFQINds1uE&amp;utm_campaign=designshare&amp;utm_medium=link2&amp;utm_source=sharebutton#2">Presentación Representantes de Formación (canva.com)</a></p>
<ul>
<li><a href="https://www.canva.com/design/DAFQINds1uE/g32mQAqk8wpQ5UcJl6XeyA/view?utm_content=DAFQINds1uE&amp;utm_campaign=designshare&amp;utm_medium=link&amp;utm_source=viewer">Canva Informativo</a></li>
<li><a href="https://educastur.sharepoint.com/:b:/r/sites/RepresentantesdeFormacin2022-2023/Documentos%20compartidos/General/2022-10-pro-forma-instrucciones-proyectos-formacion-centros.pdf?csf=1&amp;web=1&amp;e=4XSY1y">Instrucciones PFC</a></li>
<li></li>
</ul>
<p>&nbsp;</p>
<pre class="lang-html s-code-block">La Formación Permanente del Profesorado de enseñanzas no universitarias en centros sostenidos con fondos públicos del
Principado de Asturias para el curso 2022-2023, <span style="color: #008080">emana de la filosofía de la Agenda 2030</span> y los retos educativos transformadores que
nos propone la Ley Orgánica 3/2020, de 29 de diciembre, por la que se modifica la Ley Orgánica 2/2006, de 3 de mayo, de Educación
(LOMLOE). 

A partir de todo ello, las líneas institucionales de la Consejería de Educación para el presente año académico <span style="color: #008080">priorizan las
didácticas específicas derivadas de la implantación de la LOMLOE, la competencia digital docente, la equidad, la sostenibilidad y las
metodologías propias de los programas bilingües.</span>

<span style="color: #008080"><strong>El programa de Formación Permanente del curso 2022-2023 se estructurará en las siguientes líneas:
</strong>1 Lomloe
2 Proyectos bilingües
3 Equidad e Inclusión
4 Igualdad
5 Salud, sostenibilidad y convivencia
6 Direcciones de centros
7 Competencia digital docente
8 Prevención de dificultades de aprendizaje y enriquecimiento curricular
9 Formación profesional



</span></pre>

<p>Presentación Representantes de Formación (canva.com) Canva Informativo Instrucciones PFC &nbsp; La Formación Permanente del Profesorado de enseñanzas no universitarias en centros sostenidos con fondos públicos del Principado de Asturias para el curso 2022-2023, emana de la filosofía de la Agenda 2030 y los retos educativos transformadores que nos propone la Ley Orgánica 3/2020, de 29 [&hellip;]</p>
