{"id":5030,"date":"2021-10-27T14:44:37","date_gmt":"2021-10-27T12:44:37","guid":{"rendered":"https:\/\/edublog.educastur.es\/corredoria3\/?page_id=5030"},"modified":"2021-10-27T14:46:18","modified_gmt":"2021-10-27T12:46:18","slug":"5030-2","status":"publish","type":"page","link":"https:\/\/edublog.educastur.es\/corredoria3\/profes_cursos\/5030-2\/","title":{"rendered":"Registrar cursos"},"content":{"rendered":"<ul>\n<li><a href=\"https:\/\/www.educastur.es\/-\/actividades-equiparadas-a-la-formaci%C3%B3n-permanente.-modelo-de-solicitud?inheritRedirect=true&amp;redirect=https%3A%2F%2Fwww.educastur.es%2Fbusqueda%3Fp_p_id%3Dcom_liferay_portal_search_web_portlet_SearchPortlet%26p_p_lifecycle%3D0%26p_p_state%3Dmaximized%26p_p_mode%3Dview%26_com_liferay_portal_search_web_portlet_SearchPortlet_redirect%3D%252Fbusqueda%26_com_liferay_portal_search_web_portlet_SearchPortlet_mvcPath%3D%252Fsearch.jsp%26_com_liferay_portal_search_web_portlet_SearchPortlet_keywords%3Dsolicitud%2Bformacion%2Bpermanente\"><span style=\"font-size: 14pt\">ENLACE<\/span><\/a><\/li>\n<li><em><span style=\"font-size: 18pt\"><a href=\"https:\/\/www.educastur.es\/documents\/34868\/39162\/2019-Documento_solicitud_individual.doc\/962f5ac6-9bbd-a4ab-5100-d8b09a45a242?t=1621802590376\">Modelo de solicitud<\/a>\u00a0(doc)<\/span><\/em><\/li>\n<\/ul>\n<div class=\"articulo-block-title\">\n<h2 class=\"page-title\" style=\"text-align: center\"><span style=\"color: #800080;font-size: 18pt\">Actividades equiparadas a la formaci\u00f3n permanente.<br \/>\nMODELO DE SOLICITUD<\/span><\/h2>\n<\/div>\n<div class=\"articulo-block-fecha-pub\">01\/01\/2018<\/div>\n<div class=\"articulo-block-content\">\n<p>Cuando la Administraci\u00f3n no haya procedido al reconocimiento de oficio como formaci\u00f3n permanente de las actividades realizadas, la persona interesada podr\u00e1 tramitar una solicitud de\u00a0equiparaci\u00f3n de la participaci\u00f3n en estas actividades como actividad de formaci\u00f3n permanente.<\/p>\n<p><a href=\"https:\/\/www.educastur.es\/documents\/34868\/39162\/2019-Documento_solicitud_individual.doc\/962f5ac6-9bbd-a4ab-5100-d8b09a45a242?t=1621802590376\">Modelo de solicitud<\/a>\u00a0(doc)<\/p>\n<p>Dicha solicitud se remitir\u00e1 a la Direcci\u00f3n General de Ordenaci\u00f3n Acad\u00e9mica e Innovaci\u00f3n\u00a0 Educativa, Servicio de Orientaci\u00f3n Educativa y Formaci\u00f3n del Profesorado, para su valoraci\u00f3n por la\u00a0<strong>Comisi\u00f3n de Reconocimiento de formaci\u00f3n del profesorado<\/strong> y su inscripci\u00f3n, si procede, en el <strong>Registro de Formaci\u00f3n Permanente del Profesorado<\/strong> del Principado de Asturias.<\/p>\n<p><strong><span style=\"color: #008080;font-size: 14pt\"><em>Son reconocidas de oficio y no es necesario tramitar su reconocimiento y registro:<\/em><\/span><\/strong><\/p>\n<ul>\n<li><span style=\"color: #008080;font-size: 14pt\"><em>Actividades certificadas por los <strong>CPR\u00b4s de Asturias.<\/strong><\/em><\/span><\/li>\n<li><span style=\"color: #008080;font-size: 14pt\"><em>Actividades certificadas por el <strong>IAAP<\/strong>: Instituto Asturiano<br \/>\nde Administraci\u00f3n P\u00fablica Adolfo Posada.<\/em><\/span><\/li>\n<li><span style=\"color: #008080;font-size: 14pt\"><em>Cursos de entidades acreditadas reconocidas<br \/>\npor la <strong>Consejer\u00eda de Educaci\u00f3n y Cultura.<\/strong><\/em><\/span><\/li>\n<li><strong><span style=\"color: #008080;font-size: 14pt\"><em>Tutorizaci\u00f3n de pr\u00e1cticas del profesorado.<\/em><\/span><\/strong><\/li>\n<li><span style=\"color: #008080;font-size: 14pt\"><em>Y las dem\u00e1s establecidas por la administraci\u00f3n educativa<br \/>\ndel Principado de Asturias.<\/em><\/span><\/li>\n<\/ul>\n<p><span style=\"color: #800080\"><strong>\u00bfQu\u00e9 es la Comisi\u00f3n de Reconocimiento de Formaci\u00f3n del profesorado?<\/strong><\/span><\/p>\n<p>Es una comisi\u00f3n constituida en la administraci\u00f3n educativa del Principado de Asturias, que se re\u00fane trimestralmente y cuyas funciones incluyen el examen de las solicitudes de reconocimiento\u00a0oficial de actividades as\u00ed como formular las propuestas de resoluci\u00f3n de reconocimiento correspondientes.<br \/>\n<span style=\"color: #800080\"><strong>\u00bfQu\u00e9 es el Registro de Formaci\u00f3n Permanente del Profesorado?<\/strong><\/span><\/p>\n<p>Es el instrumento de gesti\u00f3n de los datos relativos a las actividades de formaci\u00f3n permanente del profesorado. El reconocimiento de la formaci\u00f3n permanente se producir\u00e1 con la inscripci\u00f3n de\u00a0los certificados de participaci\u00f3n. Esta inscripci\u00f3n es requisito indispensable para la aplicaci\u00f3n de los efectos profesionales y econ\u00f3micos que puede comportar el reconocimiento de la<br \/>\nformaci\u00f3n permanente.<br \/>\n<span style=\"color: #800080\"><strong>\u00bfQu\u00e9 actividades son equiparables?<\/strong><\/span><\/p>\n<p>Podr\u00e1n tener la consideraci\u00f3n de actividades equiparadas:<\/p>\n<ul>\n<li>La participaci\u00f3n en actividades de mejora e innovaci\u00f3n educativa.<\/li>\n<li>La participaci\u00f3n en proyectos de investigaci\u00f3n.<\/li>\n<li>Las titulaciones universitarias o de r\u00e9gimen especial.<\/li>\n<li>La participaci\u00f3n en programas internacionales de formaci\u00f3n<\/li>\n<\/ul>\n<p><span style=\"color: #800080\"><strong>\u00bfC\u00f3mo presentar la formaci\u00f3n para ser equiparada?<\/strong><\/span>Se presentar\u00e1 el formulario de equiparaci\u00f3n (ver enlace en esta p\u00e1gina) con todos los datos cubiertos y las fotocopias compulsadas de los certificados de todas aquellas actividades y\/o\u00a0titulaciones que se pretendan inscribir.<\/p>\n<p><a href=\"https:\/\/www.educastur.es\/documents\/34868\/39162\/2019-Documento_solicitud_individual.doc\/962f5ac6-9bbd-a4ab-5100-d8b09a45a242?t=1621802590376\">Modelo de solicitud<\/a>\u00a0(doc)<\/p>\n<p>&nbsp;<\/p>\n<\/div>\n","protected":false},"excerpt":{"rendered":"<p>ENLACE Modelo de solicitud\u00a0(doc) Actividades equiparadas a la formaci\u00f3n permanente. MODELO DE SOLICITUD 01\/01\/2018 Cuando la Administraci\u00f3n no haya procedido al reconocimiento de oficio como formaci\u00f3n permanente de las actividades realizadas, la persona interesada podr\u00e1 tramitar una solicitud de\u00a0equiparaci\u00f3n de la participaci\u00f3n en estas actividades como actividad de formaci\u00f3n permanente. Modelo de solicitud\u00a0(doc) Dicha solicitud [&hellip;]<\/p>\n","protected":false},"author":117,"featured_media":0,"parent":4660,"menu_order":0,"comment_status":"closed","ping_status":"closed","template":"","meta":{"footnotes":""},"class_list":["post-5030","page","type-page","status-publish","hentry","post-preview"],"_links":{"self":[{"href":"https:\/\/edublog.educastur.es\/corredoria3\/wp-json\/wp\/v2\/pages\/5030","targetHints":{"allow":["GET"]}}],"collection":[{"href":"https:\/\/edublog.educastur.es\/corredoria3\/wp-json\/wp\/v2\/pages"}],"about":[{"href":"https:\/\/edublog.educastur.es\/corredoria3\/wp-json\/wp\/v2\/types\/page"}],"author":[{"embeddable":true,"href":"https:\/\/edublog.educastur.es\/corredoria3\/wp-json\/wp\/v2\/users\/117"}],"replies":[{"embeddable":true,"href":"https:\/\/edublog.educastur.es\/corredoria3\/wp-json\/wp\/v2\/comments?post=5030"}],"version-history":[{"count":3,"href":"https:\/\/edublog.educastur.es\/corredoria3\/wp-json\/wp\/v2\/pages\/5030\/revisions"}],"predecessor-version":[{"id":5034,"href":"https:\/\/edublog.educastur.es\/corredoria3\/wp-json\/wp\/v2\/pages\/5030\/revisions\/5034"}],"up":[{"embeddable":true,"href":"https:\/\/edublog.educastur.es\/corredoria3\/wp-json\/wp\/v2\/pages\/4660"}],"wp:attachment":[{"href":"https:\/\/edublog.educastur.es\/corredoria3\/wp-json\/wp\/v2\/media?parent=5030"}],"curies":[{"name":"wp","href":"https:\/\/api.w.org\/{rel}","templated":true}]}}