{"id":5064,"date":"2021-11-11T10:25:51","date_gmt":"2021-11-11T08:25:51","guid":{"rendered":"https:\/\/edublog.educastur.es\/corredoria3\/?page_id=5064"},"modified":"2021-11-13T09:45:18","modified_gmt":"2021-11-13T07:45:18","slug":"curso-diversidad","status":"publish","type":"page","link":"https:\/\/edublog.educastur.es\/corredoria3\/profes_cursos\/2021-2\/noviembre\/curso-diversidad\/","title":{"rendered":"Curso Diversidad"},"content":{"rendered":"<div class=\"kvgmc6g5 cxmmr5t8 oygrvhab hcukyx3x c1et5uql ii04i59q\">\n<div dir=\"auto\" style=\"text-align: center\"><a href=\"https:\/\/l.facebook.com\/l.php?u=https%3A%2F%2Fcutt.ly%2FKwgEAkT%3Ffbclid%3DIwAR3bg4wg0Swf8ypXGig43bSSEVid7KFpSuxfW0DC4NHquNPn0bgOUX4ETN4&amp;h=AT1nTraoGTDwAjKiiRqg4YiqTzZgtGC-Keqk8HWr4t1_4AxNQ2iOwChlLIU5P3liR4WRKP3opEZ2x5xnZEHU9MG_5mhTsoplRoNhFwQW-HnSBzRBlGYmcR2g7x1QapnHAQ&amp;__tn__=-UK-R&amp;c[0]=AT2F7CTV6ZfKTyNPSD6mHd9xX6DF05_iXP54Xu7Z247qnyd9yvHKSWNH8q8XXWprqBlThORvxS4uWs8_53WFai-nsZlBm_XvL6cGIkH7ohg6ZkbOKYh0Zc166BOtfu8TpCYZe1Jwhnysile-xCmonXRmmQ\"><img loading=\"lazy\" decoding=\"async\" class=\"alignnone\" src=\"https:\/\/cproviedo.es\/wp-content\/uploads\/2021\/11\/AbrazarSeminarios_CabezalFormulario2021_2x-768x261.jpg\" alt=\"\" width=\"768\" height=\"261\" \/><\/a><\/div>\n<div dir=\"auto\"><\/div>\n<div dir=\"auto\">La Direcci\u00f3n General de Diversidad Sexual y Derechos LGTBI (Ministerio de Igualdad) convoca un <strong>seminario gratuito de formaci\u00f3n sobre diversidad sexual, familiar y de identidad de g\u00e9nero en contextos educativos, basado en la gu\u00eda<\/strong><\/div>\n<\/div>\n<div dir=\"auto\"><\/div>\n<div dir=\"auto\"><\/div>\n<div dir=\"auto\" style=\"text-align: center\">\n<!-- iframe plugin v.6.0 wordpress.org\/plugins\/iframe\/ -->\n<iframe loading=\"lazy\" src=\"https:\/\/drive.google.com\/file\/d\/1oYhT8bbSgdH9fSQDTNcNFWZJdi1pVNaE\/preview\" width=\"640\" height=\"480\" allow=\"autoplay\" 0=\"\/iframe\" scrolling=\"yes\" class=\"iframe-class\" frameborder=\"0\"><\/iframe>\n<\/div>\n<div class=\"kvgmc6g5 cxmmr5t8 oygrvhab hcukyx3x c1et5uql ii04i59q\">\n<div dir=\"auto\"><\/div>\n<div dir=\"auto\"><strong> \u00abAbrazar la diversidad: propuestas para una educaci\u00f3n libre de acoso homof\u00f3bico y transf\u00f3bico\u00bb<\/strong> (<a class=\"oajrlxb2 g5ia77u1 qu0x051f esr5mh6w e9989ue4 r7d6kgcz rq0escxv nhd2j8a9 nc684nl6 p7hjln8o kvgmc6g5 cxmmr5t8 oygrvhab hcukyx3x jb3vyjys rz4wbd8a qt6c0cv9 a8nywdso i1ao9s8h esuyzwwr f1sip0of lzcic4wl py34i1dx gpro0wi8\" role=\"link\" href=\"https:\/\/l.facebook.com\/l.php?u=https%3A%2F%2Fcutt.ly%2FKwgEAkT%3Ffbclid%3DIwAR3bg4wg0Swf8ypXGig43bSSEVid7KFpSuxfW0DC4NHquNPn0bgOUX4ETN4&amp;h=AT1nTraoGTDwAjKiiRqg4YiqTzZgtGC-Keqk8HWr4t1_4AxNQ2iOwChlLIU5P3liR4WRKP3opEZ2x5xnZEHU9MG_5mhTsoplRoNhFwQW-HnSBzRBlGYmcR2g7x1QapnHAQ&amp;__tn__=-UK-R&amp;c[0]=AT2F7CTV6ZfKTyNPSD6mHd9xX6DF05_iXP54Xu7Z247qnyd9yvHKSWNH8q8XXWprqBlThORvxS4uWs8_53WFai-nsZlBm_XvL6cGIkH7ohg6ZkbOKYh0Zc166BOtfu8TpCYZe1Jwhnysile-xCmonXRmmQ\" target=\"_blank\" rel=\"nofollow noopener\">https:\/\/cutt.ly\/KwgEAkT<\/a>).<\/div>\n<div dir=\"auto\"><\/div>\n<\/div>\n<div class=\"o9v6fnle cxmmr5t8 oygrvhab hcukyx3x c1et5uql ii04i59q\">\n<ul>\n<li>El seminario tiene una duraci\u00f3n de 12 horas y est\u00e1 <strong>dirigido a docentes<\/strong>, miembros de equipos directivos y de orientaci\u00f3n, asesores\/as de centros de formaci\u00f3n del profesorado y otras administraciones educativas y responsables de la administraci\u00f3n educativa de todas las Comunidades Aut\u00f3nomas, Ceuta y Melilla.<\/li>\n<li><strong>Estas jornadas formativas est\u00e1n certificadas por el Ministerio de Educaci\u00f3n y Formaci\u00f3n Profesional<\/strong> <strong>(cr\u00e9ditos v\u00e1lidos para sexenios docentes)<\/strong> y financiadas por el Fondo Social Europeo.<\/li>\n<li>Las jornadas est\u00e1n organizadas por el Grupo de Investigaci\u00f3n Antropolog\u00eda, Diversidad y Convivencia (UCM).<\/li>\n<\/ul>\n<div dir=\"auto\"><\/div>\n<\/div>\n<div class=\"o9v6fnle cxmmr5t8 oygrvhab hcukyx3x c1et5uql ii04i59q\">\n<div dir=\"auto\">Para facilitar el acceso a esta formaci\u00f3n, se celebrar\u00e1n <strong>tres ediciones del seminario en fechas distintas<\/strong>, aunque siempre con el mismo horario (primera tarde de 16.00 a 20.30 hs y segundo d\u00eda de 10:00 a 19:00 hs): dos de ellas son formaciones en l\u00ednea y una presencial en Oviedo. Existen ayudas de viaje limitadas para personas que no son de la misma provincia en la que se celebrar\u00e1 la formaci\u00f3n presencial:<\/div>\n<div dir=\"auto\"><\/div>\n<div dir=\"auto\">\u2022 En l\u00ednea (con la colaboraci\u00f3n de la Universidad Complutense de Madrid): Viernes 12 y s\u00e1bado 13 de noviembre 2021.<\/div>\n<div dir=\"auto\">\u2022<strong> Oviedo (con la colaboraci\u00f3n de la Universidad de Oviedo): Viernes 19 y s\u00e1bado 20 de noviembre 2021.<\/strong><\/div>\n<div dir=\"auto\">\u2022 En l\u00ednea (con la colaboraci\u00f3n de la Universidad Complutense de Madrid): Jueves 25 y viernes 26 de noviembre 2021.<\/div>\n<div dir=\"auto\"><\/div>\n<\/div>\n<div class=\"o9v6fnle cxmmr5t8 oygrvhab hcukyx3x c1et5uql ii04i59q\">\n<ul>\n<li>Si tiene inter\u00e9s en participar en estas formaciones, no deje de consultar la informaci\u00f3n y preinscribirse lo antes posible en: <a class=\"oajrlxb2 g5ia77u1 qu0x051f esr5mh6w e9989ue4 r7d6kgcz rq0escxv nhd2j8a9 nc684nl6 p7hjln8o kvgmc6g5 cxmmr5t8 oygrvhab hcukyx3x jb3vyjys rz4wbd8a qt6c0cv9 a8nywdso i1ao9s8h esuyzwwr f1sip0of lzcic4wl py34i1dx gpro0wi8\" role=\"link\" href=\"https:\/\/l.facebook.com\/l.php?u=https%3A%2F%2Fdocs.google.com%2Fforms%2Fd%2F1qbnxeZJ_Hghr1U3Xq0ey8YwCRxALE455EpdKgHimTa4%3Ffbclid%3DIwAR2mNkCdIsigCcj6KHa5IQdg-DwK0BBCRwoF5qFu9m-_R4PYxtUN4zTq62s&amp;h=AT1HMLNs5wq6ft5_dX84f2GIcMBJlif2ykOSLoib8u6jlqTy0T_IBZHB4xG_pk_l5DHqW0qKK-OrxPDau9zxmxMI16OHmAUJeHA4nAjTWQC-nRQjrWqx3P_JFqCelEyrDA&amp;__tn__=-UK-R&amp;c[0]=AT2F7CTV6ZfKTyNPSD6mHd9xX6DF05_iXP54Xu7Z247qnyd9yvHKSWNH8q8XXWprqBlThORvxS4uWs8_53WFai-nsZlBm_XvL6cGIkH7ohg6ZkbOKYh0Zc166BOtfu8TpCYZe1Jwhnysile-xCmonXRmmQ\" target=\"_blank\" rel=\"nofollow noopener\">https:\/\/docs.google.com\/\u2026\/1qbnxeZJ\u2026<\/a><\/li>\n<li>Rogamos dar la mayor difusi\u00f3n posible a esta propuesta entre las personas, centros educativos, comunidad docente, centros de formaci\u00f3n del profesorado y responsables educativos de cada comunidad aut\u00f3noma.<\/li>\n<\/ul>\n<\/div>\n<div class=\"o9v6fnle cxmmr5t8 oygrvhab hcukyx3x c1et5uql ii04i59q\">\n<ul>\n<li>Para cualquier informaci\u00f3n o consulta, por favor, escriba a: <span style=\"color: #008080\">diversidadyconvivencia@gmail.com<\/span><\/li>\n<\/ul>\n<\/div>\n<div class=\"o9v6fnle cxmmr5t8 oygrvhab hcukyx3x c1et5uql ii04i59q\">\n<ul>\n<li>Reciba un afectuoso saludo, El equipo organizador: <a href=\"https:\/\/www.facebook.com\/diversidadyconvivencia\/?__cft__[0]=AZVGZCOtIh3DM_0DsKx-4OpX43g-dOeTi9yhoB7m_vCQG9ZQ6lLO41JvqEln9545br-acp4OTmTrAGa1JF_wZh2JeJTRq3T_h3n2Tmnqq8wTolmQtFVjaPUDwrvQwXsv3wk&amp;__tn__=kK-R\">Grupo de Investigaci\u00f3n \u00abAntropolog\u00eda, Diversidad y Convivencia\u00bb, UCM<\/a><\/li>\n<\/ul>\n<\/div>\n<div class=\"o9v6fnle cxmmr5t8 oygrvhab hcukyx3x c1et5uql ii04i59q\">\n<div dir=\"auto\"><a class=\"oajrlxb2 g5ia77u1 qu0x051f esr5mh6w e9989ue4 r7d6kgcz rq0escxv nhd2j8a9 nc684nl6 p7hjln8o kvgmc6g5 cxmmr5t8 oygrvhab hcukyx3x jb3vyjys rz4wbd8a qt6c0cv9 a8nywdso i1ao9s8h esuyzwwr f1sip0of lzcic4wl q66pz984 gpro0wi8 b1v8xokw\" role=\"link\" href=\"https:\/\/www.facebook.com\/diversidadyconvivencia\/?__cft__[0]=AZVGZCOtIh3DM_0DsKx-4OpX43g-dOeTi9yhoB7m_vCQG9ZQ6lLO41JvqEln9545br-acp4OTmTrAGa1JF_wZh2JeJTRq3T_h3n2Tmnqq8wTolmQtFVjaPUDwrvQwXsv3wk&amp;__tn__=kK-R\"><span class=\"nc684nl6\">https:\/\/www.facebook.com\/diversidadyconvivencia\/<\/span><\/a><\/div>\n<\/div>\n","protected":false},"excerpt":{"rendered":"<p>La Direcci\u00f3n General de Diversidad Sexual y Derechos LGTBI (Ministerio de Igualdad) convoca un seminario gratuito de formaci\u00f3n sobre diversidad sexual, familiar y de identidad de g\u00e9nero en contextos educativos, basado en la gu\u00eda \u00abAbrazar la diversidad: propuestas para una educaci\u00f3n libre de acoso homof\u00f3bico y transf\u00f3bico\u00bb (https:\/\/cutt.ly\/KwgEAkT). El seminario tiene una duraci\u00f3n de 12 [&hellip;]<\/p>\n","protected":false},"author":117,"featured_media":0,"parent":5004,"menu_order":0,"comment_status":"closed","ping_status":"closed","template":"","meta":{"footnotes":""},"class_list":["post-5064","page","type-page","status-publish","hentry","post-preview"],"_links":{"self":[{"href":"https:\/\/edublog.educastur.es\/corredoria3\/wp-json\/wp\/v2\/pages\/5064","targetHints":{"allow":["GET"]}}],"collection":[{"href":"https:\/\/edublog.educastur.es\/corredoria3\/wp-json\/wp\/v2\/pages"}],"about":[{"href":"https:\/\/edublog.educastur.es\/corredoria3\/wp-json\/wp\/v2\/types\/page"}],"author":[{"embeddable":true,"href":"https:\/\/edublog.educastur.es\/corredoria3\/wp-json\/wp\/v2\/users\/117"}],"replies":[{"embeddable":true,"href":"https:\/\/edublog.educastur.es\/corredoria3\/wp-json\/wp\/v2\/comments?post=5064"}],"version-history":[{"count":4,"href":"https:\/\/edublog.educastur.es\/corredoria3\/wp-json\/wp\/v2\/pages\/5064\/revisions"}],"predecessor-version":[{"id":5071,"href":"https:\/\/edublog.educastur.es\/corredoria3\/wp-json\/wp\/v2\/pages\/5064\/revisions\/5071"}],"up":[{"embeddable":true,"href":"https:\/\/edublog.educastur.es\/corredoria3\/wp-json\/wp\/v2\/pages\/5004"}],"wp:attachment":[{"href":"https:\/\/edublog.educastur.es\/corredoria3\/wp-json\/wp\/v2\/media?parent=5064"}],"curies":[{"name":"wp","href":"https:\/\/api.w.org\/{rel}","templated":true}]}}

<div class="kvgmc6g5 cxmmr5t8 oygrvhab hcukyx3x c1et5uql ii04i59q">
<div dir="auto" style="text-align: center"><a href="https://l.facebook.com/l.php?u=https%3A%2F%2Fcutt.ly%2FKwgEAkT%3Ffbclid%3DIwAR3bg4wg0Swf8ypXGig43bSSEVid7KFpSuxfW0DC4NHquNPn0bgOUX4ETN4&amp;h=AT1nTraoGTDwAjKiiRqg4YiqTzZgtGC-Keqk8HWr4t1_4AxNQ2iOwChlLIU5P3liR4WRKP3opEZ2x5xnZEHU9MG_5mhTsoplRoNhFwQW-HnSBzRBlGYmcR2g7x1QapnHAQ&amp;__tn__=-UK-R&amp;c[0]=AT2F7CTV6ZfKTyNPSD6mHd9xX6DF05_iXP54Xu7Z247qnyd9yvHKSWNH8q8XXWprqBlThORvxS4uWs8_53WFai-nsZlBm_XvL6cGIkH7ohg6ZkbOKYh0Zc166BOtfu8TpCYZe1Jwhnysile-xCmonXRmmQ"><img loading="lazy" decoding="async" class="alignnone" src="https://cproviedo.es/wp-content/uploads/2021/11/AbrazarSeminarios_CabezalFormulario2021_2x-768x261.jpg" alt="" width="768" height="261" /></a></div>
<div dir="auto"></div>
<div dir="auto">La Dirección General de Diversidad Sexual y Derechos LGTBI (Ministerio de Igualdad) convoca un <strong>seminario gratuito de formación sobre diversidad sexual, familiar y de identidad de género en contextos educativos, basado en la guía</strong></div>
</div>
<div dir="auto"></div>
<div dir="auto"></div>
<div dir="auto" style="text-align: center">
<!-- iframe plugin v.6.0 wordpress.org/plugins/iframe/ -->
<iframe loading="lazy" src="https://drive.google.com/file/d/1oYhT8bbSgdH9fSQDTNcNFWZJdi1pVNaE/preview" width="640" height="480" allow="autoplay" 0="/iframe" scrolling="yes" class="iframe-class" frameborder="0"></iframe>
</div>
<div class="kvgmc6g5 cxmmr5t8 oygrvhab hcukyx3x c1et5uql ii04i59q">
<div dir="auto"></div>
<div dir="auto"><strong> «Abrazar la diversidad: propuestas para una educación libre de acoso homofóbico y transfóbico»</strong> (<a class="oajrlxb2 g5ia77u1 qu0x051f esr5mh6w e9989ue4 r7d6kgcz rq0escxv nhd2j8a9 nc684nl6 p7hjln8o kvgmc6g5 cxmmr5t8 oygrvhab hcukyx3x jb3vyjys rz4wbd8a qt6c0cv9 a8nywdso i1ao9s8h esuyzwwr f1sip0of lzcic4wl py34i1dx gpro0wi8" role="link" href="https://l.facebook.com/l.php?u=https%3A%2F%2Fcutt.ly%2FKwgEAkT%3Ffbclid%3DIwAR3bg4wg0Swf8ypXGig43bSSEVid7KFpSuxfW0DC4NHquNPn0bgOUX4ETN4&amp;h=AT1nTraoGTDwAjKiiRqg4YiqTzZgtGC-Keqk8HWr4t1_4AxNQ2iOwChlLIU5P3liR4WRKP3opEZ2x5xnZEHU9MG_5mhTsoplRoNhFwQW-HnSBzRBlGYmcR2g7x1QapnHAQ&amp;__tn__=-UK-R&amp;c[0]=AT2F7CTV6ZfKTyNPSD6mHd9xX6DF05_iXP54Xu7Z247qnyd9yvHKSWNH8q8XXWprqBlThORvxS4uWs8_53WFai-nsZlBm_XvL6cGIkH7ohg6ZkbOKYh0Zc166BOtfu8TpCYZe1Jwhnysile-xCmonXRmmQ" target="_blank" rel="nofollow noopener">https://cutt.ly/KwgEAkT</a>).</div>
<div dir="auto"></div>
</div>
<div class="o9v6fnle cxmmr5t8 oygrvhab hcukyx3x c1et5uql ii04i59q">
<ul>
<li>El seminario tiene una duración de 12 horas y está <strong>dirigido a docentes</strong>, miembros de equipos directivos y de orientación, asesores/as de centros de formación del profesorado y otras administraciones educativas y responsables de la administración educativa de todas las Comunidades Autónomas, Ceuta y Melilla.</li>
<li><strong>Estas jornadas formativas están certificadas por el Ministerio de Educación y Formación Profesional</strong> <strong>(créditos válidos para sexenios docentes)</strong> y financiadas por el Fondo Social Europeo.</li>
<li>Las jornadas están organizadas por el Grupo de Investigación Antropología, Diversidad y Convivencia (UCM).</li>
</ul>
<div dir="auto"></div>
</div>
<div class="o9v6fnle cxmmr5t8 oygrvhab hcukyx3x c1et5uql ii04i59q">
<div dir="auto">Para facilitar el acceso a esta formación, se celebrarán <strong>tres ediciones del seminario en fechas distintas</strong>, aunque siempre con el mismo horario (primera tarde de 16.00 a 20.30 hs y segundo día de 10:00 a 19:00 hs): dos de ellas son formaciones en línea y una presencial en Oviedo. Existen ayudas de viaje limitadas para personas que no son de la misma provincia en la que se celebrará la formación presencial:</div>
<div dir="auto"></div>
<div dir="auto">• En línea (con la colaboración de la Universidad Complutense de Madrid): Viernes 12 y sábado 13 de noviembre 2021.</div>
<div dir="auto">•<strong> Oviedo (con la colaboración de la Universidad de Oviedo): Viernes 19 y sábado 20 de noviembre 2021.</strong></div>
<div dir="auto">• En línea (con la colaboración de la Universidad Complutense de Madrid): Jueves 25 y viernes 26 de noviembre 2021.</div>
<div dir="auto"></div>
</div>
<div class="o9v6fnle cxmmr5t8 oygrvhab hcukyx3x c1et5uql ii04i59q">
<ul>
<li>Si tiene interés en participar en estas formaciones, no deje de consultar la información y preinscribirse lo antes posible en: <a class="oajrlxb2 g5ia77u1 qu0x051f esr5mh6w e9989ue4 r7d6kgcz rq0escxv nhd2j8a9 nc684nl6 p7hjln8o kvgmc6g5 cxmmr5t8 oygrvhab hcukyx3x jb3vyjys rz4wbd8a qt6c0cv9 a8nywdso i1ao9s8h esuyzwwr f1sip0of lzcic4wl py34i1dx gpro0wi8" role="link" href="https://l.facebook.com/l.php?u=https%3A%2F%2Fdocs.google.com%2Fforms%2Fd%2F1qbnxeZJ_Hghr1U3Xq0ey8YwCRxALE455EpdKgHimTa4%3Ffbclid%3DIwAR2mNkCdIsigCcj6KHa5IQdg-DwK0BBCRwoF5qFu9m-_R4PYxtUN4zTq62s&amp;h=AT1HMLNs5wq6ft5_dX84f2GIcMBJlif2ykOSLoib8u6jlqTy0T_IBZHB4xG_pk_l5DHqW0qKK-OrxPDau9zxmxMI16OHmAUJeHA4nAjTWQC-nRQjrWqx3P_JFqCelEyrDA&amp;__tn__=-UK-R&amp;c[0]=AT2F7CTV6ZfKTyNPSD6mHd9xX6DF05_iXP54Xu7Z247qnyd9yvHKSWNH8q8XXWprqBlThORvxS4uWs8_53WFai-nsZlBm_XvL6cGIkH7ohg6ZkbOKYh0Zc166BOtfu8TpCYZe1Jwhnysile-xCmonXRmmQ" target="_blank" rel="nofollow noopener">https://docs.google.com/…/1qbnxeZJ…</a></li>
<li>Rogamos dar la mayor difusión posible a esta propuesta entre las personas, centros educativos, comunidad docente, centros de formación del profesorado y responsables educativos de cada comunidad autónoma.</li>
</ul>
</div>
<div class="o9v6fnle cxmmr5t8 oygrvhab hcukyx3x c1et5uql ii04i59q">
<ul>
<li>Para cualquier información o consulta, por favor, escriba a: <span style="color: #008080">diversidadyconvivencia@gmail.com</span></li>
</ul>
</div>
<div class="o9v6fnle cxmmr5t8 oygrvhab hcukyx3x c1et5uql ii04i59q">
<ul>
<li>Reciba un afectuoso saludo, El equipo organizador: <a href="https://www.facebook.com/diversidadyconvivencia/?__cft__[0]=AZVGZCOtIh3DM_0DsKx-4OpX43g-dOeTi9yhoB7m_vCQG9ZQ6lLO41JvqEln9545br-acp4OTmTrAGa1JF_wZh2JeJTRq3T_h3n2Tmnqq8wTolmQtFVjaPUDwrvQwXsv3wk&amp;__tn__=kK-R">Grupo de Investigación «Antropología, Diversidad y Convivencia», UCM</a></li>
</ul>
</div>
<div class="o9v6fnle cxmmr5t8 oygrvhab hcukyx3x c1et5uql ii04i59q">
<div dir="auto"><a class="oajrlxb2 g5ia77u1 qu0x051f esr5mh6w e9989ue4 r7d6kgcz rq0escxv nhd2j8a9 nc684nl6 p7hjln8o kvgmc6g5 cxmmr5t8 oygrvhab hcukyx3x jb3vyjys rz4wbd8a qt6c0cv9 a8nywdso i1ao9s8h esuyzwwr f1sip0of lzcic4wl q66pz984 gpro0wi8 b1v8xokw" role="link" href="https://www.facebook.com/diversidadyconvivencia/?__cft__[0]=AZVGZCOtIh3DM_0DsKx-4OpX43g-dOeTi9yhoB7m_vCQG9ZQ6lLO41JvqEln9545br-acp4OTmTrAGa1JF_wZh2JeJTRq3T_h3n2Tmnqq8wTolmQtFVjaPUDwrvQwXsv3wk&amp;__tn__=kK-R"><span class="nc684nl6">https://www.facebook.com/diversidadyconvivencia/</span></a></div>
</div>

<p>La Dirección General de Diversidad Sexual y Derechos LGTBI (Ministerio de Igualdad) convoca un seminario gratuito de formación sobre diversidad sexual, familiar y de identidad de género en contextos educativos, basado en la guía «Abrazar la diversidad: propuestas para una educación libre de acoso homofóbico y transfóbico» (https://cutt.ly/KwgEAkT). El seminario tiene una duración de 12 [&hellip;]</p>
