{"id":5276,"date":"2022-10-29T17:01:09","date_gmt":"2022-10-29T15:01:09","guid":{"rendered":"https:\/\/edublog.educastur.es\/corredoria3\/?page_id=5276"},"modified":"2022-11-15T19:20:57","modified_gmt":"2022-11-15T17:20:57","slug":"cpr-oviedo","status":"publish","type":"page","link":"https:\/\/edublog.educastur.es\/corredoria3\/profes_cursos\/cpr-oviedo\/","title":{"rendered":"CPR Oviedo Actas y Biblio"},"content":{"rendered":"<ul>\n<li><a href=\"http:\/\/cproviedo.es\/documentacion-proyectos\">Modelos de Actas:<\/a><\/li>\n<\/ul>\n<div class=\"avada-page-titlebar-wrapper\">\n<div class=\"fusion-page-title-bar fusion-page-title-bar-none fusion-page-title-bar-left\">\n<div class=\"fusion-page-title-row\">\n<div class=\"fusion-page-title-wrapper\">\n<div class=\"fusion-page-title-captions\">\n<h1 class=\"entry-title\" style=\"text-align: center\"><span style=\"text-decoration: underline\"><span style=\"color: #ff6600;text-decoration: underline\">Documentaci\u00f3n Grupos y Proyectos de Formaci\u00f3n<\/span><\/span><\/h1>\n<\/div>\n<div class=\"fusion-page-title-secondary\">\n<div class=\"fusion-breadcrumbs\"><a href=\"http:\/\/cproviedo.es\">Inicio<\/a><span class=\"fusion-breadcrumb-sep\">\/<\/span><span class=\"breadcrumb-leaf\">Documentaci\u00f3n para actividades de Formaci\u00f3n en Centros<\/span><\/div>\n<\/div>\n<\/div>\n<\/div>\n<\/div>\n<\/div>\n<div class=\"fusion-row\">\n<section id=\"content\">\n<div id=\"post-1249\" class=\"post-1249 page type-page status-publish hentry\">\n<div class=\"post-content\">\n<div class=\"fusion-fullwidth fullwidth-box fusion-builder-row-1 nonhundred-percent-fullwidth non-hundred-percent-height-scrolling\">\n<div class=\"fusion-builder-row fusion-row \">\n<div class=\"fusion-layout-column fusion_builder_column fusion_builder_column_3_4 fusion-builder-column-1 fusion-three-fourth fusion-column-first fusion-column-no-min-height 3_4\">\n<div class=\"fusion-column-wrapper\" data-bg-url=\"\">\n<div class=\"w3eden\">\n<div class=\"link-template-default card mb-2\">\n<div class=\"card-body\">\n<div class=\"media stack-xs\">\n<div class=\"media-body\">\n<div class=\"media\">\n<div class=\"mr-3 img-48\"><\/div>\n<div class=\"media-body\">\n<ul>\n<li class=\"package-title\"><a href=\"http:\/\/cproviedo.es\/download\/modelo-de-acta-de-reunion\">Modelo de Acta de reuni\u00f3n 2022-2023<\/a><\/li>\n<\/ul>\n<div class=\"text-muted text-small\"><i class=\"fas fa-copy\"><\/i> archivo(s) <i class=\"fas fa-hdd ml-3\"><\/i> 481.85 KB<\/div>\n<\/div>\n<\/div>\n<\/div>\n<\/div>\n<\/div>\n<\/div>\n<\/div>\n<\/div>\n<\/div>\n<\/div>\n<\/div>\n<\/div>\n<\/div>\n<\/section>\n<\/div>\n<div class=\"w3eden\">\n<div class=\"link-template-default card mb-2\">\n<div class=\"card-body\">\n<div class=\"media stack-xs\">\n<div class=\"media-body\">\n<div class=\"media\">\n<div class=\"media-body\">\n<ul>\n<li class=\"package-title\"><a href=\"http:\/\/cproviedo.es\/download\/modelo-informe-tiempo-no-presencial\">Modelo informe tiempo no presencial 2022-2023<\/a><\/li>\n<\/ul>\n<div class=\"text-muted text-small\"><i class=\"fas fa-copy\"><\/i> archivo(s) <i class=\"fas fa-hdd ml-3\"><\/i> 462.06 KB<\/div>\n<\/div>\n<\/div>\n<\/div>\n<\/div>\n<\/div>\n<\/div>\n<\/div>\n<div class=\"w3eden\">\n<div class=\"link-template-default card mb-2\">\n<div class=\"card-body\">\n<div class=\"media stack-xs\">\n<div class=\"media-body\">\n<div class=\"media\">\n<div class=\"media-body\">\n<ul>\n<li class=\"package-title\"><a href=\"http:\/\/cproviedo.es\/download\/modelo-de-memoria-grupo-de-trabajo\">Memoria final Proyectos de formaci\u00f3n en centros 2021-2022<\/a><\/li>\n<\/ul>\n<div class=\"text-muted text-small\"><i class=\"fas fa-copy\"><\/i> archivo(s) <i class=\"fas fa-hdd ml-3\"><\/i> 94.16 KB<\/div>\n<\/div>\n<\/div>\n<\/div>\n<div class=\"ml-3 wpdmdl-btn\"><\/div>\n<\/div>\n<\/div>\n<\/div>\n<\/div>\n<div class=\"w3eden\">\n<div class=\"link-template-default card mb-2\">\n<div class=\"card-body\">\n<div class=\"media stack-xs\">\n<div class=\"media-body\">\n<div class=\"media\">\n<div class=\"media-body\">\n<ul>\n<li class=\"package-title\"><a href=\"http:\/\/cproviedo.es\/download\/memoria-final-proyecto-formacion-en-centros-contrato-programa-equidad-fase-i\">Memoria final PFC contrato-programa centros promotores equidad Fase II y III 2020-2021<\/a><\/li>\n<\/ul>\n<div class=\"text-muted text-small\"><i class=\"fas fa-copy\"><\/i> archivo(s) <i class=\"fas fa-hdd ml-3\"><\/i> 552.00 KB<\/div>\n<\/div>\n<\/div>\n<\/div>\n<div class=\"ml-3 wpdmdl-btn\"><\/div>\n<\/div>\n<\/div>\n<\/div>\n<\/div>\n<div class=\"w3eden\">\n<div class=\"link-template-default card mb-2\">\n<div class=\"card-body\">\n<div class=\"media stack-xs\">\n<div class=\"media-body\">\n<div class=\"media\">\n<div class=\"media-body\">\n<ul>\n<li class=\"package-title\"><a href=\"http:\/\/cproviedo.es\/download\/memoria-final-proyecto-formacion-en-centros-contrato-programa-fase-iii-y-iv\">Memoria final Proyecto Formaci\u00f3n en centros Contrato Programa Fase IV<\/a><\/li>\n<\/ul>\n<div class=\"text-muted text-small\"><i class=\"fas fa-copy\"><\/i> archivo(s) <i class=\"fas fa-hdd ml-3\"><\/i> 433.00 KB<\/div>\n<\/div>\n<\/div>\n<\/div>\n<div class=\"ml-3 wpdmdl-btn\"><\/div>\n<\/div>\n<\/div>\n<\/div>\n<\/div>\n<div class=\"link-template-default card mb-2\">\n<div class=\"card-body\">\n<div class=\"media stack-xs\">\n<div class=\"media-body\">\n<div class=\"media\">\n<div class=\"media-body\">\n<ul>\n<li class=\"package-title\"><a href=\"http:\/\/cproviedo.es\/download\/modelo-de-acta-con-informe-intermedio\">Modelo de acta con Informe de progreso 2020-2021<\/a><\/li>\n<\/ul>\n<div class=\"text-muted text-small\"><i class=\"fas fa-copy\"><\/i> archivo(s) <i class=\"fas fa-hdd ml-3\"><\/i> 415.27 KB<\/div>\n<\/div>\n<\/div>\n<\/div>\n<div class=\"ml-3 wpdmdl-btn\"><\/div>\n<\/div>\n<\/div>\n<\/div>\n<div class=\"w3eden\">\n<div class=\"link-template-default card mb-2\">\n<div class=\"card-body\">\n<div class=\"media stack-xs\">\n<div class=\"media-body\">\n<div class=\"media\">\n<div class=\"media-body\">\n<ul>\n<li class=\"package-title\"><a href=\"http:\/\/cproviedo.es\/download\/modelo-informe-tiempo-no-presencial\">Modelo informe tiempo no presencial 2022-2023<\/a><\/li>\n<\/ul>\n<div class=\"text-muted text-small\"><\/div>\n<\/div>\n<\/div>\n<\/div>\n<div class=\"ml-3 wpdmdl-btn\">\n<hr \/>\n<\/div>\n<\/div>\n<\/div>\n<\/div>\n<\/div>\n<p style=\"text-align: center\"><span style=\"color: #008080;font-size: 20px\">Abies CPR OVIEDO<\/span><\/p>\n<p style=\"text-align: center\"><img loading=\"lazy\" decoding=\"async\" class=\"alignnone size-full\" src=\"https:\/\/th.bing.com\/th\/id\/R.88a57c6fcdb24760850d4082e4d8a8e1?rik=ycjKBkN32M0UmA&amp;riu=http%3a%2f%2fcproviedo.es%2fwp-content%2fuploads%2f2016%2f12%2flogo_def_trans_200-1.png&amp;ehk=5pZ1tJohRuZJuTvus3yhJUeja13B6A8GKkOKA9MSHPk%3d&amp;risl=&amp;pid=ImgRaw&amp;r=0\" width=\"200\" height=\"181\" \/><\/p>\n<ul>\n<li><span style=\"font-size: 20px\"><strong><a href=\"https:\/\/abiesweb.educastur.es\/index.php\/home\/cproviedo\">AbiesWeb 3.5 (educastur.es)<\/a><\/strong><\/span><\/li>\n<li><a href=\"https:\/\/www.canva.com\/design\/DAFMYw7Exk0\/view?utm_content=DAFMYw7Exk0&amp;utm_campaign=designshare&amp;utm_medium=embeds&amp;utm_source=link\">Canva informativo<\/a><\/li>\n<\/ul>\n<div id=\"box_interes\">\n<div id=\"content_interes\">\n<div class=\"_18tjaw IVKCLA\">\n<div class=\"CSQ61Q fxHT8Q JgN_fQ\">\n<div class=\"_3stTEQ imh8lg\" lang=\"es-ES\">\n<p class=\"ok-Wdg UPenfA RVfbug\" style=\"text-align: center\"><span class=\"S1PPyQ\">\u00bfD\u00f3nde est\u00e1n los libros?<\/span><\/p>\n<\/div>\n<\/div>\n<\/div>\n<div class=\"_18tjaw IVKCLA\">\n<div class=\"CSQ61Q fxHT8Q JgN_fQ\">\n<div class=\"_3stTEQ imh8lg\" lang=\"es-ES\">\n<p class=\"ok-Wdg _5xZ9qA RVfbug\"><span class=\"S1PPyQ\">Astronom\u00eda, F\u00edsica, Qu\u00edmica, Ciencias de la Tierra, Paleontolog\u00eda, Biolog\u00eda, Bot\u00e1nica, Zoolog\u00eda, Ciencias Aplicadas, Drogas, Educaci\u00f3n Sexual, Ingenier\u00eda, Industria, Artes pl\u00e1sticas, M\u00fasica, Teatro, Deportes, Ling\u00fc\u00edstica, Ingl\u00e9s, Franc\u00e9s, Lenguas Cl\u00e1sicas, Lengua espa\u00f1ola, Literatura en espa\u00f1ol, Literatura en lengua inglesa.<\/span><\/p>\n<\/div>\n<\/div>\n<\/div>\n<div class=\"_18tjaw IVKCLA\">\n<div class=\"CSQ61Q fxHT8Q JgN_fQ\">\n<div class=\"_3stTEQ imh8lg\" lang=\"es-ES\">\n<p class=\"ok-Wdg _5xZ9qA RVfbug\"><span class=\"S1PPyQ\">Obras generales, Bibliotecas, Filosof\u00eda, Psicolog\u00eda, Religi\u00f3n, Ciencias Sociales, Econom\u00eda, Legislaci\u00f3n, Educaci\u00f3n, Pedagog\u00eda, Did\u00e1ctica y metodolog\u00eda, Educaci\u00f3n en valores, Orientaci\u00f3n educativa, Organizaci\u00f3n educativa, Primaria, ESO, Educaci\u00f3n de adultos, Atenci\u00f3n a la diversidad, Ciencias exactas y naturales, Medio ambiente, Matem\u00e1ticas.<\/span><\/p>\n<\/div>\n<\/div>\n<\/div>\n<div class=\"_18tjaw IVKCLA\">\n<div class=\"LnihSA\">\n<div class=\"X0udsg\">\n<div class=\"OQp0jg\">\n<div class=\"xcfBCw J6cDAg\">\n<div class=\"DvXlvQ\"><img loading=\"lazy\" decoding=\"async\" class=\"T96P6A aligncenter\" src=\"https:\/\/media-public.canva.com\/wVERI\/MAEFhkwVERI\/1\/s.svg\" alt=\"Illustration of Books \" width=\"209\" height=\"189\" \/><\/div>\n<\/div>\n<\/div>\n<\/div>\n<\/div>\n<\/div>\n<div class=\"_18tjaw IVKCLA\">\n<div class=\"CSQ61Q fxHT8Q JgN_fQ\">\n<div class=\"_3stTEQ imh8lg\" lang=\"es-ES\">\n<p class=\"ok-Wdg _5xZ9qA RVfbug\"><span class=\"S1PPyQ\">Literatura infantil (0-6 a\u00f1os), Literatura en lengua francesa, Historia, Geograf\u00eda, Biograf\u00edas.<\/span><\/p>\n<p class=\"ok-Wdg _5xZ9qA RVfbug\"><span class=\"S1PPyQ\">Asturias: Ciencias sociales, Ciencias exactas y naturales, Ciencias aplicadas, Arte, Llingua asturiana, Literatura en asturiano, Biograf\u00edas.<\/span><\/p>\n<\/div>\n<\/div>\n<\/div>\n<div class=\"_18tjaw IVKCLA\">\n<div class=\"CSQ61Q fxHT8Q JgN_fQ\">\n<div class=\"_3stTEQ imh8lg\" lang=\"es-ES\">\n<p class=\"ok-Wdg UPenfA RVfbug\" style=\"text-align: center\"><span class=\"S1PPyQ\" style=\"color: #008080\">Sala de lectura: aula 13 (1\u00aa planta)<\/span><\/p>\n<\/div>\n<\/div>\n<\/div>\n<\/div>\n<\/div>\n<div id=\"box_noticias\">\n<div class=\"news\"><\/div>\n<\/div>\n","protected":false},"excerpt":{"rendered":"<p>Modelos de Actas: Documentaci\u00f3n Grupos y Proyectos de Formaci\u00f3n Inicio\/Documentaci\u00f3n para actividades de Formaci\u00f3n en Centros Modelo de Acta de reuni\u00f3n 2022-2023 archivo(s) 481.85 KB Modelo informe tiempo no presencial 2022-2023 archivo(s) 462.06 KB Memoria final Proyectos de formaci\u00f3n en centros 2021-2022 archivo(s) 94.16 KB Memoria final PFC contrato-programa centros promotores equidad Fase II y [&hellip;]<\/p>\n","protected":false},"author":117,"featured_media":0,"parent":4660,"menu_order":0,"comment_status":"closed","ping_status":"closed","template":"","meta":{"footnotes":""},"class_list":["post-5276","page","type-page","status-publish","hentry","post-preview"],"_links":{"self":[{"href":"https:\/\/edublog.educastur.es\/corredoria3\/wp-json\/wp\/v2\/pages\/5276","targetHints":{"allow":["GET"]}}],"collection":[{"href":"https:\/\/edublog.educastur.es\/corredoria3\/wp-json\/wp\/v2\/pages"}],"about":[{"href":"https:\/\/edublog.educastur.es\/corredoria3\/wp-json\/wp\/v2\/types\/page"}],"author":[{"embeddable":true,"href":"https:\/\/edublog.educastur.es\/corredoria3\/wp-json\/wp\/v2\/users\/117"}],"replies":[{"embeddable":true,"href":"https:\/\/edublog.educastur.es\/corredoria3\/wp-json\/wp\/v2\/comments?post=5276"}],"version-history":[{"count":7,"href":"https:\/\/edublog.educastur.es\/corredoria3\/wp-json\/wp\/v2\/pages\/5276\/revisions"}],"predecessor-version":[{"id":5473,"href":"https:\/\/edublog.educastur.es\/corredoria3\/wp-json\/wp\/v2\/pages\/5276\/revisions\/5473"}],"up":[{"embeddable":true,"href":"https:\/\/edublog.educastur.es\/corredoria3\/wp-json\/wp\/v2\/pages\/4660"}],"wp:attachment":[{"href":"https:\/\/edublog.educastur.es\/corredoria3\/wp-json\/wp\/v2\/media?parent=5276"}],"curies":[{"name":"wp","href":"https:\/\/api.w.org\/{rel}","templated":true}]}}

<ul>
<li><a href="http://cproviedo.es/documentacion-proyectos">Modelos de Actas:</a></li>
</ul>
<div class="avada-page-titlebar-wrapper">
<div class="fusion-page-title-bar fusion-page-title-bar-none fusion-page-title-bar-left">
<div class="fusion-page-title-row">
<div class="fusion-page-title-wrapper">
<div class="fusion-page-title-captions">
<h1 class="entry-title" style="text-align: center"><span style="text-decoration: underline"><span style="color: #ff6600;text-decoration: underline">Documentación Grupos y Proyectos de Formación</span></span></h1>
</div>
<div class="fusion-page-title-secondary">
<div class="fusion-breadcrumbs"><a href="http://cproviedo.es">Inicio</a><span class="fusion-breadcrumb-sep">/</span><span class="breadcrumb-leaf">Documentación para actividades de Formación en Centros</span></div>
</div>
</div>
</div>
</div>
</div>
<div class="fusion-row">
<section id="content">
<div id="post-1249" class="post-1249 page type-page status-publish hentry">
<div class="post-content">
<div class="fusion-fullwidth fullwidth-box fusion-builder-row-1 nonhundred-percent-fullwidth non-hundred-percent-height-scrolling">
<div class="fusion-builder-row fusion-row ">
<div class="fusion-layout-column fusion_builder_column fusion_builder_column_3_4 fusion-builder-column-1 fusion-three-fourth fusion-column-first fusion-column-no-min-height 3_4">
<div class="fusion-column-wrapper" data-bg-url="">
<div class="w3eden">
<div class="link-template-default card mb-2">
<div class="card-body">
<div class="media stack-xs">
<div class="media-body">
<div class="media">
<div class="mr-3 img-48"></div>
<div class="media-body">
<ul>
<li class="package-title"><a href="http://cproviedo.es/download/modelo-de-acta-de-reunion">Modelo de Acta de reunión 2022-2023</a></li>
</ul>
<div class="text-muted text-small"><i class="fas fa-copy"></i> archivo(s) <i class="fas fa-hdd ml-3"></i> 481.85 KB</div>
</div>
</div>
</div>
</div>
</div>
</div>
</div>
</div>
</div>
</div>
</div>
</div>
</div>
</section>
</div>
<div class="w3eden">
<div class="link-template-default card mb-2">
<div class="card-body">
<div class="media stack-xs">
<div class="media-body">
<div class="media">
<div class="media-body">
<ul>
<li class="package-title"><a href="http://cproviedo.es/download/modelo-informe-tiempo-no-presencial">Modelo informe tiempo no presencial 2022-2023</a></li>
</ul>
<div class="text-muted text-small"><i class="fas fa-copy"></i> archivo(s) <i class="fas fa-hdd ml-3"></i> 462.06 KB</div>
</div>
</div>
</div>
</div>
</div>
</div>
</div>
<div class="w3eden">
<div class="link-template-default card mb-2">
<div class="card-body">
<div class="media stack-xs">
<div class="media-body">
<div class="media">
<div class="media-body">
<ul>
<li class="package-title"><a href="http://cproviedo.es/download/modelo-de-memoria-grupo-de-trabajo">Memoria final Proyectos de formación en centros 2021-2022</a></li>
</ul>
<div class="text-muted text-small"><i class="fas fa-copy"></i> archivo(s) <i class="fas fa-hdd ml-3"></i> 94.16 KB</div>
</div>
</div>
</div>
<div class="ml-3 wpdmdl-btn"></div>
</div>
</div>
</div>
</div>
<div class="w3eden">
<div class="link-template-default card mb-2">
<div class="card-body">
<div class="media stack-xs">
<div class="media-body">
<div class="media">
<div class="media-body">
<ul>
<li class="package-title"><a href="http://cproviedo.es/download/memoria-final-proyecto-formacion-en-centros-contrato-programa-equidad-fase-i">Memoria final PFC contrato-programa centros promotores equidad Fase II y III 2020-2021</a></li>
</ul>
<div class="text-muted text-small"><i class="fas fa-copy"></i> archivo(s) <i class="fas fa-hdd ml-3"></i> 552.00 KB</div>
</div>
</div>
</div>
<div class="ml-3 wpdmdl-btn"></div>
</div>
</div>
</div>
</div>
<div class="w3eden">
<div class="link-template-default card mb-2">
<div class="card-body">
<div class="media stack-xs">
<div class="media-body">
<div class="media">
<div class="media-body">
<ul>
<li class="package-title"><a href="http://cproviedo.es/download/memoria-final-proyecto-formacion-en-centros-contrato-programa-fase-iii-y-iv">Memoria final Proyecto Formación en centros Contrato Programa Fase IV</a></li>
</ul>
<div class="text-muted text-small"><i class="fas fa-copy"></i> archivo(s) <i class="fas fa-hdd ml-3"></i> 433.00 KB</div>
</div>
</div>
</div>
<div class="ml-3 wpdmdl-btn"></div>
</div>
</div>
</div>
</div>
<div class="link-template-default card mb-2">
<div class="card-body">
<div class="media stack-xs">
<div class="media-body">
<div class="media">
<div class="media-body">
<ul>
<li class="package-title"><a href="http://cproviedo.es/download/modelo-de-acta-con-informe-intermedio">Modelo de acta con Informe de progreso 2020-2021</a></li>
</ul>
<div class="text-muted text-small"><i class="fas fa-copy"></i> archivo(s) <i class="fas fa-hdd ml-3"></i> 415.27 KB</div>
</div>
</div>
</div>
<div class="ml-3 wpdmdl-btn"></div>
</div>
</div>
</div>
<div class="w3eden">
<div class="link-template-default card mb-2">
<div class="card-body">
<div class="media stack-xs">
<div class="media-body">
<div class="media">
<div class="media-body">
<ul>
<li class="package-title"><a href="http://cproviedo.es/download/modelo-informe-tiempo-no-presencial">Modelo informe tiempo no presencial 2022-2023</a></li>
</ul>
<div class="text-muted text-small"></div>
</div>
</div>
</div>
<div class="ml-3 wpdmdl-btn">
<hr />
</div>
</div>
</div>
</div>
</div>
<p style="text-align: center"><span style="color: #008080;font-size: 20px">Abies CPR OVIEDO</span></p>
<p style="text-align: center"><img loading="lazy" decoding="async" class="alignnone size-full" src="https://th.bing.com/th/id/R.88a57c6fcdb24760850d4082e4d8a8e1?rik=ycjKBkN32M0UmA&amp;riu=http%3a%2f%2fcproviedo.es%2fwp-content%2fuploads%2f2016%2f12%2flogo_def_trans_200-1.png&amp;ehk=5pZ1tJohRuZJuTvus3yhJUeja13B6A8GKkOKA9MSHPk%3d&amp;risl=&amp;pid=ImgRaw&amp;r=0" width="200" height="181" /></p>
<ul>
<li><span style="font-size: 20px"><strong><a href="https://abiesweb.educastur.es/index.php/home/cproviedo">AbiesWeb 3.5 (educastur.es)</a></strong></span></li>
<li><a href="https://www.canva.com/design/DAFMYw7Exk0/view?utm_content=DAFMYw7Exk0&amp;utm_campaign=designshare&amp;utm_medium=embeds&amp;utm_source=link">Canva informativo</a></li>
</ul>
<div id="box_interes">
<div id="content_interes">
<div class="_18tjaw IVKCLA">
<div class="CSQ61Q fxHT8Q JgN_fQ">
<div class="_3stTEQ imh8lg" lang="es-ES">
<p class="ok-Wdg UPenfA RVfbug" style="text-align: center"><span class="S1PPyQ">¿Dónde están los libros?</span></p>
</div>
</div>
</div>
<div class="_18tjaw IVKCLA">
<div class="CSQ61Q fxHT8Q JgN_fQ">
<div class="_3stTEQ imh8lg" lang="es-ES">
<p class="ok-Wdg _5xZ9qA RVfbug"><span class="S1PPyQ">Astronomía, Física, Química, Ciencias de la Tierra, Paleontología, Biología, Botánica, Zoología, Ciencias Aplicadas, Drogas, Educación Sexual, Ingeniería, Industria, Artes plásticas, Música, Teatro, Deportes, Lingüística, Inglés, Francés, Lenguas Clásicas, Lengua española, Literatura en español, Literatura en lengua inglesa.</span></p>
</div>
</div>
</div>
<div class="_18tjaw IVKCLA">
<div class="CSQ61Q fxHT8Q JgN_fQ">
<div class="_3stTEQ imh8lg" lang="es-ES">
<p class="ok-Wdg _5xZ9qA RVfbug"><span class="S1PPyQ">Obras generales, Bibliotecas, Filosofía, Psicología, Religión, Ciencias Sociales, Economía, Legislación, Educación, Pedagogía, Didáctica y metodología, Educación en valores, Orientación educativa, Organización educativa, Primaria, ESO, Educación de adultos, Atención a la diversidad, Ciencias exactas y naturales, Medio ambiente, Matemáticas.</span></p>
</div>
</div>
</div>
<div class="_18tjaw IVKCLA">
<div class="LnihSA">
<div class="X0udsg">
<div class="OQp0jg">
<div class="xcfBCw J6cDAg">
<div class="DvXlvQ"><img loading="lazy" decoding="async" class="T96P6A aligncenter" src="https://media-public.canva.com/wVERI/MAEFhkwVERI/1/s.svg" alt="Illustration of Books " width="209" height="189" /></div>
</div>
</div>
</div>
</div>
</div>
<div class="_18tjaw IVKCLA">
<div class="CSQ61Q fxHT8Q JgN_fQ">
<div class="_3stTEQ imh8lg" lang="es-ES">
<p class="ok-Wdg _5xZ9qA RVfbug"><span class="S1PPyQ">Literatura infantil (0-6 años), Literatura en lengua francesa, Historia, Geografía, Biografías.</span></p>
<p class="ok-Wdg _5xZ9qA RVfbug"><span class="S1PPyQ">Asturias: Ciencias sociales, Ciencias exactas y naturales, Ciencias aplicadas, Arte, Llingua asturiana, Literatura en asturiano, Biografías.</span></p>
</div>
</div>
</div>
<div class="_18tjaw IVKCLA">
<div class="CSQ61Q fxHT8Q JgN_fQ">
<div class="_3stTEQ imh8lg" lang="es-ES">
<p class="ok-Wdg UPenfA RVfbug" style="text-align: center"><span class="S1PPyQ" style="color: #008080">Sala de lectura: aula 13 (1ª planta)</span></p>
</div>
</div>
</div>
</div>
</div>
<div id="box_noticias">
<div class="news"></div>
</div>

<p>Modelos de Actas: Documentación Grupos y Proyectos de Formación Inicio/Documentación para actividades de Formación en Centros Modelo de Acta de reunión 2022-2023 archivo(s) 481.85 KB Modelo informe tiempo no presencial 2022-2023 archivo(s) 462.06 KB Memoria final Proyectos de formación en centros 2021-2022 archivo(s) 94.16 KB Memoria final PFC contrato-programa centros promotores equidad Fase II y [&hellip;]</p>
