{"id":5303,"date":"2022-11-03T09:11:05","date_gmt":"2022-11-03T07:11:05","guid":{"rendered":"https:\/\/edublog.educastur.es\/corredoria3\/?page_id=5303"},"modified":"2022-11-03T09:31:29","modified_gmt":"2022-11-03T07:31:29","slug":"videos","status":"publish","type":"page","link":"https:\/\/edublog.educastur.es\/corredoria3\/intranet-profes\/dua\/videos\/","title":{"rendered":"VIDEOS"},"content":{"rendered":"<ul>\n<li><a href=\"https:\/\/pedagoque.com\/dua-diseno-universal-de-aprendizaje-que-es\/\">DUA \u00bfQu\u00e9 es?<\/a><\/li>\n<\/ul>\n<p style=\"text-align: center\"><strong>Coral Elizondo: <\/strong><a href=\"https:\/\/www.youtube.com\/c\/CoralElizondo\">Youtube<\/a> \/ <a href=\"https:\/\/www.youtube.com\/redirect?event=video_description&amp;redir_token=QUFFLUhqbjVWa09YdWJOVnB0Y3UwYzdWTlhmS2M0ZEFhZ3xBQ3Jtc0tsUWpSLUZQRDFKQk5HRnE3S1hGLUd0RlRSZVpxUXV5bnBZeUhDV0RBMWw4Y2cwVk5TQ2I5c2RGTzUtYVpyREhOWkNHeTZUcGFFMDRfTy1iUGNkT0toZ3pBQV9EYVY4TlJJSUpoYVAtVF9nMlBYWE5MTQ&amp;q=https%3A%2F%2Fcoralelizondo.wordpress.com%2F2018%2F09%2F16%2Faulas-dua-garantizar-una-educacion-inclusiva-es-posible%2F&amp;v=L73gg8UX6ZE\">Blog<\/a> \/<\/p>\n<p style=\"text-align: center\">\n<!-- iframe plugin v.6.0 wordpress.org\/plugins\/iframe\/ -->\n<iframe loading=\"lazy\" width=\"100%\" height=\"395\" src=\"https:\/\/www.youtube.com\/embed\/K3jcuE63AjI\" 0=\"\/iframe\" scrolling=\"yes\" class=\"iframe-class\" frameborder=\"0\"><\/iframe>\n<\/p>\n<p style=\"text-align: center\">\n<!-- iframe plugin v.6.0 wordpress.org\/plugins\/iframe\/ -->\n<iframe loading=\"lazy\" width=\"100%\" height=\"395\" src=\"https:\/\/www.youtube.com\/embed\/MNmsCwsg9hM\" 0=\"\/iframe\" scrolling=\"yes\" class=\"iframe-class\" frameborder=\"0\"><\/iframe>\n<\/p>\n<p style=\"text-align: center\">\n<!-- iframe plugin v.6.0 wordpress.org\/plugins\/iframe\/ -->\n<iframe loading=\"lazy\" width=\"100%\" height=\"395\" src=\"https:\/\/www.youtube.com\/embed\/QQRU1RsEH5c\" 0=\"\/iframe\" scrolling=\"yes\" class=\"iframe-class\" frameborder=\"0\"><\/iframe>\n<\/p>\n<p style=\"text-align: center\">\n<!-- iframe plugin v.6.0 wordpress.org\/plugins\/iframe\/ -->\n<iframe loading=\"lazy\" width=\"100%\" height=\"395\" src=\"https:\/\/www.youtube.com\/embed\/L73gg8UX6ZE\" 0=\"\/iframe\" scrolling=\"yes\" class=\"iframe-class\" frameborder=\"0\"><\/iframe>\n<\/p>\n<p style=\"text-align: center\"><span class=\"style-scope yt-formatted-string\" dir=\"auto\">Hablaremos de aulas DUA como un espacio educativo flexible que permite las interacciones, que posibilita el aprendizaje activo, que promueve la autonom\u00eda y la autorregulaci\u00f3n en todo el alumnado. Un espacio acogedor que invita al aprendizaje y un espacio seguro para todo el alumnado. Las aulas DUA proporcionan opciones para el inter\u00e9s, con propuestas diversas centradas en sus intereses personales; proporcionan m\u00faltiples formas para la representaci\u00f3n, la acci\u00f3n y la expresi\u00f3n, con el dise\u00f1o de ambientes de aprendizaje ajustados a las necesidades de todo el alumnado. <\/span><\/p>\n<hr \/>\n<p style=\"text-align: center\">\n<!-- iframe plugin v.6.0 wordpress.org\/plugins\/iframe\/ -->\n<iframe loading=\"lazy\" width=\"100%\" height=\"395\" src=\"https:\/\/www.youtube.com\/embed\/qFKoR7NaxNw\" 0=\"\/iframe\" scrolling=\"yes\" class=\"iframe-class\" frameborder=\"0\"><\/iframe>\n<\/p>\n<p style=\"text-align: center\">\n<!-- iframe plugin v.6.0 wordpress.org\/plugins\/iframe\/ -->\n<iframe loading=\"lazy\" width=\"100%\" height=\"395\" src=\"https:\/\/www.youtube.com\/embed\/u8tK8UkoAmM\" 0=\"\/iframe\" scrolling=\"yes\" class=\"iframe-class\" frameborder=\"0\"><\/iframe>\n<\/p>\n<p style=\"text-align: center\">\n<!-- iframe plugin v.6.0 wordpress.org\/plugins\/iframe\/ -->\n<iframe loading=\"lazy\" width=\"100%\" height=\"395\" src=\"https:\/\/www.youtube.com\/embed\/7b8RZnPv9fI\" 0=\"\/iframe\" scrolling=\"yes\" class=\"iframe-class\" frameborder=\"0\"><\/iframe>\n<\/p>\n<p style=\"text-align: center\">\n<!-- iframe plugin v.6.0 wordpress.org\/plugins\/iframe\/ -->\n<iframe loading=\"lazy\" width=\"100%\" height=\"395\" src=\"https:\/\/www.youtube.com\/embed\/qFKoR7NaxNw\" 0=\"\/iframe\" scrolling=\"yes\" class=\"iframe-class\" frameborder=\"0\"><\/iframe>\n<\/p>\n<p style=\"text-align: center\">\n<!-- iframe plugin v.6.0 wordpress.org\/plugins\/iframe\/ -->\n<iframe loading=\"lazy\" width=\"100%\" height=\"395\" src=\"https:\/\/www.youtube.com\/embed\/rtxbb0Ma3bQ\" 0=\"\/iframe\" scrolling=\"yes\" class=\"iframe-class\" frameborder=\"0\"><\/iframe>\n<\/p>\n<p>&nbsp;<\/p>\n<p>&nbsp;<\/p>\n<p>&nbsp;<\/p>\n","protected":false},"excerpt":{"rendered":"<p>DUA \u00bfQu\u00e9 es? Coral Elizondo: Youtube \/ Blog \/ Hablaremos de aulas DUA como un espacio educativo flexible que permite las interacciones, que posibilita el aprendizaje activo, que promueve la autonom\u00eda y la autorregulaci\u00f3n en todo el alumnado. Un espacio acogedor que invita al aprendizaje y un espacio seguro para todo el alumnado. Las aulas [&hellip;]<\/p>\n","protected":false},"author":117,"featured_media":0,"parent":5293,"menu_order":0,"comment_status":"closed","ping_status":"closed","template":"","meta":{"footnotes":""},"class_list":["post-5303","page","type-page","status-publish","hentry","post-preview"],"_links":{"self":[{"href":"https:\/\/edublog.educastur.es\/corredoria3\/wp-json\/wp\/v2\/pages\/5303","targetHints":{"allow":["GET"]}}],"collection":[{"href":"https:\/\/edublog.educastur.es\/corredoria3\/wp-json\/wp\/v2\/pages"}],"about":[{"href":"https:\/\/edublog.educastur.es\/corredoria3\/wp-json\/wp\/v2\/types\/page"}],"author":[{"embeddable":true,"href":"https:\/\/edublog.educastur.es\/corredoria3\/wp-json\/wp\/v2\/users\/117"}],"replies":[{"embeddable":true,"href":"https:\/\/edublog.educastur.es\/corredoria3\/wp-json\/wp\/v2\/comments?post=5303"}],"version-history":[{"count":3,"href":"https:\/\/edublog.educastur.es\/corredoria3\/wp-json\/wp\/v2\/pages\/5303\/revisions"}],"predecessor-version":[{"id":5329,"href":"https:\/\/edublog.educastur.es\/corredoria3\/wp-json\/wp\/v2\/pages\/5303\/revisions\/5329"}],"up":[{"embeddable":true,"href":"https:\/\/edublog.educastur.es\/corredoria3\/wp-json\/wp\/v2\/pages\/5293"}],"wp:attachment":[{"href":"https:\/\/edublog.educastur.es\/corredoria3\/wp-json\/wp\/v2\/media?parent=5303"}],"curies":[{"name":"wp","href":"https:\/\/api.w.org\/{rel}","templated":true}]}}

<ul>
<li><a href="https://pedagoque.com/dua-diseno-universal-de-aprendizaje-que-es/">DUA ¿Qué es?</a></li>
</ul>
<p style="text-align: center"><strong>Coral Elizondo: </strong><a href="https://www.youtube.com/c/CoralElizondo">Youtube</a> / <a href="https://www.youtube.com/redirect?event=video_description&amp;redir_token=QUFFLUhqbjVWa09YdWJOVnB0Y3UwYzdWTlhmS2M0ZEFhZ3xBQ3Jtc0tsUWpSLUZQRDFKQk5HRnE3S1hGLUd0RlRSZVpxUXV5bnBZeUhDV0RBMWw4Y2cwVk5TQ2I5c2RGTzUtYVpyREhOWkNHeTZUcGFFMDRfTy1iUGNkT0toZ3pBQV9EYVY4TlJJSUpoYVAtVF9nMlBYWE5MTQ&amp;q=https%3A%2F%2Fcoralelizondo.wordpress.com%2F2018%2F09%2F16%2Faulas-dua-garantizar-una-educacion-inclusiva-es-posible%2F&amp;v=L73gg8UX6ZE">Blog</a> /</p>
<p style="text-align: center">
<!-- iframe plugin v.6.0 wordpress.org/plugins/iframe/ -->
<iframe loading="lazy" width="100%" height="395" src="https://www.youtube.com/embed/K3jcuE63AjI" 0="/iframe" scrolling="yes" class="iframe-class" frameborder="0"></iframe>
</p>
<p style="text-align: center">
<!-- iframe plugin v.6.0 wordpress.org/plugins/iframe/ -->
<iframe loading="lazy" width="100%" height="395" src="https://www.youtube.com/embed/MNmsCwsg9hM" 0="/iframe" scrolling="yes" class="iframe-class" frameborder="0"></iframe>
</p>
<p style="text-align: center">
<!-- iframe plugin v.6.0 wordpress.org/plugins/iframe/ -->
<iframe loading="lazy" width="100%" height="395" src="https://www.youtube.com/embed/QQRU1RsEH5c" 0="/iframe" scrolling="yes" class="iframe-class" frameborder="0"></iframe>
</p>
<p style="text-align: center">
<!-- iframe plugin v.6.0 wordpress.org/plugins/iframe/ -->
<iframe loading="lazy" width="100%" height="395" src="https://www.youtube.com/embed/L73gg8UX6ZE" 0="/iframe" scrolling="yes" class="iframe-class" frameborder="0"></iframe>
</p>
<p style="text-align: center"><span class="style-scope yt-formatted-string" dir="auto">Hablaremos de aulas DUA como un espacio educativo flexible que permite las interacciones, que posibilita el aprendizaje activo, que promueve la autonomía y la autorregulación en todo el alumnado. Un espacio acogedor que invita al aprendizaje y un espacio seguro para todo el alumnado. Las aulas DUA proporcionan opciones para el interés, con propuestas diversas centradas en sus intereses personales; proporcionan múltiples formas para la representación, la acción y la expresión, con el diseño de ambientes de aprendizaje ajustados a las necesidades de todo el alumnado. </span></p>
<hr />
<p style="text-align: center">
<!-- iframe plugin v.6.0 wordpress.org/plugins/iframe/ -->
<iframe loading="lazy" width="100%" height="395" src="https://www.youtube.com/embed/qFKoR7NaxNw" 0="/iframe" scrolling="yes" class="iframe-class" frameborder="0"></iframe>
</p>
<p style="text-align: center">
<!-- iframe plugin v.6.0 wordpress.org/plugins/iframe/ -->
<iframe loading="lazy" width="100%" height="395" src="https://www.youtube.com/embed/u8tK8UkoAmM" 0="/iframe" scrolling="yes" class="iframe-class" frameborder="0"></iframe>
</p>
<p style="text-align: center">
<!-- iframe plugin v.6.0 wordpress.org/plugins/iframe/ -->
<iframe loading="lazy" width="100%" height="395" src="https://www.youtube.com/embed/7b8RZnPv9fI" 0="/iframe" scrolling="yes" class="iframe-class" frameborder="0"></iframe>
</p>
<p style="text-align: center">
<!-- iframe plugin v.6.0 wordpress.org/plugins/iframe/ -->
<iframe loading="lazy" width="100%" height="395" src="https://www.youtube.com/embed/qFKoR7NaxNw" 0="/iframe" scrolling="yes" class="iframe-class" frameborder="0"></iframe>
</p>
<p style="text-align: center">
<!-- iframe plugin v.6.0 wordpress.org/plugins/iframe/ -->
<iframe loading="lazy" width="100%" height="395" src="https://www.youtube.com/embed/rtxbb0Ma3bQ" 0="/iframe" scrolling="yes" class="iframe-class" frameborder="0"></iframe>
</p>
<p>&nbsp;</p>
<p>&nbsp;</p>
<p>&nbsp;</p>

<p>DUA ¿Qué es? Coral Elizondo: Youtube / Blog / Hablaremos de aulas DUA como un espacio educativo flexible que permite las interacciones, que posibilita el aprendizaje activo, que promueve la autonomía y la autorregulación en todo el alumnado. Un espacio acogedor que invita al aprendizaje y un espacio seguro para todo el alumnado. Las aulas [&hellip;]</p>
