{"id":5326,"date":"2022-11-03T09:30:21","date_gmt":"2022-11-03T07:30:21","guid":{"rendered":"https:\/\/edublog.educastur.es\/corredoria3\/?page_id=5326"},"modified":"2022-11-03T09:30:32","modified_gmt":"2022-11-03T07:30:32","slug":"5326-2","status":"publish","type":"page","link":"https:\/\/edublog.educastur.es\/corredoria3\/intranet-profes\/dua\/articulos\/5326-2\/","title":{"rendered":"Dise\u00f1o"},"content":{"rendered":"<p><span style=\"font-size: 20px\"><a href=\"https:\/\/yenqui.wixsite.com\/website-1\/post\/dise%C3%B1o-universal-para-el-aprendizaje-dua\">https:\/\/yenqui.wixsite.com\/website-1\/post\/dise%C3%B1o-universal-para-el-aprendizaje-dua<\/a><\/span><\/p>\n<div class=\"OFA52E\">\n<div class=\"cD_92h UitnHM\" data-hook=\"post-title\">\n<h1 class=\"UbhFJ7 nkqC0Q blog-post-title-font blog-post-title-color blog-text-color post-title blog-hover-container-element-color FG3qXk blog-post-page-title-font\" style=\"text-align: center\" data-hook=\"post-title\"><span class=\"post-title__text blog-post-title-font blog-post-title-color\" style=\"color: #008080\"><span class=\"blog-post-title-font blog-post-title-color\">Dise\u00f1o Universal para el Aprendizaje (DUA)<\/span><\/span><\/h1>\n<\/div>\n<\/div>\n<p class=\"lkwdFf OFA52E\">Actualizado: <span class=\"time-ago\" title=\"6 ago 2020\" data-hook=\"time-ago\">6 ago 2020<\/span><\/p>\n<div class=\"nLG8d5\" data-hook=\"post-description\">\n<article class=\"blog-post-page-font\">\n<div class=\"post-content__body\">\n<div class=\"NjQ71C\">\n<div class=\"NjQ71C\">\n<div class=\"ZylKKv md1nXG SwMATA\" data-rce-version=\"9.2.8\">\n<div class=\"kvdbP HWlYoF wrLZsV _1O7aH\" dir=\"ltr\" data-id=\"rich-content-viewer\">\n<div class=\"_1hN1O uyQefQ _3EPBy\">\n<div data-hook=\"rcv-block-first\"><\/div>\n<div data-hook=\"rcv-block1\"><\/div>\n<div id=\"viewer-7acbq\" class=\"_2vd5k b6lcWf\">\n<div class=\"_3VL_9 VgmBGL VgmBGL _3vo3y zOjvSU zOjvSU\">\n<div class=\"_2kEVY\" role=\"button\" data-hook=\"imageViewer\">\n<div id=\"new-image32033\" class=\"_3WJnn _2i-Gt _2Ybje\"><img decoding=\"async\" class=\"aligncenter\" src=\"https:\/\/static.wixstatic.com\/media\/9a3ce2_e98f99c6602c4ab18e170eb5a2b66cf7~mv2.png\/v1\/fill\/w_450,h_446,al_c,lg_1,q_85,enc_auto\/9a3ce2_e98f99c6602c4ab18e170eb5a2b66cf7~mv2.png\" alt=\"\" data-pin-url=\"https:\/\/yenqui.wixsite.com\/website-1\/post\/dise\u00f1o-universal-para-el-aprendizaje-dua\" data-pin-media=\"https:\/\/static.wixstatic.com\/media\/9a3ce2_e98f99c6602c4ab18e170eb5a2b66cf7~mv2.png\/v1\/fit\/w_436%2Ch_432%2Cal_c,enc_auto\/file.png\" data-load-done=\"\" \/><\/div>\n<div class=\"\"><\/div>\n<div class=\"\"><\/div>\n<\/div>\n<\/div>\n<\/div>\n<div data-hook=\"rcv-block2\"><\/div>\n<p id=\"viewer-7lpgp\" class=\"mm8Nw _1j-51 roLFQS _1FoOD _78FBa sk96G9 roLFQS public-DraftStyleDefault-block-depth0 fixed-tab-size public-DraftStyleDefault-text-ltr\"><span class=\"_2PHJq public-DraftStyleDefault-ltr\">El dise\u00f1o universal de aprendizaje (DUA) es un modelo de ense\u00f1anza que busca eliminar las barreras en pos de \u201caprender a aprender\u201d, considerando un modelo flexible y modificable que considere a todos los estudiantes sin diferencia alguna entre ellos, potenciando el desarrollo de las habilidades de cada uno de los estudiantes con el uso de distintas estrategias que apunten a la compresi\u00f3n y aprendizajes de todos y todas.<\/span><\/p>\n<div data-hook=\"rcv-block3\"><\/div>\n<p id=\"viewer-1b5hf\" class=\"mm8Nw _1j-51 roLFQS _1FoOD _78FBa sk96G9 roLFQS public-DraftStyleDefault-block-depth0 fixed-tab-size public-DraftStyleDefault-text-ltr\"><span class=\"_2PHJq public-DraftStyleDefault-ltr\">Este modelo de aprendizaje, nace inspirado desde el \u00e1rea de la arquitectura, cuando en la d\u00e9cada de los 90, se trabaja en crear accesos para personas con discapacidad en los entornos <\/span><\/p>\n<div data-hook=\"rcv-block4\"><\/div>\n<p id=\"viewer-e9g62\" class=\"mm8Nw _1j-51 roLFQS _1FoOD _3M0Fe Z63qyL roLFQS public-DraftStyleDefault-block-depth0 fixed-tab-size public-DraftStyleDefault-text-ltr\"><span class=\"_2PHJq public-DraftStyleDefault-ltr\">arquitect\u00f3nicos. De este proceso, se concluy\u00f3 que la generaci\u00f3n de accesos para las personas con discapacidad, de manera homog\u00e9nea, era pr\u00e1cticamente imposible, porque las diferencias son muchas y lo que se deb\u00eda hacer era intencionar opciones m\u00faltiples para accesos diversos.<\/span><\/p>\n<div data-hook=\"rcv-block5\"><\/div>\n<p id=\"viewer-ebngj\" class=\"mm8Nw _1j-51 roLFQS _1FoOD _78FBa sk96G9 roLFQS public-DraftStyleDefault-block-depth0 fixed-tab-size public-DraftStyleDefault-text-ltr\"><span class=\"_2PHJq public-DraftStyleDefault-ltr\">Considerando lo anterior, se desarroll\u00f3 este modelo de dise\u00f1o de aprendizajes, que re\u00fane un conjunto de principios fundamentales para desarrollar un curr\u00edculum que le de a todos los estudiantes igualdad de oportunidades para aprender. Considerando tanto sus caracter\u00edsticas particulares para el proceso de ense\u00f1anza-aprendizaje, como el que estas herramientas y f\u00f3rmulas de acercar el curr\u00edculum sean \u00fatiles para todo el alumnado.<\/span><\/p>\n<div data-hook=\"rcv-block6\"><\/div>\n<div id=\"viewer-9qvd6\" class=\"mm8Nw _1j-51 roLFQS _1FoOD _3M0Fe Z63qyL roLFQS public-DraftStyleDefault-block-depth0 fixed-tab-size public-DraftStyleDefault-text-ltr\"><span class=\"_2PHJq public-DraftStyleDefault-ltr\">\u00a0<\/span><\/div>\n<div data-hook=\"rcv-block7\"><\/div>\n<div id=\"viewer-29vpu\" class=\"mm8Nw _1j-51 roLFQS _1FoOD _3M0Fe Z63qyL roLFQS public-DraftStyleDefault-block-depth0 fixed-tab-size public-DraftStyleDefault-text-ltr\"><span class=\"_2PHJq public-DraftStyleDefault-ltr\">\u00a0<\/span><\/div>\n<div data-hook=\"rcv-block8\"><\/div>\n<div id=\"viewer-215ju\" class=\"_2vd5k b6lcWf\">\n<div class=\"_3CWa- sxFoib sxFoib _3mymk\">\n<div class=\"oUYOK pJOh3t\">\n<div class=\"NjOn2\" data-loaded=\"true\">\n<div><\/div>\n<\/div>\n<\/div>\n<\/div>\n<\/div>\n<div data-hook=\"rcv-block9\"><\/div>\n<div id=\"viewer-9fu41\" class=\"mm8Nw _1j-51 roLFQS _1FoOD _3M0Fe Z63qyL roLFQS public-DraftStyleDefault-block-depth0 fixed-tab-size public-DraftStyleDefault-text-ltr\"><span class=\"_2PHJq public-DraftStyleDefault-ltr\">\u00a0<\/span><\/div>\n<div data-hook=\"rcv-block10\"><\/div>\n<div id=\"viewer-ebc8t\" class=\"mm8Nw _1j-51 roLFQS _1FoOD _3M0Fe Z63qyL roLFQS public-DraftStyleDefault-block-depth0 fixed-tab-size public-DraftStyleDefault-text-ltr\"><span class=\"_2PHJq public-DraftStyleDefault-ltr\">\u00a0<\/span><\/div>\n<div data-hook=\"rcv-block11\"><\/div>\n<div id=\"viewer-5svri\" class=\"_2vd5k b6lcWf\">\n<div class=\"_3CWa- sxFoib sxFoib\">\n<div class=\"yuWXS x2pFxX\" data-hook=\"HtmlComponent\"><\/div>\n<\/div>\n<\/div>\n<div data-hook=\"rcv-block12\"><\/div>\n<div id=\"viewer-4r1b1\" class=\"mm8Nw _1j-51 roLFQS _1FoOD _3M0Fe Z63qyL roLFQS public-DraftStyleDefault-block-depth0 fixed-tab-size public-DraftStyleDefault-text-ltr\"><span class=\"_2PHJq public-DraftStyleDefault-ltr\">\u00a0<\/span><\/div>\n<div data-hook=\"rcv-block13\"><\/div>\n<div id=\"viewer-84kih\" class=\"mm8Nw _1j-51 roLFQS _1FoOD _3M0Fe Z63qyL roLFQS public-DraftStyleDefault-block-depth0 fixed-tab-size public-DraftStyleDefault-text-ltr\"><span class=\"_2PHJq public-DraftStyleDefault-ltr\">\u00a0<\/span><\/div>\n<div data-hook=\"rcv-block14\"><\/div>\n<div id=\"viewer-fn6v0\" class=\"_2vd5k b6lcWf\">\n<div class=\"_3CWa- sxFoib sxFoib\">\n<div class=\"yuWXS x2pFxX\" data-hook=\"HtmlComponent\"><\/div>\n<\/div>\n<\/div>\n<div data-hook=\"rcv-block15\"><\/div>\n<div id=\"viewer-frk68\" class=\"mm8Nw _1j-51 roLFQS _1FoOD _3M0Fe Z63qyL roLFQS public-DraftStyleDefault-block-depth0 fixed-tab-size public-DraftStyleDefault-text-ltr\"><span class=\"_2PHJq public-DraftStyleDefault-ltr\">\u00a0<\/span><\/div>\n<div data-hook=\"rcv-block16\"><\/div>\n<div id=\"viewer-60iqb\" class=\"mm8Nw _1j-51 roLFQS _1FoOD _3M0Fe Z63qyL roLFQS public-DraftStyleDefault-block-depth0 fixed-tab-size public-DraftStyleDefault-text-ltr\"><span class=\"_2PHJq public-DraftStyleDefault-ltr\">\u00a0<\/span><\/div>\n<div data-hook=\"rcv-block17\"><\/div>\n<div id=\"viewer-cnqbj\" class=\"_2vd5k b6lcWf\">\n<div class=\"_3CWa- sxFoib sxFoib\">\n<div class=\"yuWXS x2pFxX\" data-hook=\"HtmlComponent\"><\/div>\n<\/div>\n<\/div>\n<div data-hook=\"rcv-block18\"><\/div>\n<div id=\"viewer-25k0a\" class=\"mm8Nw _1j-51 roLFQS _1FoOD _3M0Fe Z63qyL roLFQS public-DraftStyleDefault-block-depth0 fixed-tab-size public-DraftStyleDefault-text-ltr\"><span class=\"_2PHJq public-DraftStyleDefault-ltr\">\u00a0<\/span><\/div>\n<div data-hook=\"rcv-block19\"><\/div>\n<div id=\"viewer-14fbu\" class=\"mm8Nw _1j-51 roLFQS _1FoOD _3M0Fe Z63qyL roLFQS public-DraftStyleDefault-block-depth0 fixed-tab-size public-DraftStyleDefault-text-ltr\"><span class=\"_2PHJq public-DraftStyleDefault-ltr\">\u00a0<\/span><\/div>\n<div data-hook=\"rcv-block20\"><\/div>\n<div id=\"viewer-5j1ft\" class=\"mm8Nw _1j-51 roLFQS _1FoOD _3M0Fe Z63qyL roLFQS public-DraftStyleDefault-block-depth0 fixed-tab-size public-DraftStyleDefault-text-ltr\"><span class=\"_2PHJq public-DraftStyleDefault-ltr\">\u00a0<\/span><\/div>\n<div data-hook=\"rcv-block21\"><\/div>\n<div id=\"viewer-b9jhq\" class=\"_2vd5k b6lcWf\">\n<div class=\"_3CWa- sxFoib sxFoib\">\n<div class=\"yuWXS x2pFxX\" data-hook=\"HtmlComponent\"><\/div>\n<\/div>\n<\/div>\n<div data-hook=\"rcv-block22\"><\/div>\n<div id=\"viewer-1cf71\" class=\"mm8Nw _1j-51 roLFQS _1FoOD _3M0Fe Z63qyL roLFQS public-DraftStyleDefault-block-depth0 fixed-tab-size public-DraftStyleDefault-text-ltr\"><span class=\"_2PHJq public-DraftStyleDefault-ltr\">\u00a0<\/span><\/div>\n<div data-hook=\"rcv-block23\"><\/div>\n<div id=\"viewer-5s4p0\" class=\"mm8Nw _1j-51 roLFQS _1FoOD _3M0Fe Z63qyL roLFQS public-DraftStyleDefault-block-depth0 fixed-tab-size public-DraftStyleDefault-text-ltr\"><span class=\"_2PHJq public-DraftStyleDefault-ltr\">\u00a0<\/span><\/div>\n<div data-hook=\"rcv-block24\"><\/div>\n<div id=\"viewer-5nd56\" class=\"mm8Nw _1j-51 roLFQS _1FoOD _3M0Fe Z63qyL roLFQS public-DraftStyleDefault-block-depth0 fixed-tab-size public-DraftStyleDefault-text-ltr\"><span class=\"_2PHJq public-DraftStyleDefault-ltr\">\u00a0<\/span><\/div>\n<div data-hook=\"rcv-block25\"><\/div>\n<div id=\"viewer-53ko4\" class=\"_2vd5k b6lcWf\">\n<div class=\"_3CWa- sxFoib sxFoib\">\n<div class=\"yuWXS x2pFxX\" data-hook=\"HtmlComponent\"><\/div>\n<\/div>\n<\/div>\n<\/div>\n<\/div>\n<\/div>\n<\/div>\n<\/div>\n<\/div>\n<\/article>\n<\/div>\n","protected":false},"excerpt":{"rendered":"<p>https:\/\/yenqui.wixsite.com\/website-1\/post\/dise%C3%B1o-universal-para-el-aprendizaje-dua Dise\u00f1o Universal para el Aprendizaje (DUA) Actualizado: 6 ago 2020 El dise\u00f1o universal de aprendizaje (DUA) es un modelo de ense\u00f1anza que busca eliminar las barreras en pos de \u201caprender a aprender\u201d, considerando un modelo flexible y modificable que considere a todos los estudiantes sin diferencia alguna entre ellos, potenciando el desarrollo de las [&hellip;]<\/p>\n","protected":false},"author":117,"featured_media":0,"parent":5301,"menu_order":0,"comment_status":"closed","ping_status":"closed","template":"","meta":{"footnotes":""},"class_list":["post-5326","page","type-page","status-publish","hentry","post-preview"],"_links":{"self":[{"href":"https:\/\/edublog.educastur.es\/corredoria3\/wp-json\/wp\/v2\/pages\/5326","targetHints":{"allow":["GET"]}}],"collection":[{"href":"https:\/\/edublog.educastur.es\/corredoria3\/wp-json\/wp\/v2\/pages"}],"about":[{"href":"https:\/\/edublog.educastur.es\/corredoria3\/wp-json\/wp\/v2\/types\/page"}],"author":[{"embeddable":true,"href":"https:\/\/edublog.educastur.es\/corredoria3\/wp-json\/wp\/v2\/users\/117"}],"replies":[{"embeddable":true,"href":"https:\/\/edublog.educastur.es\/corredoria3\/wp-json\/wp\/v2\/comments?post=5326"}],"version-history":[{"count":2,"href":"https:\/\/edublog.educastur.es\/corredoria3\/wp-json\/wp\/v2\/pages\/5326\/revisions"}],"predecessor-version":[{"id":5328,"href":"https:\/\/edublog.educastur.es\/corredoria3\/wp-json\/wp\/v2\/pages\/5326\/revisions\/5328"}],"up":[{"embeddable":true,"href":"https:\/\/edublog.educastur.es\/corredoria3\/wp-json\/wp\/v2\/pages\/5301"}],"wp:attachment":[{"href":"https:\/\/edublog.educastur.es\/corredoria3\/wp-json\/wp\/v2\/media?parent=5326"}],"curies":[{"name":"wp","href":"https:\/\/api.w.org\/{rel}","templated":true}]}}