{"id":5377,"date":"2022-11-10T09:04:02","date_gmt":"2022-11-10T07:04:02","guid":{"rendered":"https:\/\/edublog.educastur.es\/corredoria3\/?page_id=5377"},"modified":"2022-11-13T21:50:07","modified_gmt":"2022-11-13T19:50:07","slug":"fotos","status":"publish","type":"page","link":"https:\/\/edublog.educastur.es\/corredoria3\/colegio\/fotos\/","title":{"rendered":"FOTOS"},"content":{"rendered":"<p>&nbsp;<\/p>\n<p style=\"text-align: center\"><a href=\"https:\/\/educastur-my.sharepoint.com\/:f:\/g\/personal\/isabellh_educastur_org\/El4ohCJJPWNElQEgmkFEoTIBcuuw-2o4mQiGsUgrVo01Yw?e=vQhOqS\"><img loading=\"lazy\" decoding=\"async\" class=\"aligncenter wp-image-5374 \" src=\"http:\/\/edublog.educastur.es\/corredoria3\/files\/2022\/11\/foto_1.jpg\" alt=\"\" width=\"258\" height=\"250\" srcset=\"https:\/\/edublog.educastur.es\/corredoria3\/files\/2022\/11\/foto_1.jpg 400w, https:\/\/edublog.educastur.es\/corredoria3\/files\/2022\/11\/foto_1-300x290.jpg 300w\" sizes=\"auto, (max-width: 258px) 100vw, 258px\" \/><\/a><\/p>\n<p style=\"text-align: center\"><span style=\"font-size: 24px\"><em>En esta p\u00e1gina est\u00e1n enlazados<span style=\"color: #800080\"><strong> REPOSITORIOS ONLINE<\/strong> <\/span><br \/>\n<span style=\"color: #800080\"><strong>de fotograf\u00edas y videos, organizados por Cursos y actividades.<\/strong><\/span><\/em><\/span><\/p>\n<p style=\"text-align: center\"><span style=\"font-size: 24px\"><em>Servir\u00e1n de apoyo no solamente a la web, <\/em><em>sino tambi\u00e9n<br \/>\n<span style=\"color: #800080\"><strong>para graduaciones y recopilaciones en 6\u00ba curso.<\/strong><\/span><\/em><\/span><\/p>\n<ul>\n<li><span style=\"font-size: 24px\"><a href=\"https:\/\/educastur-my.sharepoint.com\/:f:\/g\/personal\/isabellh_educastur_org\/ErPXVyXTo8xLocefZdGtUWQB98VaDySHHkMrExbjcV-nyA?e=yroxlq\">Exteriores Centro<\/a><\/span><\/li>\n<li><span style=\"font-size: 24px\"><a href=\"https:\/\/educastur-my.sharepoint.com\/:f:\/g\/personal\/isabellh_educastur_org\/Eh55P3EytUdEraZauC91DVYBVEM_5EycGQSYPGVyO9FFYw?e=5x7bfU\">Concurso <strong>Carmen Ruiz-Tilve PAZ<\/strong><\/a><\/span><\/li>\n<li><a href=\"https:\/\/educastur-my.sharepoint.com\/:f:\/g\/personal\/isabellh_educastur_org\/EjuaqlIG98NBhVgK1NNfOYkBkALcvgzJwt9FmBxNwbX6NA?e=8VvNnw\"><strong><span style=\"font-size: 24px\">Curso 2022 &#8211; 2023<\/span><\/strong><\/a><\/li>\n<\/ul>\n<hr \/>\n<blockquote>\n<p style=\"text-align: center\"><strong><span style=\"font-size: 24px;color: #800080\">C\u00f3mo subir fotos a este repositorio:<\/span><\/strong><\/p>\n<\/blockquote>\n<p style=\"text-align: center\"><span style=\"font-size: 20px;color: #008080\"><strong>1) <span style=\"font-size: 24px\">Desde el ordenador<\/span> y<br \/>\n<span style=\"font-size: 24px\">con el m\u00f3vil conectado por cable<\/span>,<br \/>\nabrir ambas carpetas en pantalla, minimizadas&#8230;<\/strong><\/span><br \/>\n<span style=\"font-size: 20px\">ARRASTRAR dentro de la carpeta correspondiente,<\/span><br \/>\n<span style=\"font-size: 20px\">como si se tratase de mover archivos de PC a Pendrive<\/span><\/p>\n<p style=\"text-align: center\"><span style=\"font-size: 20px;color: #008080\"><strong>2) <span style=\"font-size: 24px\">Desde el M\u00d3VIL<\/span> y con la <span style=\"font-size: 24px\">WIFI<\/span> activada:<br \/>\n<\/strong><\/span><span style=\"font-size: 20px\">Clic en el enlace de la <strong>CARPETA de DESTINO,<\/strong><\/span><\/p>\n<p>&nbsp;<\/p>\n<p style=\"text-align: center\"><a href=\"http:\/\/edublog.educastur.es\/corredoria3\/files\/2022\/11\/WhatsApp-Image-2022-11-13-at-14.59.21.jpeg\"><img loading=\"lazy\" decoding=\"async\" class=\"aligncenter wp-image-5399\" src=\"http:\/\/edublog.educastur.es\/corredoria3\/files\/2022\/11\/WhatsApp-Image-2022-11-13-at-14.59.21.jpeg\" alt=\"\" width=\"253\" height=\"437\" srcset=\"https:\/\/edublog.educastur.es\/corredoria3\/files\/2022\/11\/WhatsApp-Image-2022-11-13-at-14.59.21.jpeg 1080w, https:\/\/edublog.educastur.es\/corredoria3\/files\/2022\/11\/WhatsApp-Image-2022-11-13-at-14.59.21-347x600.jpeg 347w, https:\/\/edublog.educastur.es\/corredoria3\/files\/2022\/11\/WhatsApp-Image-2022-11-13-at-14.59.21-593x1024.jpeg 593w, https:\/\/edublog.educastur.es\/corredoria3\/files\/2022\/11\/WhatsApp-Image-2022-11-13-at-14.59.21-174x300.jpeg 174w, https:\/\/edublog.educastur.es\/corredoria3\/files\/2022\/11\/WhatsApp-Image-2022-11-13-at-14.59.21-768x1326.jpeg 768w, https:\/\/edublog.educastur.es\/corredoria3\/files\/2022\/11\/WhatsApp-Image-2022-11-13-at-14.59.21-889x1536.jpeg 889w, https:\/\/edublog.educastur.es\/corredoria3\/files\/2022\/11\/WhatsApp-Image-2022-11-13-at-14.59.21-676x1167.jpeg 676w\" sizes=\"auto, (max-width: 253px) 100vw, 253px\" \/><\/a><\/p>\n<p style=\"text-align: center\"><strong><span style=\"font-size: 20px\">\/ y <span style=\"color: #008080\">abrirla, para incluir all\u00ed las im\u00e1genes<\/span><\/span><\/strong><\/p>\n<p style=\"text-align: center\"><a href=\"http:\/\/edublog.educastur.es\/corredoria3\/files\/2022\/11\/WhatsApp-Image-2022-11-13-at-15.01.51.jpeg\"><img loading=\"lazy\" decoding=\"async\" class=\"aligncenter wp-image-5401\" src=\"http:\/\/edublog.educastur.es\/corredoria3\/files\/2022\/11\/WhatsApp-Image-2022-11-13-at-15.01.51.jpeg\" alt=\"\" width=\"338\" height=\"537\" srcset=\"https:\/\/edublog.educastur.es\/corredoria3\/files\/2022\/11\/WhatsApp-Image-2022-11-13-at-15.01.51.jpeg 1080w, https:\/\/edublog.educastur.es\/corredoria3\/files\/2022\/11\/WhatsApp-Image-2022-11-13-at-15.01.51-377x600.jpeg 377w, https:\/\/edublog.educastur.es\/corredoria3\/files\/2022\/11\/WhatsApp-Image-2022-11-13-at-15.01.51-644x1024.jpeg 644w, https:\/\/edublog.educastur.es\/corredoria3\/files\/2022\/11\/WhatsApp-Image-2022-11-13-at-15.01.51-189x300.jpeg 189w, https:\/\/edublog.educastur.es\/corredoria3\/files\/2022\/11\/WhatsApp-Image-2022-11-13-at-15.01.51-768x1222.jpeg 768w, https:\/\/edublog.educastur.es\/corredoria3\/files\/2022\/11\/WhatsApp-Image-2022-11-13-at-15.01.51-966x1536.jpeg 966w, https:\/\/edublog.educastur.es\/corredoria3\/files\/2022\/11\/WhatsApp-Image-2022-11-13-at-15.01.51-676x1075.jpeg 676w\" sizes=\"auto, (max-width: 338px) 100vw, 338px\" \/><\/a><\/p>\n<ul>\n<li style=\"text-align: center\"><span style=\"font-size: 20px\"><strong><span style=\"color: #008080\">clic en el s\u00edmbolo superior<\/span><span style=\"color: #800080;font-size: 28px\"> + <\/span><br \/>\n<span style=\"color: #008080\">y despu\u00e9s<\/span>, <span style=\"color: #800080;font-size: 24px\">CARGAR<\/span>,<\/strong><\/span><\/li>\n<\/ul>\n<p><img loading=\"lazy\" decoding=\"async\" class=\"wp-image-5400 aligncenter\" src=\"http:\/\/edublog.educastur.es\/corredoria3\/files\/2022\/11\/WhatsApp-Image-2022-11-13-at-15.02.18.jpeg\" alt=\"\" width=\"348\" height=\"407\" srcset=\"https:\/\/edublog.educastur.es\/corredoria3\/files\/2022\/11\/WhatsApp-Image-2022-11-13-at-15.02.18.jpeg 1080w, https:\/\/edublog.educastur.es\/corredoria3\/files\/2022\/11\/WhatsApp-Image-2022-11-13-at-15.02.18-512x600.jpeg 512w, https:\/\/edublog.educastur.es\/corredoria3\/files\/2022\/11\/WhatsApp-Image-2022-11-13-at-15.02.18-874x1024.jpeg 874w, https:\/\/edublog.educastur.es\/corredoria3\/files\/2022\/11\/WhatsApp-Image-2022-11-13-at-15.02.18-256x300.jpeg 256w, https:\/\/edublog.educastur.es\/corredoria3\/files\/2022\/11\/WhatsApp-Image-2022-11-13-at-15.02.18-768x900.jpeg 768w, https:\/\/edublog.educastur.es\/corredoria3\/files\/2022\/11\/WhatsApp-Image-2022-11-13-at-15.02.18-676x792.jpeg 676w\" sizes=\"auto, (max-width: 348px) 100vw, 348px\" \/><\/p>\n<ul>\n<li style=\"text-align: center\"><span style=\"font-size: 24px;color: #008080\"><strong>Seleccionar las fotos del m\u00f3vil<\/strong><br \/>\n(todas las que vayan en esa carpeta)<br \/>\n<\/span><\/li>\n<li style=\"text-align: center\"><span style=\"font-size: 24px\">clic despu\u00e9s en<span style=\"color: #800080\"><strong> SELECCIONAR<\/strong> <\/span>y listo<\/span><\/li>\n<\/ul>\n<p><a href=\"http:\/\/edublog.educastur.es\/corredoria3\/files\/2022\/11\/WhatsApp-Image-2022-11-13-at-15.03.15.jpeg\"><img loading=\"lazy\" decoding=\"async\" class=\"aligncenter wp-image-5402\" src=\"http:\/\/edublog.educastur.es\/corredoria3\/files\/2022\/11\/WhatsApp-Image-2022-11-13-at-15.03.15.jpeg\" alt=\"\" width=\"413\" height=\"580\" srcset=\"https:\/\/edublog.educastur.es\/corredoria3\/files\/2022\/11\/WhatsApp-Image-2022-11-13-at-15.03.15.jpeg 1080w, https:\/\/edublog.educastur.es\/corredoria3\/files\/2022\/11\/WhatsApp-Image-2022-11-13-at-15.03.15-427x600.jpeg 427w, https:\/\/edublog.educastur.es\/corredoria3\/files\/2022\/11\/WhatsApp-Image-2022-11-13-at-15.03.15-729x1024.jpeg 729w, https:\/\/edublog.educastur.es\/corredoria3\/files\/2022\/11\/WhatsApp-Image-2022-11-13-at-15.03.15-214x300.jpeg 214w, https:\/\/edublog.educastur.es\/corredoria3\/files\/2022\/11\/WhatsApp-Image-2022-11-13-at-15.03.15-768x1079.jpeg 768w, https:\/\/edublog.educastur.es\/corredoria3\/files\/2022\/11\/WhatsApp-Image-2022-11-13-at-15.03.15-676x950.jpeg 676w\" sizes=\"auto, (max-width: 413px) 100vw, 413px\" \/><\/a><\/p>\n<ul>\n<li style=\"text-align: center\"><span style=\"font-size: 20px\"><strong>Esperar a que suban\/se carguen en dicha carpeta,<br \/>\n<span style=\"text-decoration: underline\"><span style=\"color: #008080;text-decoration: underline\">se ve perfectamente c\u00f3mo se van cargando<\/span><\/span><br \/>\ny, adem\u00e1s, en m\u00e1xima resoluci\u00f3n\/calidad.<br \/>\n<\/strong><\/span><\/li>\n<\/ul>\n<p style=\"text-align: center\"><span style=\"font-size: 20px\"><strong><a href=\"http:\/\/edublog.educastur.es\/corredoria3\/files\/2022\/11\/WhatsApp-Image-2022-11-13-at-15.03.49.jpeg\"><img loading=\"lazy\" decoding=\"async\" class=\"aligncenter wp-image-5403\" src=\"http:\/\/edublog.educastur.es\/corredoria3\/files\/2022\/11\/WhatsApp-Image-2022-11-13-at-15.03.49.jpeg\" alt=\"\" width=\"371\" height=\"752\" srcset=\"https:\/\/edublog.educastur.es\/corredoria3\/files\/2022\/11\/WhatsApp-Image-2022-11-13-at-15.03.49.jpeg 1011w, https:\/\/edublog.educastur.es\/corredoria3\/files\/2022\/11\/WhatsApp-Image-2022-11-13-at-15.03.49-296x600.jpeg 296w, https:\/\/edublog.educastur.es\/corredoria3\/files\/2022\/11\/WhatsApp-Image-2022-11-13-at-15.03.49-506x1024.jpeg 506w, https:\/\/edublog.educastur.es\/corredoria3\/files\/2022\/11\/WhatsApp-Image-2022-11-13-at-15.03.49-148x300.jpeg 148w, https:\/\/edublog.educastur.es\/corredoria3\/files\/2022\/11\/WhatsApp-Image-2022-11-13-at-15.03.49-768x1556.jpeg 768w, https:\/\/edublog.educastur.es\/corredoria3\/files\/2022\/11\/WhatsApp-Image-2022-11-13-at-15.03.49-758x1536.jpeg 758w, https:\/\/edublog.educastur.es\/corredoria3\/files\/2022\/11\/WhatsApp-Image-2022-11-13-at-15.03.49-676x1369.jpeg 676w\" sizes=\"auto, (max-width: 371px) 100vw, 371px\" \/><\/a><\/strong><\/span><\/p>\n<p style=\"text-align: center\"><span style=\"font-size: 20px\"><strong><span style=\"color: #800080\">COMPRUEBA BIEN antes de borrarlas<br \/>\ndel m\u00f3vil y liberar espacio.<\/span><\/strong><\/span><\/p>\n<blockquote>\n<p style=\"text-align: center\"><span style=\"font-size: 24px;color: #008080\"><strong>Gracias por tu aportaci\u00f3n y tu trabajo \ud83d\ude09<\/strong><\/span><\/p>\n<p>Recuerda: <span style=\"text-decoration: underline\">las fotos son para el alumnado y las familias<strong>.<\/strong><\/span><\/p>\n<p>&nbsp;<\/p>\n<p style=\"text-align: center\"><em><strong><span style=\"font-size: 20px\">\u00abUna fotograf\u00eda es un recuerdo <\/span><\/strong><\/em><br \/>\n<em><strong><span style=\"font-size: 20px\">de\u00a0 una vida que se est\u00e1 viviendo\u00bb<\/span><\/strong><\/em><br \/>\n<span style=\"font-size: 20px\">Susan Sontag<\/span><\/p>\n<\/blockquote>\n","protected":false},"excerpt":{"rendered":"<p>&nbsp; En esta p\u00e1gina est\u00e1n enlazados REPOSITORIOS ONLINE de fotograf\u00edas y videos, organizados por Cursos y actividades. Servir\u00e1n de apoyo no solamente a la web, sino tambi\u00e9n para graduaciones y recopilaciones en 6\u00ba curso. Exteriores Centro Concurso Carmen Ruiz-Tilve PAZ Curso 2022 &#8211; 2023 C\u00f3mo subir fotos a este repositorio: 1) Desde el ordenador y [&hellip;]<\/p>\n","protected":false},"author":117,"featured_media":0,"parent":8,"menu_order":0,"comment_status":"closed","ping_status":"closed","template":"","meta":{"footnotes":""},"class_list":["post-5377","page","type-page","status-publish","hentry","post-preview"],"_links":{"self":[{"href":"https:\/\/edublog.educastur.es\/corredoria3\/wp-json\/wp\/v2\/pages\/5377","targetHints":{"allow":["GET"]}}],"collection":[{"href":"https:\/\/edublog.educastur.es\/corredoria3\/wp-json\/wp\/v2\/pages"}],"about":[{"href":"https:\/\/edublog.educastur.es\/corredoria3\/wp-json\/wp\/v2\/types\/page"}],"author":[{"embeddable":true,"href":"https:\/\/edublog.educastur.es\/corredoria3\/wp-json\/wp\/v2\/users\/117"}],"replies":[{"embeddable":true,"href":"https:\/\/edublog.educastur.es\/corredoria3\/wp-json\/wp\/v2\/comments?post=5377"}],"version-history":[{"count":10,"href":"https:\/\/edublog.educastur.es\/corredoria3\/wp-json\/wp\/v2\/pages\/5377\/revisions"}],"predecessor-version":[{"id":5434,"href":"https:\/\/edublog.educastur.es\/corredoria3\/wp-json\/wp\/v2\/pages\/5377\/revisions\/5434"}],"up":[{"embeddable":true,"href":"https:\/\/edublog.educastur.es\/corredoria3\/wp-json\/wp\/v2\/pages\/8"}],"wp:attachment":[{"href":"https:\/\/edublog.educastur.es\/corredoria3\/wp-json\/wp\/v2\/media?parent=5377"}],"curies":[{"name":"wp","href":"https:\/\/api.w.org\/{rel}","templated":true}]}}