{"id":5410,"date":"2022-11-13T19:14:40","date_gmt":"2022-11-13T17:14:40","guid":{"rendered":"https:\/\/edublog.educastur.es\/corredoria3\/?page_id=5410"},"modified":"2023-05-31T17:40:30","modified_gmt":"2023-05-31T15:40:30","slug":"a-educativa-exito","status":"publish","type":"page","link":"https:\/\/edublog.educastur.es\/corredoria3\/profes_cursos\/22-23\/a-educativa-exito\/","title":{"rendered":"AEE Educativa \u00c9xito"},"content":{"rendered":"<blockquote>\n<p style=\"text-align: center\"><span style=\"font-size: 28px\"><strong><span style=\"color: #008080\">#XICdAAsturias2023<br \/>\n<span class=\"wixui-rich-text__text\">XI Encuentro Internacional de Comunidades de Aprendizaje<\/span> <\/span><\/strong><\/span><\/p>\n<\/blockquote>\n<p style=\"text-align: center\"><a href=\"https:\/\/educastur-my.sharepoint.com\/:f:\/g\/personal\/isabellh_educastur_org\/EiQ4Vy8QvsVCtr55m6a4CZQBkxHmSJGTA9QJbIsVHKvbMQ\"><img loading=\"lazy\" decoding=\"async\" class=\"aligncenter size-full\" src=\"https:\/\/cdn2.me-qr.com\/qr\/62405088.png?v=1685544385%27\" width=\"450\" height=\"450\" \/><\/a><\/p>\n<ul>\n<li><a href=\"https:\/\/asturiasaebe.wixsite.com\/asturiasaebe\">https:\/\/asturiasaebe.wixsite.com\/asturiasaebe<\/a><\/li>\n<li><a href=\"https:\/\/www.facebook.com\/search\/top?q=asturias%20aebe\">https:\/\/www.facebook.com\/search\/top?q=asturias%20aebe<\/a><\/li>\n<\/ul>\n<p style=\"text-align: center\"><a href=\"https:\/\/static.wixstatic.com\/media\/4fdaad_f546dfb6357647f1979dc4a766bf6487~mv2.jpeg\/v1\/fill\/w_364,h_491,al_c,q_80,usm_0.66_1.00_0.01,enc_auto\/Image.jpeg\"><img loading=\"lazy\" decoding=\"async\" class=\"aligncenter size-full\" src=\"https:\/\/static.wixstatic.com\/media\/4fdaad_f546dfb6357647f1979dc4a766bf6487~mv2.jpeg\/v1\/fill\/w_364,h_491,al_c,q_80,usm_0.66_1.00_0.01,enc_auto\/Image.jpeg\" width=\"364\" height=\"491\" \/><\/a><\/p>\n<ul>\n<li><span style=\"font-size: 20px\"><strong><a href=\"https:\/\/asturiasaebe.wixsite.com\/xiencuentrocda2023\">web ENCUENTRO<\/a><\/strong><\/span> \/<\/li>\n<\/ul>\n<p style=\"text-align: center\">\n<!-- iframe plugin v.6.0 wordpress.org\/plugins\/iframe\/ -->\n<iframe loading=\"lazy\" src=\"https:\/\/drive.google.com\/file\/d\/1IGic_S7ipzGL1D48_c7CEYcFdeCvj8Ey\/preview\" width=\"640\" height=\"900\" allow=\"autoplay\" 0=\"\/iframe\" scrolling=\"yes\" class=\"iframe-class\" frameborder=\"0\"><\/iframe>\n<\/p>\n<p>&nbsp;<\/p>\n<p><img loading=\"lazy\" decoding=\"async\" class=\"aligncenter\" src=\"https:\/\/encrypted-tbn0.gstatic.com\/images?q=tbn:ANd9GcTR28kVyfgd3qwCkn2ICP6JNBpKea-RZS3fF5sLEuFyAkmWuml3Qyn-alg-FidZmJD8Ug&amp;usqp=CAU\" width=\"272\" height=\"29\" \/><\/p>\n<blockquote>\n<p style=\"text-align: center\"><a href=\"https:\/\/teams.microsoft.com\/l\/team\/19%3aaE5h8aXIuyJC10-dKVfp5KONLo8RTXLINAeZFtPF5AU1%40thread.tacv2\/conversations?groupId=7ebac5c8-bc74-424c-aece-d0b42f8d747d&amp;tenantId=88a36e3b-d79f-4a2b-8db6-4c06d0973821\"><span style=\"font-size: 24px\"><strong><span style=\"font-size: 28px\">Teams: RED Formativa <\/span><br \/>\n<span style=\"font-size: 28px\">Actuaciones Educativas de \u00c9xito<\/span><\/strong><\/span><\/a><\/p>\n<\/blockquote>\n<ul>\n<li style=\"text-align: left\"><span style=\"font-size: 20px\">Presentaci\u00f3n y Centros: <strong><span style=\"color: #008080\"><em>C. P. Jaime Borr\u00e1s + IES P\u00e9rez de Ayala + C.P. Carmen Ruiz-Tilve<\/em><\/span><\/strong><\/span><\/li>\n<li>\n<div><span style=\"color: #008080;font-size: 20px\"><em><a style=\"color: #008080\" href=\"https:\/\/forms.office.com\/Pages\/ResponsePage.aspx?id=O26jiJ_XK0qNtkwG0Jc4IXVn2w1Q7StMpt8DqBSi-pdUM0tCNVNKTVVMSTg0VFpQTTM3T01JRDNIMC4u\">FORMS para elegir d\u00eda, hora, y las lecturas&#8230;<\/a>.<\/em><\/span><\/div>\n<\/li>\n<li>\n<div><span style=\"font-size: 20px\"><a href=\"https:\/\/educastur-my.sharepoint.com\/:b:\/g\/personal\/isabellh_educastur_org\/Ecbct8iN9_9Juws_YnOv5FMBeBoqVSCC18uQDIHMkHPcBA?e=YdFBmw\">Lecturas 1\u00aa Tertulia<\/a> <\/span><\/div>\n<\/li>\n<li><span style=\"font-size: 20px\"><a href=\"https:\/\/educastur-my.sharepoint.com\/:b:\/g\/personal\/isabellh_educastur_org\/EWsJX-5frKJBpa_m1jpiUOkBlLqfJhsaiYnFbibyLTPFTw?e=ThhGwn\">Art\u00edculo<strong> Comunidades de Aprendizaje<\/strong><\/a><\/span><\/li>\n<li><a href=\"https:\/\/educastur-my.sharepoint.com\/:b:\/g\/personal\/isabellh_educastur_org\/ETllFn1-tJRPj17yl0VzSbABrwqOCNv6DY-P3b19nYTQoA?e=hN82aT\"><span style=\"font-size: 20px\">Libro <strong>Comunidades de Aprendizaje<\/strong> (140 p\u00e1gs)<\/span><\/a><\/li>\n<\/ul>\n<p><img loading=\"lazy\" decoding=\"async\" class=\"aligncenter\" src=\"https:\/\/encrypted-tbn0.gstatic.com\/images?q=tbn:ANd9GcTR28kVyfgd3qwCkn2ICP6JNBpKea-RZS3fF5sLEuFyAkmWuml3Qyn-alg-FidZmJD8Ug&amp;usqp=CAU\" width=\"272\" height=\"29\" \/><\/p>\n","protected":false},"excerpt":{"rendered":"<p>#XICdAAsturias2023 XI Encuentro Internacional de Comunidades de Aprendizaje https:\/\/asturiasaebe.wixsite.com\/asturiasaebe https:\/\/www.facebook.com\/search\/top?q=asturias%20aebe web ENCUENTRO \/ &nbsp; Teams: RED Formativa Actuaciones Educativas de \u00c9xito Presentaci\u00f3n y Centros: C. P. Jaime Borr\u00e1s + IES P\u00e9rez de Ayala + C.P. Carmen Ruiz-Tilve FORMS para elegir d\u00eda, hora, y las lecturas&#8230;. Lecturas 1\u00aa Tertulia Art\u00edculo Comunidades de Aprendizaje Libro Comunidades de [&hellip;]<\/p>\n","protected":false},"author":117,"featured_media":0,"parent":5406,"menu_order":0,"comment_status":"closed","ping_status":"closed","template":"","meta":{"footnotes":""},"class_list":["post-5410","page","type-page","status-publish","hentry","post-preview"],"_links":{"self":[{"href":"https:\/\/edublog.educastur.es\/corredoria3\/wp-json\/wp\/v2\/pages\/5410","targetHints":{"allow":["GET"]}}],"collection":[{"href":"https:\/\/edublog.educastur.es\/corredoria3\/wp-json\/wp\/v2\/pages"}],"about":[{"href":"https:\/\/edublog.educastur.es\/corredoria3\/wp-json\/wp\/v2\/types\/page"}],"author":[{"embeddable":true,"href":"https:\/\/edublog.educastur.es\/corredoria3\/wp-json\/wp\/v2\/users\/117"}],"replies":[{"embeddable":true,"href":"https:\/\/edublog.educastur.es\/corredoria3\/wp-json\/wp\/v2\/comments?post=5410"}],"version-history":[{"count":8,"href":"https:\/\/edublog.educastur.es\/corredoria3\/wp-json\/wp\/v2\/pages\/5410\/revisions"}],"predecessor-version":[{"id":5638,"href":"https:\/\/edublog.educastur.es\/corredoria3\/wp-json\/wp\/v2\/pages\/5410\/revisions\/5638"}],"up":[{"embeddable":true,"href":"https:\/\/edublog.educastur.es\/corredoria3\/wp-json\/wp\/v2\/pages\/5406"}],"wp:attachment":[{"href":"https:\/\/edublog.educastur.es\/corredoria3\/wp-json\/wp\/v2\/media?parent=5410"}],"curies":[{"name":"wp","href":"https:\/\/api.w.org\/{rel}","templated":true}]}}