{"id":5414,"date":"2022-11-13T19:22:06","date_gmt":"2022-11-13T17:22:06","guid":{"rendered":"https:\/\/edublog.educastur.es\/corredoria3\/?page_id=5414"},"modified":"2022-11-13T19:40:35","modified_gmt":"2022-11-13T17:40:35","slug":"aee-que-son","status":"publish","type":"page","link":"https:\/\/edublog.educastur.es\/corredoria3\/profes_cursos\/22-23\/a-educativa-exito\/aee-que-son\/","title":{"rendered":"AEE Qu\u00e9 son"},"content":{"rendered":"<div dir=\"ltr\">\n<blockquote>\n<p style=\"text-align: center\"><span style=\"font-size: 20px;color: #800080\"><strong><em><span class=\"x193iq5w xeuugli x13faqbe x1vvkbs x1xmvt09 x1lliihq x1s928wv xhkezso x1gmr53x x1cpjm7i x1fgarty x1943h6x xudqn12 x3x7a5m x1f6kntn xvq8zen xo1l8bm xzsf02u x1yc453h\" dir=\"auto\"><span class=\"x193iq5w xeuugli x13faqbe x1vvkbs x1xmvt09 x1f6kntn xvq8zen xo1l8bm xzsf02u x1yc453h\">Asociaci\u00f3n por una Educaci\u00f3n Basada en Evidencias<br \/>\nque asegure la mejor Educaci\u00f3n para todos los ni\u00f1os y ni\u00f1as.<\/span><\/span><\/em><\/strong><\/span><img loading=\"lazy\" decoding=\"async\" class=\"aligncenter size-full wp-image-5418\" src=\"http:\/\/edublog.educastur.es\/corredoria3\/files\/2022\/11\/AEBE.png\" alt=\"\" width=\"947\" height=\"454\" srcset=\"https:\/\/edublog.educastur.es\/corredoria3\/files\/2022\/11\/AEBE.png 947w, https:\/\/edublog.educastur.es\/corredoria3\/files\/2022\/11\/AEBE-600x288.png 600w, https:\/\/edublog.educastur.es\/corredoria3\/files\/2022\/11\/AEBE-300x144.png 300w, https:\/\/edublog.educastur.es\/corredoria3\/files\/2022\/11\/AEBE-768x368.png 768w, https:\/\/edublog.educastur.es\/corredoria3\/files\/2022\/11\/AEBE-676x324.png 676w\" sizes=\"auto, (max-width: 947px) 100vw, 947px\" \/><\/p>\n<\/blockquote>\n<hr \/>\n<ul>\n<li><span style=\"font-size: 20px\"><a href=\"https:\/\/www.facebook.com\/groups\/ceplora\/posts\/6428088793932206\/\">AEE Comunidad de Aprendizaje FACEBOOK<\/a><\/span><\/li>\n<\/ul>\n<p style=\"text-align: center\">\n<!-- iframe plugin v.6.0 wordpress.org\/plugins\/iframe\/ -->\n<iframe loading=\"lazy\" src=\"https:\/\/www.facebook.com\/plugins\/post.php?href=https%3A%2F%2Fwww.facebook.com%2FAEEAlfonsoII%2Fposts%2Fpfbid02aXKDTAfSXpzJoQoyamffztchmVinESoJECz4w97ZGQTMtmwtNjxnob9EVZZoUrSBl&#038;show_text=false&#038;width=500\" width=\"500\" height=\"498\" style=\"border:none;overflow:hidden\" scrolling=\"no\" frameborder=\"0\" allowfullscreen=\"true\" allow=\"autoplay; clipboard-write; encrypted-media; picture-in-picture; web-share\" 0=\"\/iframe\" class=\"iframe-class\"><\/iframe>\n<\/p>\n<ul>\n<li><span style=\"font-size: 20px\"><a href=\"https:\/\/www.facebook.com\/Asturias-AEBE-104175164767625\/\">ASTURIAS AEBE Facebook<\/a> \/ <a href=\"https:\/\/twitter.com\/AsturiasAEBE\">Twitter<\/a> \/<a href=\"https:\/\/asturiasaebe.wixsite.com\/asturiasaebe\">WIX<\/a><\/span><\/li>\n<li><span style=\"font-size: 20px\"><span class=\"x193iq5w xeuugli x13faqbe x1vvkbs x1xmvt09 x1lliihq x1s928wv xhkezso x1gmr53x x1cpjm7i x1fgarty x1943h6x xudqn12 x3x7a5m x1f6kntn xvq8zen xo1l8bm xzsf02u\" dir=\"auto\">Inscripciones aqu\u00ed:<a class=\"x1i10hfl xjbqb8w x6umtig x1b1mbwd xaqea5y xav7gou x9f619 x1ypdohk xt0psk2 xe8uvvx xdj266r x11i5rnm xat24cr x1mh8g0r xexx8yu x4uap5 x18d9i69 xkhd6sd x16tdsg8 x1hl2dhg xggy1nq x1a2a7pz xt0b8zv x1fey0fg\" role=\"link\" href=\"https:\/\/l.facebook.com\/l.php?u=https%3A%2F%2Fforms.gle%2FvTJPzEQYBqeAC4fCA%3Ffbclid%3DIwAR1WI5sdKA_dcQhejTqq1KcLLKWex_3q8Zbfm2y8st78QfZIySkiSxo22YM&amp;h=AT0WC_rzzwQPd7QhWdHlAdTw6WKZb_wxn31LzCabctCzpv-S829Re0XipBZ7M7Rdy2ogGrC5ua2cAeUqsrXNoaY2MbjjgrTJKZvKhF57nfaTCrLGS3TPTOT4Aq-qbq2u9g&amp;__tn__=-UK*F&amp;c[0]=AT1uicmFGfq9XaomZj3jh4d0t0y728ttxjKHpOBcPnYUJZGbEGP6hEL4YYG1AVU7CxQ01HrGP3Ek7vLawlLedjBmNOp4eyBtfhXw2xjKDsQZFhGhXccNvt-pxM60SdvMwN66fAey4SaBuZN48m9lnZY0s2EWPwp0TlSinjFI7hb8VjBYPKB_uHPM5c--vbed1RtVjoQlIe-tOaN-n4K4tiHka29hiTCCfwUN\" target=\"_blank\" rel=\"nofollow noopener\">https:\/\/forms.gle\/vT JPzEQYBqeAC4fCA<\/a><\/span><\/span><\/li>\n<\/ul>\n<p style=\"text-align: center\"><img loading=\"lazy\" decoding=\"async\" class=\"alignnone size-full\" src=\"https:\/\/static.wixstatic.com\/media\/4fdaad_259351f4b36e49c1acf105a378646592~mv2.png\/v1\/fill\/w_410,h_153,al_c,q_85,usm_0.66_1.00_0.01,enc_auto\/Captura%20de%20pantalla%202020-08-25%20a%20las%2014_.png\" width=\"410\" height=\"153\" \/><\/p>\n<p class=\"font_8\"><span class=\"color_11\">Para conocer m\u00e1s sobre las Comunidades de Aprendizaje, las AEE y sus bases cient\u00edficas pueden consultarse estos enlaces:<\/span><\/p>\n<ul>\n<li class=\"font_8\"><a href=\"https:\/\/comunidadesdeaprendizaje.net\" target=\"_blank\" rel=\"noopener\">P\u00e1gina Web de Comunidades de Aprendizaje<\/a><\/li>\n<li class=\"font_8\"><span class=\"wixGuard\">\u200b<\/span><a href=\"https:\/\/sede.educacion.gob.es\/publiventa\/PdfServlet?pdf=VP14963.pdf&amp;area=E\" target=\"_blank\" rel=\"noopener\">Proyecto INCLUD-ED de la UE<\/a><\/li>\n<li>\n<h3 class=\"LC20lb MBeuO DKV0Md\"><a href=\"https:\/\/www.google.com\/url?sa=t&amp;rct=j&amp;q=&amp;esrc=s&amp;source=web&amp;cd=&amp;ved=2ahUKEwiJ3bXn16v7AhUYhf0HHX0JBC4QFnoECA8QAQ&amp;url=https%3A%2F%2Fsede.educacion.gob.es%2Fpubliventa%2FPdfServlet%3Fpdf%3DVP14963.pdf%26area%3DE&amp;usg=AOvVaw24l1AroMn6XxfjDKwWssUp\">Actuaciones de \u00e9xito en las escuelas europeas:<\/a> El <span style=\"color: #800080\"><em>proyecto INCLUD-ED<\/em> <\/span><span style=\"font-size: 20px\">analiza qu\u00e9 estrategias educativas contribuyen a superar las desigualdades y a fomentar la cohesi\u00f3n social y cu\u00e1les generan exclusi\u00f3n\u00a0&#8230;<\/span><\/h3>\n<\/li>\n<li class=\"font_8\"><span class=\"wixGuard\">\u200b<\/span><a href=\"https:\/\/www.step4seas.eu\" target=\"_blank\" rel=\"noopener\">Step4Seas: impacto de las CdA y las AEE en las escuelas<\/a><\/li>\n<\/ul>\n<section class=\"av_textblock_section \">\n<div class=\"avia_textblock \">\n<h3><strong>Proyecto INCLUD-ED<\/strong><\/h3>\n<p>El <strong>proyecto INCLUD-ED <\/strong>es un Proyecto Integrado de la prioridad 7 del VI Programa Marco de la Comisi\u00f3n Europea. Los Proyectos Integrados combinan una gran cantidad de actividades y recursos necesarios para lograr objetivos cient\u00edficos ambiciosos y bien definidos. De ellos se espera que tengan un efecto estructurador en el tejido de la investigaci\u00f3n Europea.<\/p>\n<p>El <strong>proyecto INCLUD-ED<\/strong> es el \u00fanico proyecto centrado en la educaci\u00f3n obligatoria que se seleccion\u00f3 en la \u00faltima convocatoria de propuestas del VI Programa Marco.<\/p>\n<p>El <strong>proyecto INCLUD-ED <\/strong>analiza las estrategias educativas que contribuyen a superar las desigualdades y que fomentan la cohesi\u00f3n social, y las estrategias educativas que generan exclusi\u00f3n social, centr\u00e1ndose especialmente en los grupos vulnerables y marginalizados. Europa necesita identificar las estrategias que a su vez utilizar\u00e1n las personas encargadas del dise\u00f1o de pol\u00edticas, las personas al cargo de la gesti\u00f3n educativa, el profesorado, el alumnado y las familias, y que contribuyan a elaborar nuevas pol\u00edticas que permitan cumplir los objetivos de Lisboa.<strong> INCLUD-ED<\/strong> se centrar\u00e1 en el estudio de las interacciones entre los sistemas educativos, los agentes y las pol\u00edticas, hasta el nivel obligatorio (infantil, primaria, secundaria, y los programas de formaci\u00f3n profesional y de educaci\u00f3n especial) como se refleja en el siguiente gr\u00e1fico:<\/p>\n<\/div>\n<\/section>\n<section class=\"av_textblock_section \">\n<div class=\"avia_textblock \">\n<p>&nbsp;<\/p>\n<p><img decoding=\"async\" class=\"aligncenter\" src=\"https:\/\/comunidadesdeaprendizaje.net\/wp-content\/uploads\/2018\/04\/Diapositiva1-1.jpg\" alt=\"\" width=\"\" height=\"\" \/><\/p>\n<p>Si quer\u00e9is conocer m\u00e1s sobre <strong>INCLUD-ED <\/strong>pod\u00e9is <a href=\"http:\/\/www.ub.es\/includ-ed\/\"><i class=\"fa fa-external-link\"><\/i> Acceder<\/a> a la p\u00e1gina oficial del proyecto.<\/p>\n<p style=\"text-align: center\"><a href=\"https:\/\/comunidadesdeaprendizaje.net\/investigacion\/includ-ed\/\"><strong><span style=\"font-size: 20px\">Comunidades de aprendizaje<\/span><\/strong><\/a><\/p>\n<\/div>\n<\/section>\n<hr \/>\n<ul>\n<li><a href=\"https:\/\/www.luismiralles.com\/2016\/01\/que-son-las-actuaciones-educativas-de.html\">Fuente: Blog de Luis Miralles<\/a> \/<\/li>\n<\/ul>\n<div dir=\"ltr\">Con las investigaciones del proyecto INCLUD-ED se comprob\u00f3 que ciertas actuaciones mejoran tanto la convivencia (la clave: <a href=\"https:\/\/es.wikipedia.org\/wiki\/Inclusi%C3%B3n_(pedagog%C3%ADa)\" target=\"_blank\" rel=\"noopener\">inclusi\u00f3n<\/a>) como los resultados acad\u00e9micos (la clave: <a href=\"https:\/\/www.luismiralles.com\/2016\/05\/7-principios-aprendizaje-dialogico.html\" target=\"_blank\" rel=\"noopener\">aprendizaje dial\u00f3gico<\/a>). No solo eso, sino que adem\u00e1s las actuaciones educativas de \u00e9xito funcionan en cualquier tipo de centro educativo, en cualquier entorno. De ah\u00ed la importancia de que todos los profesionales de la educaci\u00f3n nos formemos en este tema.<\/div>\n<div dir=\"ltr\"><\/div>\n<div dir=\"ltr\">Ahora s\u00ed. Si quieres saber de qu\u00e9 estamos hablando exactamente, entramos de lleno en materia.<\/div>\n<div dir=\"ltr\"><\/div>\n<div dir=\"ltr\">Son actuaciones educativas de \u00e9xito aquellas\u00a0<i>pr\u00e1cticas que la comunidad cient\u00edfica internacional ha demostrado que aumentan el desempe\u00f1o acad\u00e9mico y mejoran la convivencia y las actitudes solidarias en todas las escuelas observadas <\/i>(palabras extra\u00eddas de\u00a0<a href=\"http:\/\/www.comunidaddeaprendizaje.com.es\">http:\/\/www.comunidaddeaprendizaje.com.es<\/a>). En concreto, se se\u00f1alan las siguientes:<\/div>\n<div dir=\"ltr\"><\/div>\n<div dir=\"ltr\">&#8211; <a href=\"https:\/\/comunidadesdeaprendizaje.net\/actuaciones-de-exito\/grupos-interactivos\/\" target=\"_blank\" rel=\"noopener\">Grupos interactivos<\/a><\/div>\n<div dir=\"ltr\">&#8211; <a href=\"https:\/\/comunidadesdeaprendizaje.net\/actuaciones-de-exito\/tertulias-literarias-dialogicas\/\" target=\"_blank\" rel=\"noopener\">Tertulias dial\u00f3gicas<\/a><\/div>\n<div dir=\"ltr\">&#8211; <a href=\"https:\/\/comunidadesdeaprendizaje.net\/actuaciones-de-exito\/formacion-y-participacion-familiares\/\" target=\"_blank\" rel=\"noopener\">Formaci\u00f3n de familiares<\/a><\/div>\n<div dir=\"ltr\">&#8211; <a href=\"https:\/\/comunidadesdeaprendizaje.net\/actuaciones-de-exito\/participacion-educativa-de-la-comunidad\/\" target=\"_blank\" rel=\"noopener\">Participaci\u00f3n educativa de la comunidad<\/a><\/div>\n<div dir=\"ltr\">&#8211; <a href=\"https:\/\/comunidadesdeaprendizaje.net\/actuaciones-de-exito\/modelo-dialogico-de-conflictos\/\" target=\"_blank\" rel=\"noopener\">Modelo dial\u00f3gico de prevenci\u00f3n y resoluci\u00f3n de conflictos<\/a><\/div>\n<div dir=\"ltr\">\n<p>&#8211;\u00a0<a href=\"https:\/\/comunidadesdeaprendizaje.net\/actuaciones-de-exito\/formacion-dialogica-del-profesorado\/\" target=\"_blank\" rel=\"noopener\">Formaci\u00f3n dial\u00f3gica del profesorado<\/a><\/p>\n<p>Como ves, no se trata de un m\u00e9todo que podamos estudiar hoy y aplicar ma\u00f1ana; pero s\u00ed es un camino que podemos decidir comenzar hoy. El primer paso es la formaci\u00f3n (empezando por una\u00a0<a href=\"http:\/\/utopiadream.info\/ca\/presentacion\/fases-de-transformacion\/\" target=\"_blank\" rel=\"noopener\">sensibilizaci\u00f3n<\/a>).<\/p>\n<p>Aquellos centros en los que la comunidad educativa (alumnos, padres y maestros) decide aplicar las actuaciones educativas de \u00e9xito se\u00f1aladas anteriormente se transforman en lo que llamamos comunidades de aprendizaje.<\/p>\n<hr \/>\n<p style=\"text-align: center\"><a href=\"https:\/\/comunidadesdeaprendizaje.net\/investigacion\/includ-ed\/\"><span style=\"font-size: 24px\"><strong>Comunidades de aprendizaje<\/strong><\/span><\/a><\/p>\n<p>&nbsp;<\/p>\n<hr \/>\n<\/div>\n<\/div>\n","protected":false},"excerpt":{"rendered":"<p>Asociaci\u00f3n por una Educaci\u00f3n Basada en Evidencias que asegure la mejor Educaci\u00f3n para todos los ni\u00f1os y ni\u00f1as. AEE Comunidad de Aprendizaje FACEBOOK ASTURIAS AEBE Facebook \/ Twitter \/WIX Inscripciones aqu\u00ed:https:\/\/forms.gle\/vT JPzEQYBqeAC4fCA Para conocer m\u00e1s sobre las Comunidades de Aprendizaje, las AEE y sus bases cient\u00edficas pueden consultarse estos enlaces: P\u00e1gina Web de Comunidades de [&hellip;]<\/p>\n","protected":false},"author":117,"featured_media":0,"parent":5410,"menu_order":0,"comment_status":"closed","ping_status":"closed","template":"","meta":{"footnotes":""},"class_list":["post-5414","page","type-page","status-publish","hentry","post-preview"],"_links":{"self":[{"href":"https:\/\/edublog.educastur.es\/corredoria3\/wp-json\/wp\/v2\/pages\/5414","targetHints":{"allow":["GET"]}}],"collection":[{"href":"https:\/\/edublog.educastur.es\/corredoria3\/wp-json\/wp\/v2\/pages"}],"about":[{"href":"https:\/\/edublog.educastur.es\/corredoria3\/wp-json\/wp\/v2\/types\/page"}],"author":[{"embeddable":true,"href":"https:\/\/edublog.educastur.es\/corredoria3\/wp-json\/wp\/v2\/users\/117"}],"replies":[{"embeddable":true,"href":"https:\/\/edublog.educastur.es\/corredoria3\/wp-json\/wp\/v2\/comments?post=5414"}],"version-history":[{"count":8,"href":"https:\/\/edublog.educastur.es\/corredoria3\/wp-json\/wp\/v2\/pages\/5414\/revisions"}],"predecessor-version":[{"id":5423,"href":"https:\/\/edublog.educastur.es\/corredoria3\/wp-json\/wp\/v2\/pages\/5414\/revisions\/5423"}],"up":[{"embeddable":true,"href":"https:\/\/edublog.educastur.es\/corredoria3\/wp-json\/wp\/v2\/pages\/5410"}],"wp:attachment":[{"href":"https:\/\/edublog.educastur.es\/corredoria3\/wp-json\/wp\/v2\/media?parent=5414"}],"curies":[{"name":"wp","href":"https:\/\/api.w.org\/{rel}","templated":true}]}}