{"id":5478,"date":"2022-11-15T20:54:00","date_gmt":"2022-11-15T18:54:00","guid":{"rendered":"https:\/\/edublog.educastur.es\/corredoria3\/?page_id=5478"},"modified":"2022-11-15T21:32:51","modified_gmt":"2022-11-15T19:32:51","slug":"tertulia-dialogica","status":"publish","type":"page","link":"https:\/\/edublog.educastur.es\/corredoria3\/profes_cursos\/22-23\/a-educativa-exito\/tertulia-dialogica\/","title":{"rendered":"Tertulia dial\u00f3gica"},"content":{"rendered":"<blockquote>\n<p style=\"text-align: center\"><img loading=\"lazy\" decoding=\"async\" class=\"alignnone size-full\" src=\"http:\/\/carei.es\/wp-content\/uploads\/Tertulias-alfombra-copia-290x300.jpg\" width=\"290\" height=\"300\" \/><\/p>\n<p style=\"margin: 0cm 0cm 0.0001pt;background: white;text-align: center\"><span class=\"xcontentpasted0\" style=\"font-size: 20px\"><b><span style=\"font-family: 'Helvetica', 'sans-serif';color: #ef6950\"><span style=\"font-size: 24px\">\u00bfC\u00f3mo es una Tertulia Dial\u00f3gica (TD)? <\/span><br \/>\n<span style=\"font-size: 24px\">Dejamos aqu\u00ed unas instrucciones b\u00e1sicas:<\/span><br \/>\n<\/span><\/b><span style=\"font-family: 'Helvetica', 'sans-serif';color: #ef6950\"><span class=\"xcontentpasted0\">Benjam\u00edn Men\u00e9ndez en la 3\u00aaRedFormatvaAEE (2022-23)<\/span><\/span><b><span style=\"font-family: 'Helvetica', 'sans-serif';color: #ef6950\"><br \/>\n<\/span><\/b><\/span><\/p>\n<\/blockquote>\n<p style=\"margin: 0cm;margin-bottom: .0001pt;background: white\"><span style=\"font-size: 20px;font-family: 'Helvetica', 'sans-serif';color: black\">\u00a0<\/span><\/p>\n<p style=\"margin: 0cm;margin-bottom: .0001pt;background: white\"><span class=\"xcontentpasted0\" style=\"font-size: 20px\"><span style=\"font-family: 'Helvetica', 'sans-serif';color: black\">\u2022 De manera individual cada persona realiza por su cuenta la lectura de las p\u00e1ginas acordadas para la TD.<\/span><\/span><\/p>\n<p style=\"margin: 0cm;margin-bottom: .0001pt;background: white\"><span style=\"font-size: 20px;font-family: 'Helvetica', 'sans-serif';color: black\">\u00a0<\/span><\/p>\n<p style=\"margin: 0cm;margin-bottom: .0001pt;background: white\"><span class=\"xcontentpasted0\" style=\"font-size: 20px\"><span style=\"font-family: 'Helvetica', 'sans-serif';color: black\">\u2022 Una vez en la Tertulia las personas que quieran participar indicar\u00e1n la(s) p\u00e1gina(s) donde se encuentra(n) el\/los fragmento(s) que quieren comentar.<\/span><\/span><\/p>\n<p style=\"margin: 0cm;margin-bottom: .0001pt;background: white\"><span style=\"font-size: 20px;font-family: 'Helvetica', 'sans-serif';color: black\">\u00a0<\/span><\/p>\n<p style=\"margin: 0cm;margin-bottom: .0001pt;background: white\"><span class=\"xcontentpasted0\" style=\"font-size: 20px\"><span style=\"font-family: 'Helvetica', 'sans-serif';color: black\">\u2022 Las intervenciones partir\u00e1n de fragmentos del texto; cada persona, cuando le toque participar, leer\u00e1 primero el fragmento que ha elegido y a continuaci\u00f3n llevar\u00e1 a cabo su intervenci\u00f3n.<\/span><\/span><\/p>\n<p style=\"margin: 0cm;margin-bottom: .0001pt;background: white\"><span style=\"font-size: 20px;font-family: 'Helvetica', 'sans-serif';color: black\">\u00a0<\/span><\/p>\n<p style=\"margin: 0cm;margin-bottom: .0001pt;background: white\"><span class=\"xcontentpasted0\" style=\"font-size: 20px\"><span style=\"font-family: 'Helvetica', 'sans-serif';color: black\">\u2022 Tras cada intervenci\u00f3n, se abre un turno de participaciones por si alguien quiere aportar algo a lo que la persona que estaba en el uso de la palabra dijo o sobre el fragmento que ley\u00f3.<\/span><\/span><\/p>\n<p style=\"margin: 0cm;margin-bottom: .0001pt;background: white\"><span style=\"font-size: 20px;font-family: 'Helvetica', 'sans-serif';color: black\">\u00a0<\/span><\/p>\n<p style=\"margin: 0cm;margin-bottom: .0001pt;background: white\"><span class=\"xcontentpasted0\" style=\"font-size: 20px\"><span style=\"font-family: 'Helvetica', 'sans-serif';color: black\">\u2022 Las intervenciones intentar\u00e1n no ser prolijas y estar siempre orientadas a la transformaci\u00f3n, evitando el lenguaje de la queja, as\u00ed como la exposici\u00f3n de casos particulares alejados de las posibilidades de mejora educativa que todos y todas buscamos.<\/span><\/span><\/p>\n<p style=\"margin: 0cm;margin-bottom: .0001pt;background: white\"><span style=\"font-size: 20px;font-family: 'Helvetica', 'sans-serif';color: black\">\u00a0<\/span><\/p>\n<p style=\"margin: 0cm;margin-bottom: .0001pt;background: white\"><span class=\"xcontentpasted0\" style=\"font-size: 20px\"><span style=\"font-family: 'Helvetica', 'sans-serif';color: black\">\u2022 Para asegurar un di\u00e1logo igualitario y solidario, las personas moderadoras de la Tertulia dar\u00e1n los turnos de palabra priorizando siempre a quienes hayan intervenido menos veces.<\/span><\/span><\/p>\n<p style=\"margin: 0cm;margin-bottom: .0001pt;background: white\"><span style=\"font-size: 20px;font-family: 'Helvetica', 'sans-serif';color: black\">\u00a0<\/span><\/p>\n<p style=\"text-align: center\"><img loading=\"lazy\" decoding=\"async\" class=\"alignnone size-full\" src=\"https:\/\/slideplayer.es\/slide\/16397368\/95\/images\/4\/%C2%BFQu%C3%A9+se+consigue+mediante+las+Tertulias+Dial%C3%B3gicas.jpg\" width=\"1024\" height=\"768\" \/><\/p>\n<p style=\"text-align: center\"><img loading=\"lazy\" decoding=\"async\" class=\"alignnone size-full\" src=\"https:\/\/slideplayer.es\/slide\/16397368\/95\/images\/5\/CRITERIOS+FUNDAMENTALES+de+la+Tertulia+Literaria+dial%C3%B3gica.jpg\" width=\"1024\" height=\"768\" \/><\/p>\n<hr \/>\n<p style=\"text-align: center\">\n<!-- iframe plugin v.6.0 wordpress.org\/plugins\/iframe\/ -->\n<iframe loading=\"lazy\" width=\"671\" height=\"523\" src=\"https:\/\/www.youtube.com\/embed\/yNbWJvBW8DI\" title=\"Tertulias literarias dial\u00f3gicas. C\u00f3mo funcionan\" frameborder=\"0\" allow=\"accelerometer; autoplay; clipboard-write; encrypted-media; gyroscope; picture-in-picture\" 0=\"allowfullscreen\" 1=\"\/iframe\" scrolling=\"yes\" class=\"iframe-class\"><\/iframe>\n<\/p>\n<p style=\"margin: 0cm;margin-bottom: .0001pt;background: white\"><span class=\"xcontentpasted0\" style=\"font-size: 20px\"><span style=\"font-family: 'Helvetica', 'sans-serif';color: #ef6950\">\u00a0<\/span><\/span><\/p>\n","protected":false},"excerpt":{"rendered":"<p>\u00bfC\u00f3mo es una Tertulia Dial\u00f3gica (TD)? Dejamos aqu\u00ed unas instrucciones b\u00e1sicas: Benjam\u00edn Men\u00e9ndez en la 3\u00aaRedFormatvaAEE (2022-23) \u00a0 \u2022 De manera individual cada persona realiza por su cuenta la lectura de las p\u00e1ginas acordadas para la TD. \u00a0 \u2022 Una vez en la Tertulia las personas que quieran participar indicar\u00e1n la(s) p\u00e1gina(s) donde se encuentra(n) [&hellip;]<\/p>\n","protected":false},"author":117,"featured_media":0,"parent":5410,"menu_order":0,"comment_status":"closed","ping_status":"closed","template":"","meta":{"footnotes":""},"class_list":["post-5478","page","type-page","status-publish","hentry","post-preview"],"_links":{"self":[{"href":"https:\/\/edublog.educastur.es\/corredoria3\/wp-json\/wp\/v2\/pages\/5478","targetHints":{"allow":["GET"]}}],"collection":[{"href":"https:\/\/edublog.educastur.es\/corredoria3\/wp-json\/wp\/v2\/pages"}],"about":[{"href":"https:\/\/edublog.educastur.es\/corredoria3\/wp-json\/wp\/v2\/types\/page"}],"author":[{"embeddable":true,"href":"https:\/\/edublog.educastur.es\/corredoria3\/wp-json\/wp\/v2\/users\/117"}],"replies":[{"embeddable":true,"href":"https:\/\/edublog.educastur.es\/corredoria3\/wp-json\/wp\/v2\/comments?post=5478"}],"version-history":[{"count":3,"href":"https:\/\/edublog.educastur.es\/corredoria3\/wp-json\/wp\/v2\/pages\/5478\/revisions"}],"predecessor-version":[{"id":5481,"href":"https:\/\/edublog.educastur.es\/corredoria3\/wp-json\/wp\/v2\/pages\/5478\/revisions\/5481"}],"up":[{"embeddable":true,"href":"https:\/\/edublog.educastur.es\/corredoria3\/wp-json\/wp\/v2\/pages\/5410"}],"wp:attachment":[{"href":"https:\/\/edublog.educastur.es\/corredoria3\/wp-json\/wp\/v2\/media?parent=5478"}],"curies":[{"name":"wp","href":"https:\/\/api.w.org\/{rel}","templated":true}]}}