{"id":5567,"date":"2023-03-02T21:12:21","date_gmt":"2023-03-02T19:12:21","guid":{"rendered":"https:\/\/edublog.educastur.es\/corredoria3\/?page_id=5567"},"modified":"2023-03-30T16:23:43","modified_gmt":"2023-03-30T14:23:43","slug":"marzo","status":"publish","type":"page","link":"https:\/\/edublog.educastur.es\/corredoria3\/profes_cursos\/2023-2\/marzo\/","title":{"rendered":"Marzo"},"content":{"rendered":"<div class=\"\" dir=\"auto\">\n<div class=\"\" dir=\"auto\">\n<div class=\"x1iorvi4 x1pi30zi x1swvt13 x1l90r2v\" data-ad-comet-preview=\"message\" data-ad-preview=\"message\">\n<div class=\"x78zum5 xdt5ytf xz62fqu x16ldp7u\">\n<div class=\"xu06os2 x1ok221b\">\n<blockquote>\n<div dir=\"auto\" style=\"text-align: center\"><\/div>\n<div dir=\"auto\" style=\"text-align: center\">Informaci\u00f3n agrupada en esta web:<br \/>\n<a href=\"http:\/\/cproviedo.es\/nueva-pagina-web-de-asturias-formacion\"><span style=\"color: #800080\">http:\/\/cproviedo.es\/nueva-pagina-web-de-asturias-formacion<\/span><\/a><\/div>\n<\/blockquote>\n<\/div>\n<div dir=\"auto\"><img loading=\"lazy\" decoding=\"async\" class=\"aligncenter\" src=\"https:\/\/encrypted-tbn0.gstatic.com\/images?q=tbn:ANd9GcTR28kVyfgd3qwCkn2ICP6JNBpKea-RZS3fF5sLEuFyAkmWuml3Qyn-alg-FidZmJD8Ug&amp;usqp=CAU\" width=\"291\" height=\"31\" \/><\/div>\n<div class=\"xu06os2 x1ok221b\">\n<div class=\"x11i5rnm xat24cr x1mh8g0r x1vvkbs xdj266r x126k92a\">\n<div dir=\"auto\"><\/div>\n<div dir=\"auto\" style=\"text-align: center\">\n<!-- iframe plugin v.6.0 wordpress.org\/plugins\/iframe\/ -->\n<iframe loading=\"lazy\" src=\"https:\/\/www.facebook.com\/plugins\/post.php?href=https%3A%2F%2Fwww.facebook.com%2FIAAPasturias%2Fposts%2Fpfbid033z6Yvjq6mbYT4e4iXaUh5joevUm3r2uD1g4PZJ6kqmtZEfhsuK1sEvv3WxqJ3VYYl&#038;show_text=false&#038;width=500\" width=\"500\" height=\"281\" style=\"border:none;overflow:hidden\" scrolling=\"no\" frameborder=\"0\" allowfullscreen=\"true\" allow=\"autoplay; clipboard-write; encrypted-media; picture-in-picture; web-share\" 0=\"\/iframe\" class=\"iframe-class\"><\/iframe>\n<\/div>\n<\/div>\n<div dir=\"auto\"><\/div>\n<div class=\"x11i5rnm xat24cr x1mh8g0r x1vvkbs xdj266r x126k92a\">\n<div dir=\"auto\"><span class=\"x3nfvp2 x1j61x8r x1fcty0u xdj266r xhhsvwb xat24cr xgzva0m xxymvpz xlup9mm x1kky2od\"><img loading=\"lazy\" decoding=\"async\" src=\"https:\/\/static.xx.fbcdn.net\/images\/emoji.php\/v9\/t5\/1.5\/16\/1f4cc.png\" alt=\"?\" width=\"16\" height=\"16\" \/><\/span>Publicaci\u00f3n Digital de marzo de 2023<\/div>\n<div dir=\"auto\"><span class=\"x3nfvp2 x1j61x8r x1fcty0u xdj266r xhhsvwb xat24cr xgzva0m xxymvpz xlup9mm x1kky2od\"><img loading=\"lazy\" decoding=\"async\" src=\"https:\/\/static.xx.fbcdn.net\/images\/emoji.php\/v9\/t15\/1.5\/16\/2139.png\" alt=\"\u2139\ufe0f\" width=\"16\" height=\"16\" \/><\/span> Cat\u00e1logo de cursos para realizar en abril<\/div>\n<div dir=\"auto\"><span class=\"x3nfvp2 x1j61x8r x1fcty0u xdj266r xhhsvwb xat24cr xgzva0m xxymvpz xlup9mm x1kky2od\"><img loading=\"lazy\" decoding=\"async\" src=\"https:\/\/static.xx.fbcdn.net\/images\/emoji.php\/v9\/t58\/1.5\/16\/1f4c6.png\" alt=\"?\" width=\"16\" height=\"16\" \/><\/span> S<strong>olicitud a trav\u00e9s de la publicaci\u00f3n digital o del tel\u00e9fono 900 70 66 70 del <span class=\"x3nfvp2 x1j61x8r x1fcty0u xdj266r xhhsvwb xat24cr xgzva0m xxymvpz xlup9mm x1kky2od\"><img loading=\"lazy\" decoding=\"async\" src=\"https:\/\/static.xx.fbcdn.net\/images\/emoji.php\/v9\/t93\/1.5\/16\/31_20e3.png\" alt=\"1\u20e3\" width=\"16\" height=\"16\" \/><\/span> al <span class=\"x3nfvp2 x1j61x8r x1fcty0u xdj266r xhhsvwb xat24cr xgzva0m xxymvpz xlup9mm x1kky2od\"><img loading=\"lazy\" decoding=\"async\" src=\"https:\/\/static.xx.fbcdn.net\/images\/emoji.php\/v9\/t93\/1.5\/16\/31_20e3.png\" alt=\"1\u20e3\" width=\"16\" height=\"16\" \/><\/span><span class=\"x3nfvp2 x1j61x8r x1fcty0u xdj266r xhhsvwb xat24cr xgzva0m xxymvpz xlup9mm x1kky2od\"><img loading=\"lazy\" decoding=\"async\" src=\"https:\/\/static.xx.fbcdn.net\/images\/emoji.php\/v9\/tf\/1.5\/16\/35_20e3.png\" alt=\"5\u20e3\" width=\"16\" height=\"16\" \/><\/span>de marzo<\/strong><\/div>\n<div dir=\"auto\"><strong><span class=\"x3nfvp2 x1j61x8r x1fcty0u xdj266r xhhsvwb xat24cr xgzva0m xxymvpz xlup9mm x1kky2od\"><img loading=\"lazy\" decoding=\"async\" src=\"https:\/\/static.xx.fbcdn.net\/images\/emoji.php\/v9\/t16\/1.5\/16\/1f4a2.png\" alt=\"?\" width=\"16\" height=\"16\" \/><\/span><a class=\"x1i10hfl xjbqb8w x6umtig x1b1mbwd xaqea5y xav7gou x9f619 x1ypdohk xt0psk2 xe8uvvx xdj266r x11i5rnm xat24cr x1mh8g0r xexx8yu x4uap5 x18d9i69 xkhd6sd x16tdsg8 x1hl2dhg xggy1nq x1a2a7pz xt0b8zv x1fey0fg\" role=\"link\" href=\"https:\/\/l.facebook.com\/l.php?u=https%3A%2F%2Fprogramaiaap.asturias.es%2F%3Ffbclid%3DIwAR1rZRslLbR716LApzuVbHp5ihb0E94BhWa05d_Ce5228me7c7YHzo_X2VY&amp;h=AT2IcOjNWS_uZYWTbqSjpyTuTGp-cgnMJjJ1zcCmoRhwRAmpvw7L5ZqZMKjPQqS0zxYp_Qa0OR7HeoyqPFaKULOy5PfcSPwYKNDB5MbKMOnfYcEuNaaoMsTWuacPMhYOfg&amp;__tn__=-UK-y-R&amp;c[0]=AT0To4TlRojUAcfK8YzaoCo9QV7_cfCWVjk0JSs1YAvYo2Bdps16sLGWW_CF4NT-Mf9W0PbPbsOOyQ7SJ4mle-ODeNMIh_-JmryT3-IRpVLW_5gC-XrGa5w6XBgF6ipT5c6jnaP0w-rpF3c7UliDwz-qrvdEr_wzd5d5hBFqGVYsJr1mSxyFQlZHSgqoDG1zxQ0HrAtNWhSLolbTc5Q1FdECArCOMiM0tbSuTJQ\" target=\"_blank\" rel=\"nofollow noopener\">https:\/\/programaiaap.asturias.es<\/a><\/strong><\/div>\n<\/div>\n<div dir=\"auto\"><img loading=\"lazy\" decoding=\"async\" class=\"aligncenter\" src=\"https:\/\/encrypted-tbn0.gstatic.com\/images?q=tbn:ANd9GcTR28kVyfgd3qwCkn2ICP6JNBpKea-RZS3fF5sLEuFyAkmWuml3Qyn-alg-FidZmJD8Ug&amp;usqp=CAU\" width=\"291\" height=\"31\" \/><\/div>\n<\/div>\n<\/div>\n<blockquote>\n<div dir=\"auto\">\n<ul class=\"breadcrumbs breadcrumbs-horizontal lfr-component\">\n<li class=\"last\"><strong><a href=\"https:\/\/alojaweb.educastur.es\/web\/asturiasformacion\/actividades-conovadas-cuencasmineras\/-\/asset_publisher\/HHHVZCRbOe6O\/content\/curso-presencial-comunidades-de-aprendizaje-y-actuaciones-educativas-de-exito\">CURSO PRESENCIAL: COMUNIDADES DE APRENDIZAJE<br \/>\nY ACTUACIONES EDUCATIVAS DE \u00c9XITO<\/a><\/strong><\/li>\n<\/ul>\n<\/div>\n<\/blockquote>\n<\/div>\n<p>PLAZO DE INSCRIPCI\u00d3N: DEL 27 DE MARZO AL 14 DE ABRIL<\/p>\n<p>LUGAR DE REALIZACI\u00d3N: CPR CUENCAS MINERAS. SEDE LA FELGUERA<\/p>\n<ul>\n<li><strong><mark class=\"has-inline-color has-vivid-cyan-blue-color\">C\u00f3digo:<\/mark><\/strong>\u00a0797<\/li>\n<li><mark class=\"has-inline-color has-vivid-cyan-blue-color\"><strong>Modalidad<\/strong>:<\/mark>\u00a0Curso presencial<\/li>\n<\/ul>\n<p><mark class=\"has-inline-color has-vivid-cyan-blue-color\"><strong>Objetivos:\u00a0 <\/strong><\/mark>Conocer las Actuaciones Educativas de \u00c9xito , as\u00ed como su fundamentaci\u00f3n te\u00f3rica.<br \/>\nTransferir a la pr\u00e1ctica docente, en la medida\u00a0 de los posible, alguna de estas pr\u00e1cticas.<br \/>\nConocer experiencias que se est\u00e9n llevando a cabo en centros educativos.<\/p>\n<p><strong><mark class=\"has-inline-color has-vivid-cyan-blue-color\">Contenidos<\/mark><\/strong><\/p>\n<p><em>\u00a0Actuaciones Educativas de \u00c9xito y su fundamentaci\u00f3n te\u00f3rica.<\/em><br \/>\n<em>\u00a0Grupos interactivos.<\/em><br \/>\n<em><span class=\"S1PPyQ\">\u00a0Bibliotecas tutorizadas.<br \/>\n<\/span>\u00a0Modelo dial\u00f3gico de prevenci\u00f3n y resoluci\u00f3n de conflictos.<\/em><br \/>\n<em>\u00a0Experiencias en AEE en centros de Primaria y Secundaria.<\/em><\/p>\n<p><strong>Metodolog\u00eda: <\/strong>Se combinar\u00e1 la explicaci\u00f3n te\u00f3rica con experiencias de la pr\u00e1ctica en el aula.<\/p>\n<p><mark class=\"has-inline-color has-vivid-cyan-blue-color\"><strong>Ponentes <\/strong><\/mark>Javier D\u00edez Palomar. Profesor de la\u00a0 Universdad de Barcelona, especializado en Matem\u00e1ticas.\u00a0 Miembro de CREA.<br \/>\nEsther Roca. Profesora de la Universidad Internacional de valencia. Miembro de CREA.<\/p>\n<p>Lena de Botton. Profesora e investigadora de la Universidad de Barcelona. Doctora en Ciencias Sociales. Miembro de CREA.<\/p>\n<ul>\n<li><strong><mark class=\"has-inline-color has-vivid-cyan-blue-color\">Duraci\u00f3n: <\/mark><\/strong>\u00a09 horas &#8211; 1 cr\u00e9dito<\/li>\n<li><strong><mark class=\"has-inline-color has-vivid-cyan-blue-color\">Calendario:\u00a0 1<\/mark><\/strong>8, 25 de abril, 2 de mayo de 2023<\/li>\n<li><strong><mark class=\"has-inline-color has-vivid-cyan-blue-color\">Lugar: <\/mark><\/strong>\u00a0CPR Cuencas Mineras. Sede La Felguera.<\/li>\n<li><strong><mark class=\"has-inline-color has-vivid-cyan-blue-color\">Horario: <\/mark><\/strong>\u00a0de 17.00 a 20.00<\/li>\n<li><strong><mark class=\"has-inline-color has-vivid-cyan-blue-color\">Plazas: <\/mark><\/strong>\u00a0M\u00ednimo:50 &#8211; M\u00e1ximo:100<\/li>\n<li><strong><mark class=\"has-inline-color has-vivid-cyan-blue-color\">Inscripci\u00f3n: <\/mark><\/strong>\u00a0Del 27 de marzo al 14 de abril de 2023.<\/li>\n<li><strong><mark class=\"has-inline-color has-vivid-cyan-blue-color\">Lista de personas admitidas, reserva y excluidas: <\/mark><\/strong>\u00a0 web <a href=\"https:\/\/alojaweb.educastur.es\/web\/asturiasformacion\/listas-admitidas-cuencas\" target=\"_blank\" rel=\"noopener\">\u00abLista de personas admitidas\u00bb<\/a>, el\u00a0<strong>17 de abril<\/strong><\/li>\n<li><strong><mark class=\"has-inline-color has-vivid-cyan-blue-color\">Procedimiento de matr\u00edcula: <\/mark><\/strong>\u00a0Mediante la cumplimentaci\u00f3n del siguiente\u00a0 formulario de inscripci\u00f3n\u00a0<a href=\"https:\/\/forms.office.com\/Pages\/ResponsePage.aspx?id=O26jiJ_XK0qNtkwG0Jc4IUzKlt3i2PhEn9kB85On2SlUMVFFR0M4T0ZXMDBDRERDUlBZOTBQNTBTOS4u\" target=\"_blank\" rel=\"noopener\"><strong>\u00bb INSCRIPCI\u00d3N\u00bb\u00a0<\/strong><\/a><\/li>\n<li><strong><mark class=\"has-inline-color has-vivid-cyan-blue-color\">Criterios de selecci\u00f3n: <\/mark><\/strong>1. Orden de inscripci\u00f3n.<\/li>\n<\/ul>\n<p><img loading=\"lazy\" decoding=\"async\" class=\"aligncenter\" src=\"https:\/\/encrypted-tbn0.gstatic.com\/images?q=tbn:ANd9GcTR28kVyfgd3qwCkn2ICP6JNBpKea-RZS3fF5sLEuFyAkmWuml3Qyn-alg-FidZmJD8Ug&amp;usqp=CAU\" width=\"291\" height=\"31\" \/><\/p>\n<p class=\"mm8Nw _1j-51 roLFQS _1FoOD _3M0Fe Z63qyL roLFQS public-DraftStyleDefault-block-depth0 fixed-tab-size public-DraftStyleDefault-text-ltr\"><span class=\"_2PHJq public-DraftStyleDefault-ltr\"><a href=\"https:\/\/cpravilesoccidente.wixsite.com\/cprao\/post\/curso-red-formativa-lomloe-situaciones-de-aprendizaje-y-programaci%C3%B3n-de-aula\">CPR DE AVILES:<\/a><br \/>\nEl cambio pedag\u00f3gico y metodol\u00f3gico que pretende impulsar la nueva ley educativa (LOMLOE), es tan ilusionante como exigente a nivel t\u00e9cnico para nuestra comunidad educativa. La Red Formativa LOMLOE intenta dar respuesta a las necesidades formativas derivadas de este cambio normativo. En esta ocasi\u00f3n se propone la siguiente acci\u00f3n formativa articulada en dos propuestas para las diferentes etapas:<\/span><\/p>\n<blockquote>\n<p id=\"viewer-9kdn2\" class=\"mm8Nw _1j-51 roLFQS _1FoOD _3M0Fe Z63qyL roLFQS public-DraftStyleDefault-block-depth0 fixed-tab-size public-DraftStyleDefault-text-ltr\" style=\"text-align: center\"><span class=\"_2PHJq public-DraftStyleDefault-ltr\" style=\"color: #008080\"><strong>SITUACIONES DE APRENDIZAJE Y PROGRAMACI\u00d3N DE AULA.<br \/>\nEDUCACI\u00d3N INFANTIL Y PRIMARIA.<\/strong><\/span><\/p>\n<\/blockquote>\n<div data-hook=\"rcv-block6\"><\/div>\n<div id=\"viewer-7l596\" class=\"mm8Nw _1j-51 roLFQS _1FoOD _3M0Fe Z63qyL roLFQS public-DraftStyleDefault-block-depth0 fixed-tab-size public-DraftStyleDefault-text-ltr\">\n<div id=\"viewer-ft896\" class=\"_2vd5k b6lcWf\">\n<div class=\"_3ZwKi _3CWa- sxFoib sxFoib _1eLXB\">\n<ul>\n<li class=\"_3Ybc9\"><a href=\"https:\/\/2b8b781b-04f9-4c1a-adbb-6eee793de68c.usrfiles.com\/ugd\/2b8b78_7ee3099234bb4e5fb5b3db090cd4a57d.pdf\">M\u00c1S INFORMACI\u00d3N PROFESORADO DE INFANTIL Y PRIMARIA<\/a><\/li>\n<li><a href=\"https:\/\/forms.office.com\/Pages\/ResponsePage.aspx?id=O26jiJ_XK0qNtkwG0Jc4IYHLaYNnhmNHh45jwISDXo1UNUVSVEdVNFVBVDBNVVgyTzlBRTdWSURESiQlQCNjPTEu\">INSCRIPCI\u00d3N PROFESORADO INFANTIL Y PRIMARIA<\/a><\/li>\n<li><strong>Fecha inicio actividad:<\/strong> 09\/05\/2023<\/li>\n<li><strong>Fecha fin actividad:<\/strong> 30\/05\/2023<\/li>\n<li><strong>Dirigido a:<\/strong> profesorado de Educaci\u00f3n Infantil y Primaria<\/li>\n<li><strong>Calendario y horarios:<\/strong><\/li>\n<\/ul>\n<\/div>\n<\/div>\n<\/div>\n<ul class=\"public-DraftStyleDefault-ul\">\n<li id=\"viewer-55dqe\" class=\"roLFQS ULPWlI _3Kjjs public-DraftStyleDefault-unorderedListItem public-DraftStyleDefault-depth1 public-DraftStyleDefault-list-ltr fixed-tab-size public-DraftStyleDefault-reset _1FoOD _3M0Fe Z63qyL roLFQS\">\n<p class=\"_1j-51 _1FoOD _3M0Fe Z63qyL roLFQS\">Sesiones presenciales en Sedes CPRs (Oviedo, Gij\u00f3n, Avil\u00e9s y Cuencas): 09 y 16 de mayo 16:30-19:30h<br \/>\nSesiones presenciales en Sedes (Ribadesella, Tineo, Luarca): 11 y 18 de mayo 16:30-19:30h<\/p>\n<\/li>\n<\/ul>\n<div id=\"viewer-9tm9u\" class=\"mm8Nw _1j-51 roLFQS _1FoOD _3M0Fe Z63qyL roLFQS public-DraftStyleDefault-block-depth1 fixed-tab-size public-DraftStyleDefault-text-ltr\">\n<ul class=\"public-DraftStyleDefault-ul\">\n<li id=\"viewer-dbsnk\" class=\"roLFQS ULPWlI _3Kjjs public-DraftStyleDefault-unorderedListItem public-DraftStyleDefault-depth1 public-DraftStyleDefault-list-ltr fixed-tab-size _1FoOD _3M0Fe Z63qyL roLFQS\">\n<p class=\"_1j-51 _1FoOD _3M0Fe Z63qyL roLFQS\">Sesiones presenciales en Sedes (Ribadesella, Tineo, Luarca): 11 y 18 de mayo 16:30-19:30h<\/p>\n<\/li>\n<\/ul>\n<div id=\"viewer-9tm9u\" class=\"mm8Nw _1j-51 roLFQS _1FoOD _3M0Fe Z63qyL roLFQS public-DraftStyleDefault-block-depth1 fixed-tab-size public-DraftStyleDefault-text-ltr\"><span class=\"_2PHJq public-DraftStyleDefault-ltr\">\u00a0<\/span><\/div>\n<div data-hook=\"rcv-block17\"><\/div>\n<div id=\"viewer-ft896\" class=\"_2vd5k b6lcWf\">\n<div class=\"_3ZwKi _3CWa- sxFoib sxFoib _1eLXB\"><\/div>\n<\/div>\n<p id=\"viewer-755mf\" class=\"mm8Nw _1j-51 roLFQS _1FoOD _3M0Fe Z63qyL roLFQS public-DraftStyleDefault-block-depth0 fixed-tab-size public-DraftStyleDefault-text-ltr\">\n<\/div>\n<\/div>\n<\/div>\n","protected":false},"excerpt":{"rendered":"<p>Informaci\u00f3n agrupada en esta web: http:\/\/cproviedo.es\/nueva-pagina-web-de-asturias-formacion Publicaci\u00f3n Digital de marzo de 2023 Cat\u00e1logo de cursos para realizar en abril Solicitud a trav\u00e9s de la publicaci\u00f3n digital o del tel\u00e9fono 900 70 66 70 del al de marzo https:\/\/programaiaap.asturias.es CURSO PRESENCIAL: COMUNIDADES DE APRENDIZAJE Y ACTUACIONES EDUCATIVAS DE \u00c9XITO PLAZO DE INSCRIPCI\u00d3N: DEL 27 DE MARZO [&hellip;]<\/p>\n","protected":false},"author":117,"featured_media":0,"parent":5523,"menu_order":0,"comment_status":"closed","ping_status":"closed","template":"","meta":{"footnotes":""},"class_list":["post-5567","page","type-page","status-publish","hentry","post-preview"],"_links":{"self":[{"href":"https:\/\/edublog.educastur.es\/corredoria3\/wp-json\/wp\/v2\/pages\/5567","targetHints":{"allow":["GET"]}}],"collection":[{"href":"https:\/\/edublog.educastur.es\/corredoria3\/wp-json\/wp\/v2\/pages"}],"about":[{"href":"https:\/\/edublog.educastur.es\/corredoria3\/wp-json\/wp\/v2\/types\/page"}],"author":[{"embeddable":true,"href":"https:\/\/edublog.educastur.es\/corredoria3\/wp-json\/wp\/v2\/users\/117"}],"replies":[{"embeddable":true,"href":"https:\/\/edublog.educastur.es\/corredoria3\/wp-json\/wp\/v2\/comments?post=5567"}],"version-history":[{"count":6,"href":"https:\/\/edublog.educastur.es\/corredoria3\/wp-json\/wp\/v2\/pages\/5567\/revisions"}],"predecessor-version":[{"id":5569,"href":"https:\/\/edublog.educastur.es\/corredoria3\/wp-json\/wp\/v2\/pages\/5567\/revisions\/5569"}],"up":[{"embeddable":true,"href":"https:\/\/edublog.educastur.es\/corredoria3\/wp-json\/wp\/v2\/pages\/5523"}],"wp:attachment":[{"href":"https:\/\/edublog.educastur.es\/corredoria3\/wp-json\/wp\/v2\/media?parent=5567"}],"curies":[{"name":"wp","href":"https:\/\/api.w.org\/{rel}","templated":true}]}}