{"id":5595,"date":"2023-04-03T12:56:56","date_gmt":"2023-04-03T10:56:56","guid":{"rendered":"https:\/\/edublog.educastur.es\/corredoria3\/?page_id=5595"},"modified":"2023-04-03T13:09:04","modified_gmt":"2023-04-03T11:09:04","slug":"abril","status":"publish","type":"page","link":"https:\/\/edublog.educastur.es\/corredoria3\/profes_cursos\/2023-2\/abril\/","title":{"rendered":"Abril"},"content":{"rendered":"<blockquote>\n<p style=\"text-align: center\"><strong><span style=\"font-size: 20px\">Informaci\u00f3n agrupada en esta web:<\/span><\/strong><br \/>\n<a href=\"http:\/\/cproviedo.es\/nueva-pagina-web-de-asturias-formacion\"><span style=\"font-size: 20px\">http:\/\/cproviedo.es\/nueva-pagina-web-de-asturias-formacion<\/span><\/a><\/p>\n<\/blockquote>\n<p style=\"text-align: center\"><a href=\"https:\/\/alojaweb.educastur.es\/web\/asturiasformacion\/cproviedo\">https:\/\/alojaweb.educastur.es\/web\/asturiasformacion\/cproviedo<\/a><\/p>\n<p><a href=\"https:\/\/alojaweb.educastur.es\/web\/asturiasformacion\/cproviedo\"><img loading=\"lazy\" decoding=\"async\" class=\"aligncenter size-full\" src=\"https:\/\/cproviedo.es\/wp-content\/uploads\/2023\/03\/Cartel_nueva_web.png\" width=\"1762\" height=\"546\" \/><\/a><\/p>\n<p>&nbsp;<\/p>\n<blockquote>\n<p style=\"text-align: center\"><span style=\"font-size: 20px;color: #800080\">Convocado curso presencial:<strong><br \/>\n\u00abAltas capacidades y bienestar emocional\u00bb<\/strong><\/span><\/p>\n<\/blockquote>\n<ul>\n<li>Fechas: 25, 26 y 27 de abril de 2023.<\/li>\n<li>Horario: 17:00-20:00<\/li>\n<li>Lugar: IES Bernaldo de Quir\u00f3s (Mieres).<a href=\"http:\/\/www.cproviedo.es\/gestor\/admin\/lis_diptico.php?id=2359\">M\u00e1s informaci\u00f3n<\/a>.<\/li>\n<li><a href=\"http:\/\/www.cproviedo.es\/gestor\/inscri1.php?idAct=2359\">Acceso a la inscripci\u00f3n<\/a>.<\/li>\n<\/ul>\n<hr \/>\n<blockquote>\n<h2 style=\"text-align: center\"><span style=\"color: #800080\">Gu\u00eda para Centros Educativos: promoci\u00f3n del bienestar emocional; prevenci\u00f3n, detecci\u00f3n e intervenci\u00f3n ante la conducta suicida<\/span><\/h2>\n<\/blockquote>\n<div class=\"info\">\n<div class=\"content\">\n<ul>\n<li>Convocado curso en l\u00ednea, dirigido a todo el profesorado.<\/li>\n<li>Fechas: 17, 20 y 25 de abril de 2023.<\/li>\n<li>Horario: 16:30-19:30.<\/li>\n<li>Plazo de inscripci\u00f3n: 30 marzo &#8211; 12 abril.<\/li>\n<li>Para m\u00e1s informaci\u00f3n, pinche <a href=\"http:\/\/www.cproviedo.es\/gestor\/admin\/lis_diptico.php?id=2358\">aqu\u00ed<\/a>.<\/li>\n<li>Para inscribirse, pinche <a href=\"http:\/\/www.cproviedo.es\/gestor\/inscri1.php?idAct=2358\">aqu\u00ed<\/a> (IMPORTANTE: revise bien sus datos personales; sobre todo si ya ha realizado otras formaciones organizadas por el CPR de Oviedo).<\/li>\n<\/ul>\n<hr \/>\n<\/div>\n<\/div>\n<blockquote>\n<h2 style=\"text-align: center\"><span style=\"color: #800080\">CURSO REGIONAL PRESENCIAL:<br \/>\nTeaching English in the Pre-Primary Classroom<\/span><\/h2>\n<\/blockquote>\n<div class=\"info\">\n<div class=\"content\">\n<p><img loading=\"lazy\" decoding=\"async\" class=\"aligncenter\" src=\"https:\/\/alojaweb.educastur.es\/documents\/10599046\/10872350\/EnglishVeryYoungLearners\/160cd389-1ef2-4837-bb7b-a47bc8d5f550?t=1680203068949\" alt=\"\" width=\"569\" height=\"569\" \/><strong>A lo largo del curso se implementar\u00e1n actividades relacionadas con la lengua inglesa con el fin de desarrollar la comunicaci\u00f3n y la creatividad del ni\u00f1o o de la ni\u00f1a desde un punto de vista cognitivo, emocional y f\u00edsico.<\/strong> Se observar\u00e1n buenas pr\u00e1cticas en Educaci\u00f3n infantil y explorar\u00e1n diferentes \u00e1reas utilizando m\u00fasica, canciones, ritmo y entonaci\u00f3n, cuentos y conceptos matem\u00e1ticos a trav\u00e9s de la lengua inglesa.<\/p>\n<ul>\n<li><a href=\"https:\/\/educastur-my.sharepoint.com\/:b:\/g\/personal\/cprgijon_educastur_org\/ESOegooFm7BCvXBAnzm_fy4BFUXmn0oU_q6u9M-BevmzLg?e=HeJ0NM\" target=\"_blank\" rel=\"noopener\">M\u00e1s informaci\u00f3n<\/a><\/li>\n<li><a href=\"https:\/\/educastur-my.sharepoint.com\/:b:\/g\/personal\/cprgijon_educastur_org\/EeeSqUI60AFOltO0z48UnMEB1QfRkfm9bdWxlI_7CaPQdQ?e=oMhrVC\" target=\"_blank\" rel=\"noopener\">Programa<\/a><\/li>\n<li><a href=\"https:\/\/forms.office.com\/Pages\/ResponsePage.aspx?id=O26jiJ_XK0qNtkwG0Jc4IfXqsoItVThCsI2aZS0z3O9UNVFMUlk0TDYwWlJIWDVaWUs5RzQ0MTVNTC4u\" target=\"_blank\" rel=\"noopener\">Inscripci\u00f3n <\/a>abierta hasta el <strong>20 de abril 2023<\/strong><\/li>\n<li>Listados de admisi\u00f3n 21 de abril 2023<\/li>\n<li>VER: https:\/\/educastur-my.sharepoint.com\/personal\/cprgijon_educastur_org\/_layouts\/15\/onedrive.aspx?id=%2Fpersonal%2Fcprgijon%5Feducastur%5Forg%2FDocuments%2F1%20CURSO%20ESCOLAR%2022%2D23%2F9%20FORMACI%C3%93N%2FCURSOS%2F785%5FVeryYoungLearners%2FEnglish%5FVeryYoungLearners%5FPDcourse%2Epdf&amp;parent=%2Fpersonal%2Fcprgijon%5Feducastur%5Forg%2FDocuments%2F1%20CURSO%20ESCOLAR%2022%2D23%2F9%20FORMACI%C3%93N%2FCURSOS%2F785%5FVeryYoungLearners&amp;ga=1<\/li>\n<\/ul>\n<\/div>\n<\/div>\n<hr \/>\n<p><img loading=\"lazy\" decoding=\"async\" class=\"aligncenter \" src=\"https:\/\/www.educastur.es\/documents\/34868\/37716\/2023-03-pro-formacion-jornada-vivir-europa-800.jpg\/0a392fe1-e39c-9145-070a-7903162320e3?t=1680515595141\" width=\"493\" height=\"357\" \/><\/p>\n<p>Los d\u00edas<strong> 21 y 22 de abril se celebrar\u00e1n en Gij\u00f3n unas Jornadas en el marco del Proyecto Jean Monnet<\/strong> financiado por la Direcci\u00f3n General de Educaci\u00f3n y Cultura de la Comisi\u00f3n Europea. Su objetivo es ser un foro de debate y reflexi\u00f3n sobre alguno de los principales problemas que afectan hoy al proyecto europeo y, al mismo tiempo, sensibilizar al profesorado sobre la importancia de los conocimientos sobre la integraci\u00f3n europea como una manera de formar una verdadera ciudadan\u00eda europea.<\/p>\n<p>El encuentro se desarrollar\u00e1 en varias sesiones con mesas redondas, talleres y debates en los que participar\u00e1n ponentes de reconocido prestigio de distintas especialidades. <strong>Calendario:<\/strong> viernes, 21 y s\u00e1bado 22 de abril 2023.\u00a0 <a href=\"https:\/\/bit.ly\/3zdDXgv\" target=\"_blank\" rel=\"noopener\">Informaci\u00f3n e inscipciones<\/a> (web del CPR Gij\u00f3n-Oriente)<\/p>\n<hr \/>\n<div class=\"\" dir=\"auto\">\n<div class=\"\" dir=\"auto\">\n<div class=\"x1iorvi4 x1pi30zi x1swvt13 x1l90r2v\" data-ad-comet-preview=\"message\" data-ad-preview=\"message\">\n<div class=\"x78zum5 xdt5ytf xz62fqu x16ldp7u\">\n<div class=\"xu06os2 x1ok221b\">\n<div class=\"x11i5rnm xat24cr x1mh8g0r x1vvkbs xdj266r x126k92a\">\n<div dir=\"auto\" style=\"text-align: center\">\n<!-- iframe plugin v.6.0 wordpress.org\/plugins\/iframe\/ -->\n<iframe loading=\"lazy\" src=\"https:\/\/www.facebook.com\/plugins\/post.php?href=https%3A%2F%2Fwww.facebook.com%2FIAAPasturias%2Fposts%2Fpfbid04NwaayjQy8UAdBZyCRC8FkQvUHRfvuoXBcUypJUbN9zKw3iqnUgtjdkKygYGxSnal&#038;show_text=false&#038;width=500\" width=\"500\" height=\"281\" style=\"border:none;overflow:hidden\" scrolling=\"no\" frameborder=\"0\" allowfullscreen=\"true\" allow=\"autoplay; clipboard-write; encrypted-media; picture-in-picture; web-share\" 0=\"\/iframe\" class=\"iframe-class\"><\/iframe>\n<\/div>\n<div dir=\"auto\"><\/div>\n<div dir=\"auto\"><span class=\"x3nfvp2 x1j61x8r x1fcty0u xdj266r xhhsvwb xat24cr xgzva0m xxymvpz xlup9mm x1kky2od\"><img loading=\"lazy\" decoding=\"async\" src=\"https:\/\/static.xx.fbcdn.net\/images\/emoji.php\/v9\/tac\/1\/16\/1f4cc.png\" alt=\"?\" width=\"16\" height=\"16\" \/><\/span>Publicaci\u00f3n Digital de abril de 2023<\/div>\n<div dir=\"auto\"><span class=\"x3nfvp2 x1j61x8r x1fcty0u xdj266r xhhsvwb xat24cr xgzva0m xxymvpz xlup9mm x1kky2od\"><img loading=\"lazy\" decoding=\"async\" src=\"https:\/\/static.xx.fbcdn.net\/images\/emoji.php\/v9\/t8e\/1\/16\/2139.png\" alt=\"\u2139\ufe0f\" width=\"16\" height=\"16\" \/><\/span> Cat\u00e1logo de cursos para realizar en mayo<\/div>\n<div dir=\"auto\"><span class=\"x3nfvp2 x1j61x8r x1fcty0u xdj266r xhhsvwb xat24cr xgzva0m xxymvpz xlup9mm x1kky2od\"><img loading=\"lazy\" decoding=\"async\" src=\"https:\/\/static.xx.fbcdn.net\/images\/emoji.php\/v9\/tff\/1\/16\/1f4c6.png\" alt=\"?\" width=\"16\" height=\"16\" \/><\/span> Solicitud a trav\u00e9s de la publicaci\u00f3n digital o del tel\u00e9fono 900 70 66 70 del <span class=\"x3nfvp2 x1j61x8r x1fcty0u xdj266r xhhsvwb xat24cr xgzva0m xxymvpz xlup9mm x1kky2od\"><img loading=\"lazy\" decoding=\"async\" src=\"https:\/\/static.xx.fbcdn.net\/images\/emoji.php\/v9\/t7a\/1\/16\/31_20e3.png\" alt=\"1\u20e3\" width=\"16\" height=\"16\" \/><\/span> al <span class=\"x3nfvp2 x1j61x8r x1fcty0u xdj266r xhhsvwb xat24cr xgzva0m xxymvpz xlup9mm x1kky2od\"><img loading=\"lazy\" decoding=\"async\" src=\"https:\/\/static.xx.fbcdn.net\/images\/emoji.php\/v9\/t7a\/1\/16\/31_20e3.png\" alt=\"1\u20e3\" width=\"16\" height=\"16\" \/><\/span><span class=\"x3nfvp2 x1j61x8r x1fcty0u xdj266r xhhsvwb xat24cr xgzva0m xxymvpz xlup9mm x1kky2od\"><img loading=\"lazy\" decoding=\"async\" src=\"https:\/\/static.xx.fbcdn.net\/images\/emoji.php\/v9\/tf6\/1\/16\/35_20e3.png\" alt=\"5\u20e3\" width=\"16\" height=\"16\" \/><\/span>de abril<\/div>\n<div dir=\"auto\"><span class=\"x3nfvp2 x1j61x8r x1fcty0u xdj266r xhhsvwb xat24cr xgzva0m xxymvpz xlup9mm x1kky2od\"><img loading=\"lazy\" decoding=\"async\" src=\"https:\/\/static.xx.fbcdn.net\/images\/emoji.php\/v9\/tbd\/1\/16\/1f4a2.png\" alt=\"?\" width=\"16\" height=\"16\" \/><\/span> <a class=\"x1i10hfl xjbqb8w x6umtig x1b1mbwd xaqea5y xav7gou x9f619 x1ypdohk xt0psk2 xe8uvvx xdj266r x11i5rnm xat24cr x1mh8g0r xexx8yu x4uap5 x18d9i69 xkhd6sd x16tdsg8 x1hl2dhg xggy1nq x1a2a7pz xt0b8zv x1fey0fg\" role=\"link\" href=\"https:\/\/l.facebook.com\/l.php?u=https%3A%2F%2Fprogramaiaap.asturias.es%2F%3Ffbclid%3DIwAR2K3V-QBkh-s8nmlaLmPpJptHhDLk808BCN9vzET9a3lnMnb7O492sXUyk&amp;h=AT2QbRAF83e7nV3J7-m5vfvHHRIBuHy5diLB1N3ToKF9ChfSnhz7qYP14sL1YEfiUdO2jsVhmoI7jD2h0b7tjtHcTClfLXQwupfLjnpdXqTw6aMhDsSza-S90OceW2oDcQ&amp;__tn__=-UK-y-R&amp;c[0]=AT0ImKXRRud0hRQFU7gMA-CBlSw76dY1eWsw--Ssy3TsLlLuX8oFHKwcV6Ii1cMuOHBx_x5pBFxzbM_tjWYUCbXWdqEzYsgKOBrpUnFJ2t-aGXIKy0bMymLOuVqhI7s9dL2a8lJlNJPS517rj7FeV2HMANYCnKENlJbzPlJFwGD17F2DPZAXKkOANXJfxqCRqLN3PtOuKaF7GfVRyXKBLl1FGE9Rde6amEtQNn4\" target=\"_blank\" rel=\"nofollow noopener\">https:\/\/programaiaap.asturias.es<\/a>\u00ab<\/div>\n<hr \/>\n<\/div>\n<\/div>\n<\/div>\n<\/div>\n<\/div>\n<\/div>\n","protected":false},"excerpt":{"rendered":"<p>Informaci\u00f3n agrupada en esta web: http:\/\/cproviedo.es\/nueva-pagina-web-de-asturias-formacion https:\/\/alojaweb.educastur.es\/web\/asturiasformacion\/cproviedo &nbsp; Convocado curso presencial: \u00abAltas capacidades y bienestar emocional\u00bb Fechas: 25, 26 y 27 de abril de 2023. Horario: 17:00-20:00 Lugar: IES Bernaldo de Quir\u00f3s (Mieres).M\u00e1s informaci\u00f3n. Acceso a la inscripci\u00f3n. Gu\u00eda para Centros Educativos: promoci\u00f3n del bienestar emocional; prevenci\u00f3n, detecci\u00f3n e intervenci\u00f3n ante la conducta suicida Convocado [&hellip;]<\/p>\n","protected":false},"author":117,"featured_media":0,"parent":5523,"menu_order":0,"comment_status":"closed","ping_status":"closed","template":"","meta":{"footnotes":""},"class_list":["post-5595","page","type-page","status-publish","hentry","post-preview"],"_links":{"self":[{"href":"https:\/\/edublog.educastur.es\/corredoria3\/wp-json\/wp\/v2\/pages\/5595","targetHints":{"allow":["GET"]}}],"collection":[{"href":"https:\/\/edublog.educastur.es\/corredoria3\/wp-json\/wp\/v2\/pages"}],"about":[{"href":"https:\/\/edublog.educastur.es\/corredoria3\/wp-json\/wp\/v2\/types\/page"}],"author":[{"embeddable":true,"href":"https:\/\/edublog.educastur.es\/corredoria3\/wp-json\/wp\/v2\/users\/117"}],"replies":[{"embeddable":true,"href":"https:\/\/edublog.educastur.es\/corredoria3\/wp-json\/wp\/v2\/comments?post=5595"}],"version-history":[{"count":7,"href":"https:\/\/edublog.educastur.es\/corredoria3\/wp-json\/wp\/v2\/pages\/5595\/revisions"}],"predecessor-version":[{"id":5597,"href":"https:\/\/edublog.educastur.es\/corredoria3\/wp-json\/wp\/v2\/pages\/5595\/revisions\/5597"}],"up":[{"embeddable":true,"href":"https:\/\/edublog.educastur.es\/corredoria3\/wp-json\/wp\/v2\/pages\/5523"}],"wp:attachment":[{"href":"https:\/\/edublog.educastur.es\/corredoria3\/wp-json\/wp\/v2\/media?parent=5595"}],"curies":[{"name":"wp","href":"https:\/\/api.w.org\/{rel}","templated":true}]}}

<blockquote>
<p style="text-align: center"><strong><span style="font-size: 20px">Información agrupada en esta web:</span></strong><br />
<a href="http://cproviedo.es/nueva-pagina-web-de-asturias-formacion"><span style="font-size: 20px">http://cproviedo.es/nueva-pagina-web-de-asturias-formacion</span></a></p>
</blockquote>
<p style="text-align: center"><a href="https://alojaweb.educastur.es/web/asturiasformacion/cproviedo">https://alojaweb.educastur.es/web/asturiasformacion/cproviedo</a></p>
<p><a href="https://alojaweb.educastur.es/web/asturiasformacion/cproviedo"><img loading="lazy" decoding="async" class="aligncenter size-full" src="https://cproviedo.es/wp-content/uploads/2023/03/Cartel_nueva_web.png" width="1762" height="546" /></a></p>
<p>&nbsp;</p>
<blockquote>
<p style="text-align: center"><span style="font-size: 20px;color: #800080">Convocado curso presencial:<strong><br />
«Altas capacidades y bienestar emocional»</strong></span></p>
</blockquote>
<ul>
<li>Fechas: 25, 26 y 27 de abril de 2023.</li>
<li>Horario: 17:00-20:00</li>
<li>Lugar: IES Bernaldo de Quirós (Mieres).<a href="http://www.cproviedo.es/gestor/admin/lis_diptico.php?id=2359">Más información</a>.</li>
<li><a href="http://www.cproviedo.es/gestor/inscri1.php?idAct=2359">Acceso a la inscripción</a>.</li>
</ul>
<hr />
<blockquote>
<h2 style="text-align: center"><span style="color: #800080">Guía para Centros Educativos: promoción del bienestar emocional; prevención, detección e intervención ante la conducta suicida</span></h2>
</blockquote>
<div class="info">
<div class="content">
<ul>
<li>Convocado curso en línea, dirigido a todo el profesorado.</li>
<li>Fechas: 17, 20 y 25 de abril de 2023.</li>
<li>Horario: 16:30-19:30.</li>
<li>Plazo de inscripción: 30 marzo &#8211; 12 abril.</li>
<li>Para más información, pinche <a href="http://www.cproviedo.es/gestor/admin/lis_diptico.php?id=2358">aquí</a>.</li>
<li>Para inscribirse, pinche <a href="http://www.cproviedo.es/gestor/inscri1.php?idAct=2358">aquí</a> (IMPORTANTE: revise bien sus datos personales; sobre todo si ya ha realizado otras formaciones organizadas por el CPR de Oviedo).</li>
</ul>
<hr />
</div>
</div>
<blockquote>
<h2 style="text-align: center"><span style="color: #800080">CURSO REGIONAL PRESENCIAL:<br />
Teaching English in the Pre-Primary Classroom</span></h2>
</blockquote>
<div class="info">
<div class="content">
<p><img loading="lazy" decoding="async" class="aligncenter" src="https://alojaweb.educastur.es/documents/10599046/10872350/EnglishVeryYoungLearners/160cd389-1ef2-4837-bb7b-a47bc8d5f550?t=1680203068949" alt="" width="569" height="569" /><strong>A lo largo del curso se implementarán actividades relacionadas con la lengua inglesa con el fin de desarrollar la comunicación y la creatividad del niño o de la niña desde un punto de vista cognitivo, emocional y físico.</strong> Se observarán buenas prácticas en Educación infantil y explorarán diferentes áreas utilizando música, canciones, ritmo y entonación, cuentos y conceptos matemáticos a través de la lengua inglesa.</p>
<ul>
<li><a href="https://educastur-my.sharepoint.com/:b:/g/personal/cprgijon_educastur_org/ESOegooFm7BCvXBAnzm_fy4BFUXmn0oU_q6u9M-BevmzLg?e=HeJ0NM" target="_blank" rel="noopener">Más información</a></li>
<li><a href="https://educastur-my.sharepoint.com/:b:/g/personal/cprgijon_educastur_org/EeeSqUI60AFOltO0z48UnMEB1QfRkfm9bdWxlI_7CaPQdQ?e=oMhrVC" target="_blank" rel="noopener">Programa</a></li>
<li><a href="https://forms.office.com/Pages/ResponsePage.aspx?id=O26jiJ_XK0qNtkwG0Jc4IfXqsoItVThCsI2aZS0z3O9UNVFMUlk0TDYwWlJIWDVaWUs5RzQ0MTVNTC4u" target="_blank" rel="noopener">Inscripción </a>abierta hasta el <strong>20 de abril 2023</strong></li>
<li>Listados de admisión 21 de abril 2023</li>
<li>VER: https://educastur-my.sharepoint.com/personal/cprgijon_educastur_org/_layouts/15/onedrive.aspx?id=%2Fpersonal%2Fcprgijon%5Feducastur%5Forg%2FDocuments%2F1%20CURSO%20ESCOLAR%2022%2D23%2F9%20FORMACI%C3%93N%2FCURSOS%2F785%5FVeryYoungLearners%2FEnglish%5FVeryYoungLearners%5FPDcourse%2Epdf&amp;parent=%2Fpersonal%2Fcprgijon%5Feducastur%5Forg%2FDocuments%2F1%20CURSO%20ESCOLAR%2022%2D23%2F9%20FORMACI%C3%93N%2FCURSOS%2F785%5FVeryYoungLearners&amp;ga=1</li>
</ul>
</div>
</div>
<hr />
<p><img loading="lazy" decoding="async" class="aligncenter " src="https://www.educastur.es/documents/34868/37716/2023-03-pro-formacion-jornada-vivir-europa-800.jpg/0a392fe1-e39c-9145-070a-7903162320e3?t=1680515595141" width="493" height="357" /></p>
<p>Los días<strong> 21 y 22 de abril se celebrarán en Gijón unas Jornadas en el marco del Proyecto Jean Monnet</strong> financiado por la Dirección General de Educación y Cultura de la Comisión Europea. Su objetivo es ser un foro de debate y reflexión sobre alguno de los principales problemas que afectan hoy al proyecto europeo y, al mismo tiempo, sensibilizar al profesorado sobre la importancia de los conocimientos sobre la integración europea como una manera de formar una verdadera ciudadanía europea.</p>
<p>El encuentro se desarrollará en varias sesiones con mesas redondas, talleres y debates en los que participarán ponentes de reconocido prestigio de distintas especialidades. <strong>Calendario:</strong> viernes, 21 y sábado 22 de abril 2023.  <a href="https://bit.ly/3zdDXgv" target="_blank" rel="noopener">Información e inscipciones</a> (web del CPR Gijón-Oriente)</p>
<hr />
<div class="" dir="auto">
<div class="" dir="auto">
<div class="x1iorvi4 x1pi30zi x1swvt13 x1l90r2v" data-ad-comet-preview="message" data-ad-preview="message">
<div class="x78zum5 xdt5ytf xz62fqu x16ldp7u">
<div class="xu06os2 x1ok221b">
<div class="x11i5rnm xat24cr x1mh8g0r x1vvkbs xdj266r x126k92a">
<div dir="auto" style="text-align: center">
<!-- iframe plugin v.6.0 wordpress.org/plugins/iframe/ -->
<iframe loading="lazy" src="https://www.facebook.com/plugins/post.php?href=https%3A%2F%2Fwww.facebook.com%2FIAAPasturias%2Fposts%2Fpfbid04NwaayjQy8UAdBZyCRC8FkQvUHRfvuoXBcUypJUbN9zKw3iqnUgtjdkKygYGxSnal&#038;show_text=false&#038;width=500" width="500" height="281" style="border:none;overflow:hidden" scrolling="no" frameborder="0" allowfullscreen="true" allow="autoplay; clipboard-write; encrypted-media; picture-in-picture; web-share" 0="/iframe" class="iframe-class"></iframe>
</div>
<div dir="auto"></div>
<div dir="auto"><span class="x3nfvp2 x1j61x8r x1fcty0u xdj266r xhhsvwb xat24cr xgzva0m xxymvpz xlup9mm x1kky2od"><img loading="lazy" decoding="async" src="https://static.xx.fbcdn.net/images/emoji.php/v9/tac/1/16/1f4cc.png" alt="?" width="16" height="16" /></span>Publicación Digital de abril de 2023</div>
<div dir="auto"><span class="x3nfvp2 x1j61x8r x1fcty0u xdj266r xhhsvwb xat24cr xgzva0m xxymvpz xlup9mm x1kky2od"><img loading="lazy" decoding="async" src="https://static.xx.fbcdn.net/images/emoji.php/v9/t8e/1/16/2139.png" alt="ℹ️" width="16" height="16" /></span> Catálogo de cursos para realizar en mayo</div>
<div dir="auto"><span class="x3nfvp2 x1j61x8r x1fcty0u xdj266r xhhsvwb xat24cr xgzva0m xxymvpz xlup9mm x1kky2od"><img loading="lazy" decoding="async" src="https://static.xx.fbcdn.net/images/emoji.php/v9/tff/1/16/1f4c6.png" alt="?" width="16" height="16" /></span> Solicitud a través de la publicación digital o del teléfono 900 70 66 70 del <span class="x3nfvp2 x1j61x8r x1fcty0u xdj266r xhhsvwb xat24cr xgzva0m xxymvpz xlup9mm x1kky2od"><img loading="lazy" decoding="async" src="https://static.xx.fbcdn.net/images/emoji.php/v9/t7a/1/16/31_20e3.png" alt="1⃣" width="16" height="16" /></span> al <span class="x3nfvp2 x1j61x8r x1fcty0u xdj266r xhhsvwb xat24cr xgzva0m xxymvpz xlup9mm x1kky2od"><img loading="lazy" decoding="async" src="https://static.xx.fbcdn.net/images/emoji.php/v9/t7a/1/16/31_20e3.png" alt="1⃣" width="16" height="16" /></span><span class="x3nfvp2 x1j61x8r x1fcty0u xdj266r xhhsvwb xat24cr xgzva0m xxymvpz xlup9mm x1kky2od"><img loading="lazy" decoding="async" src="https://static.xx.fbcdn.net/images/emoji.php/v9/tf6/1/16/35_20e3.png" alt="5⃣" width="16" height="16" /></span>de abril</div>
<div dir="auto"><span class="x3nfvp2 x1j61x8r x1fcty0u xdj266r xhhsvwb xat24cr xgzva0m xxymvpz xlup9mm x1kky2od"><img loading="lazy" decoding="async" src="https://static.xx.fbcdn.net/images/emoji.php/v9/tbd/1/16/1f4a2.png" alt="?" width="16" height="16" /></span> <a class="x1i10hfl xjbqb8w x6umtig x1b1mbwd xaqea5y xav7gou x9f619 x1ypdohk xt0psk2 xe8uvvx xdj266r x11i5rnm xat24cr x1mh8g0r xexx8yu x4uap5 x18d9i69 xkhd6sd x16tdsg8 x1hl2dhg xggy1nq x1a2a7pz xt0b8zv x1fey0fg" role="link" href="https://l.facebook.com/l.php?u=https%3A%2F%2Fprogramaiaap.asturias.es%2F%3Ffbclid%3DIwAR2K3V-QBkh-s8nmlaLmPpJptHhDLk808BCN9vzET9a3lnMnb7O492sXUyk&amp;h=AT2QbRAF83e7nV3J7-m5vfvHHRIBuHy5diLB1N3ToKF9ChfSnhz7qYP14sL1YEfiUdO2jsVhmoI7jD2h0b7tjtHcTClfLXQwupfLjnpdXqTw6aMhDsSza-S90OceW2oDcQ&amp;__tn__=-UK-y-R&amp;c[0]=AT0ImKXRRud0hRQFU7gMA-CBlSw76dY1eWsw--Ssy3TsLlLuX8oFHKwcV6Ii1cMuOHBx_x5pBFxzbM_tjWYUCbXWdqEzYsgKOBrpUnFJ2t-aGXIKy0bMymLOuVqhI7s9dL2a8lJlNJPS517rj7FeV2HMANYCnKENlJbzPlJFwGD17F2DPZAXKkOANXJfxqCRqLN3PtOuKaF7GfVRyXKBLl1FGE9Rde6amEtQNn4" target="_blank" rel="nofollow noopener">https://programaiaap.asturias.es</a>«</div>
<hr />
</div>
</div>
</div>
</div>
</div>
</div>

<p>Información agrupada en esta web: http://cproviedo.es/nueva-pagina-web-de-asturias-formacion https://alojaweb.educastur.es/web/asturiasformacion/cproviedo &nbsp; Convocado curso presencial: «Altas capacidades y bienestar emocional» Fechas: 25, 26 y 27 de abril de 2023. Horario: 17:00-20:00 Lugar: IES Bernaldo de Quirós (Mieres).Más información. Acceso a la inscripción. Guía para Centros Educativos: promoción del bienestar emocional; prevención, detección e intervención ante la conducta suicida Convocado [&hellip;]</p>
