{"id":5650,"date":"2023-06-10T18:48:31","date_gmt":"2023-06-10T16:48:31","guid":{"rendered":"https:\/\/edublog.educastur.es\/corredoria3\/?page_id=5650"},"modified":"2023-06-10T18:48:31","modified_gmt":"2023-06-10T16:48:31","slug":"cd","status":"publish","type":"page","link":"https:\/\/edublog.educastur.es\/corredoria3\/lomloe\/8-competencias\/cd\/","title":{"rendered":"CD"},"content":{"rendered":"<p>&nbsp;<\/p>\n<blockquote>\n<p style=\"text-align: center\"><span style=\"color: #008080\"><strong><em>Competencia Digital (CD)<\/em><\/strong><\/span><\/p>\n<\/blockquote>\n<p>&nbsp;<\/p>\n<p style=\"text-align: center\"><a href=\"https:\/\/educagob.educacionyfp.gob.es\/dam\/jcr:01c61ff1-96b0-4fd0-983a-cfdf54e507d4\/competenciadigital.jpg\"><img loading=\"lazy\" decoding=\"async\" class=\"aligncenter size-full\" src=\"https:\/\/educagob.educacionyfp.gob.es\/dam\/jcr:01c61ff1-96b0-4fd0-983a-cfdf54e507d4\/competenciadigital.jpg\" width=\"2678\" height=\"3459\" \/><\/a><\/p>\n<p>La Competencia Digital implica el uso seguro, saludable, sostenible, cr\u00edtico y responsable de las tecnolog\u00edas digitales para el aprendizaje, para el trabajo y para la participaci\u00f3n en la sociedad, as\u00ed como la interacci\u00f3n con estas.<\/p>\n<p>Incluye la alfabetizaci\u00f3n en informaci\u00f3n y datos, la comunicaci\u00f3n y la colaboraci\u00f3n, la educaci\u00f3n medi\u00e1tica, la creaci\u00f3n de contenidos digitales (incluida la programaci\u00f3n), la seguridad (incluido el bienestar digital y las competencias relacionadas con la ciberseguridad), asuntos relacionados con la ciudadan\u00eda digital, la privacidad, la propiedad intelectual, la resoluci\u00f3n de problemas y el pensamiento computacional y cr\u00edtico.<\/p>\n<p>Descriptores operativos<\/p>\n<table width=\"661\">\n<thead>\n<tr>\n<td width=\"283\"><strong>Al completar la Educaci\u00f3n Primaria, el alumno o la alumna\u2026<\/strong><\/td>\n<td width=\"378\"><strong>Al completar la ense\u00f1anza b\u00e1sica, el alumno o la alumna\u2026<\/strong><\/td>\n<\/tr>\n<\/thead>\n<tbody>\n<tr>\n<td width=\"283\">&nbsp;<\/p>\n<p>CD1. Realiza b\u00fasquedas guiadas en internet y hace uso de estrategias sencillas para el tratamiento digital de la informaci\u00f3n (palabras clave, selecci\u00f3n de informaci\u00f3n relevante, organizaci\u00f3n de datos\u2026) con una actitud cr\u00edtica sobre los contenidos obtenidos.<\/p>\n<p>&nbsp;<\/td>\n<td width=\"378\">CD1. Realiza b\u00fasquedas en internet atendiendo a criterios de validez, calidad, actualidad y fiabilidad, seleccionando los resultados de manera cr\u00edtica y archiv\u00e1ndolos, para recuperarlos, referenciarlos y reutilizarlos, respetando la propiedad intelectual.<\/td>\n<\/tr>\n<tr>\n<td width=\"283\">&nbsp;<\/p>\n<p>CD2. Crea, integra y reelabora contenidos digitales en distintos formatos (texto, tabla, imagen, audio, v\u00eddeo, programa inform\u00e1tico\u2026) mediante el uso de diferentes herramientas digitales para expresar ideas, sentimientos y conocimientos, respetando la propiedad intelectual y los derechos de autor de los contenidos que reutiliza.<\/p>\n<p>&nbsp;<\/td>\n<td width=\"378\">CD2. Gestiona y utiliza su entorno personal digital de aprendizaje para construir conocimiento y crear contenidos digitales, mediante estrategias de tratamiento de la informaci\u00f3n y el uso de diferentes herramientas digitales, seleccionando y configurando la m\u00e1s adecuada en funci\u00f3n de la tarea y de sus necesidades de aprendizaje permanente.<\/td>\n<\/tr>\n<tr>\n<td width=\"283\">&nbsp;<\/p>\n<p>CD3. Participa en actividades o proyectos escolares mediante el uso de herramientas o plataformas virtuales para construir nuevo conocimiento, comunicarse, trabajar cooperativamente, y compartir datos y contenidos en entornos digitales restringidos y supervisados de manera segura, con una actitud abierta y responsable ante su uso.<\/p>\n<p>&nbsp;<\/td>\n<td width=\"378\">CD3. Se comunica, participa, colabora e interact\u00faa compartiendo contenidos, datos e informaci\u00f3n mediante herramientas o plataformas virtuales, y gestiona de manera responsable sus acciones, presencia y visibilidad en la red, para ejercer una ciudadan\u00eda digital activa, c\u00edvica y reflexiva.<\/td>\n<\/tr>\n<tr>\n<td width=\"283\">&nbsp;<\/p>\n<p>CD4. Conoce los riesgos y adopta, con la orientaci\u00f3n del docente, medidas preventivas al usar las tecnolog\u00edas digitales para proteger los dispositivos, los datos personales, la salud y el medioambiente, y se inicia en la adopci\u00f3n de h\u00e1bitos de uso cr\u00edtico, seguro, saludable y sostenible de dichas tecnolog\u00edas.<\/p>\n<p>&nbsp;<\/td>\n<td width=\"378\">CD4. Identifica riesgos y adopta medidas preventivas al usar las tecnolog\u00edas digitales para proteger los dispositivos, los datos personales, la salud y el medioambiente, y para tomar conciencia de la importancia y necesidad de hacer un uso cr\u00edtico, legal, seguro, saludable y sostenible de dichas tecnolog\u00edas.<\/td>\n<\/tr>\n<tr>\n<td width=\"283\">CD5. Se inicia en el desarrollo de soluciones digitales sencillas y sostenibles (reutilizaci\u00f3n de materiales tecnol\u00f3gicos, programaci\u00f3n inform\u00e1tica por bloques, rob\u00f3tica educativa\u2026) para resolver problemas concretos o retos propuestos de manera creativa, solicitando ayuda en caso necesario.&nbsp;<\/p>\n<p>&nbsp;<\/td>\n<td width=\"378\">CD5. Desarrolla aplicaciones inform\u00e1ticas sencillas y soluciones tecnol\u00f3gicas creativas y sostenibles para resolver problemas concretos o responder a retos propuestos, mostrando inter\u00e9s y curiosidad por la evoluci\u00f3n de las tecnolog\u00edas digitales y por su desarrollo sostenible y uso \u00e9tico.<\/td>\n<\/tr>\n<\/tbody>\n<\/table>\n<h1>Competencia Digital<\/h1>\n<div class=\"cte\">\n<p><strong>La competencia digital (CD) <\/strong>es aquella que implica el uso creativo, cr\u00edtico y seguro de las tecnolog\u00edas de la informaci\u00f3n y la comunicaci\u00f3n para alcanzar los objetivos relacionados con el trabajo, la empleabilidad, el aprendizaje, el uso del tiempo libre, la inclusi\u00f3n y participaci\u00f3n en la sociedad.<\/p>\n<p>Requiere de conocimientos relacionados con el lenguaje espec\u00edfico b\u00e1sico: textual, num\u00e9rico, ic\u00f3nico, visual, gr\u00e1fico y sonoro, as\u00ed como sus pautas de decodificaci\u00f3n y transferencia. Esto conlleva el conocimiento de las principales aplicaciones inform\u00e1ticas. Supone tambi\u00e9n el acceso a las fuentes y el procesamiento de la informaci\u00f3n; y el conocimiento de los derechos y las libertades que asisten a las personas en el mundo digital.<\/p>\n<p>Igualmente precisa del desarrollo de diversas destrezas relacionadas con el acceso a la informaci\u00f3n, el procesamiento y uso para la comunicaci\u00f3n, la creaci\u00f3n de contenidos, la seguridad y la resoluci\u00f3n de problemas, tanto en contextos formales como no formales e informales. La persona ha de ser capaz de hacer un uso habitual de los recursos tecnol\u00f3gicos disponibles con el fin de resolver los problemas reales de un modo eficiente, as\u00ed como evaluar y seleccionar nuevas fuentes de informaci\u00f3n e innovaciones tecnol\u00f3gicas, a medida que van apareciendo, en funci\u00f3n de su utilidad para acometer tareas u objetivos espec\u00edficos.<\/p>\n<\/div>\n<div class=\"cblq fondo info\">\n<div class=\"cte\">\n<p>La adquisici\u00f3n de esta competencia requiere adem\u00e1s actitudes y valores que permitan al usuario adaptarse a las nuevas necesidades establecidas por las tecnolog\u00edas, su apropiaci\u00f3n y adaptaci\u00f3n a los propios fines y la capacidad de interaccionar socialmente en torno a ellas. Se trata de desarrollar una actitud activa, cr\u00edtica y realista hacia las tecnolog\u00edas y los medios tecnol\u00f3gicos, valorando sus fortalezas y debilidades y respetando principios \u00e9ticos en su uso. Por otra parte, la competencia digital implica la participaci\u00f3n y el trabajo colaborativo, as\u00ed como la motivaci\u00f3n y la curiosidad por el aprendizaje y la mejora en el uso de las tecnolog\u00edas.<\/p>\n<p>Para el adecuado desarrollo de la competencia digital resulta necesario abordar:<\/p>\n<ul>\n<li>La informaci\u00f3n.<\/li>\n<li>La comunicaci\u00f3n.<\/li>\n<li>La creaci\u00f3n de contenidos.<\/li>\n<li>La seguridad.<\/li>\n<li>La resoluci\u00f3n de problemas.<\/li>\n<\/ul>\n<\/div>\n<\/div>\n","protected":false},"excerpt":{"rendered":"<p>&nbsp; Competencia Digital (CD) &nbsp; La Competencia Digital implica el uso seguro, saludable, sostenible, cr\u00edtico y responsable de las tecnolog\u00edas digitales para el aprendizaje, para el trabajo y para la participaci\u00f3n en la sociedad, as\u00ed como la interacci\u00f3n con estas. Incluye la alfabetizaci\u00f3n en informaci\u00f3n y datos, la comunicaci\u00f3n y la colaboraci\u00f3n, la educaci\u00f3n medi\u00e1tica, [&hellip;]<\/p>\n","protected":false},"author":117,"featured_media":0,"parent":4108,"menu_order":0,"comment_status":"closed","ping_status":"closed","template":"","meta":{"footnotes":""},"class_list":["post-5650","page","type-page","status-publish","hentry","post-preview"],"_links":{"self":[{"href":"https:\/\/edublog.educastur.es\/corredoria3\/wp-json\/wp\/v2\/pages\/5650","targetHints":{"allow":["GET"]}}],"collection":[{"href":"https:\/\/edublog.educastur.es\/corredoria3\/wp-json\/wp\/v2\/pages"}],"about":[{"href":"https:\/\/edublog.educastur.es\/corredoria3\/wp-json\/wp\/v2\/types\/page"}],"author":[{"embeddable":true,"href":"https:\/\/edublog.educastur.es\/corredoria3\/wp-json\/wp\/v2\/users\/117"}],"replies":[{"embeddable":true,"href":"https:\/\/edublog.educastur.es\/corredoria3\/wp-json\/wp\/v2\/comments?post=5650"}],"version-history":[{"count":1,"href":"https:\/\/edublog.educastur.es\/corredoria3\/wp-json\/wp\/v2\/pages\/5650\/revisions"}],"predecessor-version":[{"id":5651,"href":"https:\/\/edublog.educastur.es\/corredoria3\/wp-json\/wp\/v2\/pages\/5650\/revisions\/5651"}],"up":[{"embeddable":true,"href":"https:\/\/edublog.educastur.es\/corredoria3\/wp-json\/wp\/v2\/pages\/4108"}],"wp:attachment":[{"href":"https:\/\/edublog.educastur.es\/corredoria3\/wp-json\/wp\/v2\/media?parent=5650"}],"curies":[{"name":"wp","href":"https:\/\/api.w.org\/{rel}","templated":true}]}}

<p>&nbsp;</p>
<blockquote>
<p style="text-align: center"><span style="color: #008080"><strong><em>Competencia Digital (CD)</em></strong></span></p>
</blockquote>
<p>&nbsp;</p>
<p style="text-align: center"><a href="https://educagob.educacionyfp.gob.es/dam/jcr:01c61ff1-96b0-4fd0-983a-cfdf54e507d4/competenciadigital.jpg"><img loading="lazy" decoding="async" class="aligncenter size-full" src="https://educagob.educacionyfp.gob.es/dam/jcr:01c61ff1-96b0-4fd0-983a-cfdf54e507d4/competenciadigital.jpg" width="2678" height="3459" /></a></p>
<p>La Competencia Digital implica el uso seguro, saludable, sostenible, crítico y responsable de las tecnologías digitales para el aprendizaje, para el trabajo y para la participación en la sociedad, así como la interacción con estas.</p>
<p>Incluye la alfabetización en información y datos, la comunicación y la colaboración, la educación mediática, la creación de contenidos digitales (incluida la programación), la seguridad (incluido el bienestar digital y las competencias relacionadas con la ciberseguridad), asuntos relacionados con la ciudadanía digital, la privacidad, la propiedad intelectual, la resolución de problemas y el pensamiento computacional y crítico.</p>
<p>Descriptores operativos</p>
<table width="661">
<thead>
<tr>
<td width="283"><strong>Al completar la Educación Primaria, el alumno o la alumna…</strong></td>
<td width="378"><strong>Al completar la enseñanza básica, el alumno o la alumna…</strong></td>
</tr>
</thead>
<tbody>
<tr>
<td width="283">&nbsp;</p>
<p>CD1. Realiza búsquedas guiadas en internet y hace uso de estrategias sencillas para el tratamiento digital de la información (palabras clave, selección de información relevante, organización de datos…) con una actitud crítica sobre los contenidos obtenidos.</p>
<p>&nbsp;</td>
<td width="378">CD1. Realiza búsquedas en internet atendiendo a criterios de validez, calidad, actualidad y fiabilidad, seleccionando los resultados de manera crítica y archivándolos, para recuperarlos, referenciarlos y reutilizarlos, respetando la propiedad intelectual.</td>
</tr>
<tr>
<td width="283">&nbsp;</p>
<p>CD2. Crea, integra y reelabora contenidos digitales en distintos formatos (texto, tabla, imagen, audio, vídeo, programa informático…) mediante el uso de diferentes herramientas digitales para expresar ideas, sentimientos y conocimientos, respetando la propiedad intelectual y los derechos de autor de los contenidos que reutiliza.</p>
<p>&nbsp;</td>
<td width="378">CD2. Gestiona y utiliza su entorno personal digital de aprendizaje para construir conocimiento y crear contenidos digitales, mediante estrategias de tratamiento de la información y el uso de diferentes herramientas digitales, seleccionando y configurando la más adecuada en función de la tarea y de sus necesidades de aprendizaje permanente.</td>
</tr>
<tr>
<td width="283">&nbsp;</p>
<p>CD3. Participa en actividades o proyectos escolares mediante el uso de herramientas o plataformas virtuales para construir nuevo conocimiento, comunicarse, trabajar cooperativamente, y compartir datos y contenidos en entornos digitales restringidos y supervisados de manera segura, con una actitud abierta y responsable ante su uso.</p>
<p>&nbsp;</td>
<td width="378">CD3. Se comunica, participa, colabora e interactúa compartiendo contenidos, datos e información mediante herramientas o plataformas virtuales, y gestiona de manera responsable sus acciones, presencia y visibilidad en la red, para ejercer una ciudadanía digital activa, cívica y reflexiva.</td>
</tr>
<tr>
<td width="283">&nbsp;</p>
<p>CD4. Conoce los riesgos y adopta, con la orientación del docente, medidas preventivas al usar las tecnologías digitales para proteger los dispositivos, los datos personales, la salud y el medioambiente, y se inicia en la adopción de hábitos de uso crítico, seguro, saludable y sostenible de dichas tecnologías.</p>
<p>&nbsp;</td>
<td width="378">CD4. Identifica riesgos y adopta medidas preventivas al usar las tecnologías digitales para proteger los dispositivos, los datos personales, la salud y el medioambiente, y para tomar conciencia de la importancia y necesidad de hacer un uso crítico, legal, seguro, saludable y sostenible de dichas tecnologías.</td>
</tr>
<tr>
<td width="283">CD5. Se inicia en el desarrollo de soluciones digitales sencillas y sostenibles (reutilización de materiales tecnológicos, programación informática por bloques, robótica educativa…) para resolver problemas concretos o retos propuestos de manera creativa, solicitando ayuda en caso necesario.&nbsp;</p>
<p>&nbsp;</td>
<td width="378">CD5. Desarrolla aplicaciones informáticas sencillas y soluciones tecnológicas creativas y sostenibles para resolver problemas concretos o responder a retos propuestos, mostrando interés y curiosidad por la evolución de las tecnologías digitales y por su desarrollo sostenible y uso ético.</td>
</tr>
</tbody>
</table>
<h1>Competencia Digital</h1>
<div class="cte">
<p><strong>La competencia digital (CD) </strong>es aquella que implica el uso creativo, crítico y seguro de las tecnologías de la información y la comunicación para alcanzar los objetivos relacionados con el trabajo, la empleabilidad, el aprendizaje, el uso del tiempo libre, la inclusión y participación en la sociedad.</p>
<p>Requiere de conocimientos relacionados con el lenguaje específico básico: textual, numérico, icónico, visual, gráfico y sonoro, así como sus pautas de decodificación y transferencia. Esto conlleva el conocimiento de las principales aplicaciones informáticas. Supone también el acceso a las fuentes y el procesamiento de la información; y el conocimiento de los derechos y las libertades que asisten a las personas en el mundo digital.</p>
<p>Igualmente precisa del desarrollo de diversas destrezas relacionadas con el acceso a la información, el procesamiento y uso para la comunicación, la creación de contenidos, la seguridad y la resolución de problemas, tanto en contextos formales como no formales e informales. La persona ha de ser capaz de hacer un uso habitual de los recursos tecnológicos disponibles con el fin de resolver los problemas reales de un modo eficiente, así como evaluar y seleccionar nuevas fuentes de información e innovaciones tecnológicas, a medida que van apareciendo, en función de su utilidad para acometer tareas u objetivos específicos.</p>
</div>
<div class="cblq fondo info">
<div class="cte">
<p>La adquisición de esta competencia requiere además actitudes y valores que permitan al usuario adaptarse a las nuevas necesidades establecidas por las tecnologías, su apropiación y adaptación a los propios fines y la capacidad de interaccionar socialmente en torno a ellas. Se trata de desarrollar una actitud activa, crítica y realista hacia las tecnologías y los medios tecnológicos, valorando sus fortalezas y debilidades y respetando principios éticos en su uso. Por otra parte, la competencia digital implica la participación y el trabajo colaborativo, así como la motivación y la curiosidad por el aprendizaje y la mejora en el uso de las tecnologías.</p>
<p>Para el adecuado desarrollo de la competencia digital resulta necesario abordar:</p>
<ul>
<li>La información.</li>
<li>La comunicación.</li>
<li>La creación de contenidos.</li>
<li>La seguridad.</li>
<li>La resolución de problemas.</li>
</ul>
</div>
</div>

<p>&nbsp; Competencia Digital (CD) &nbsp; La Competencia Digital implica el uso seguro, saludable, sostenible, crítico y responsable de las tecnologías digitales para el aprendizaje, para el trabajo y para la participación en la sociedad, así como la interacción con estas. Incluye la alfabetización en información y datos, la comunicación y la colaboración, la educación mediática, [&hellip;]</p>
