{"id":5709,"date":"2023-09-05T19:39:36","date_gmt":"2023-09-05T17:39:36","guid":{"rendered":"https:\/\/edublog.educastur.es\/corredoria3\/?page_id=5709"},"modified":"2023-09-08T12:17:33","modified_gmt":"2023-09-08T10:17:33","slug":"cgsi","status":"publish","type":"page","link":"https:\/\/edublog.educastur.es\/corredoria3\/informatica\/cgsi\/","title":{"rendered":"CGSI"},"content":{"rendered":"<p style=\"text-align: center\"><a href=\"https:\/\/intranet.educastur.es\/\">https:\/\/intranet.educastur.es\/<\/a><\/p>\n<hr \/>\n<p style=\"text-align: center\"><span style=\"font-size: 28px;color: #008080\"><strong>CGSI<\/strong> <\/span><\/p>\n<ul class=\"gpa-link-list gpa-link-list--block gpa-link-list--noprint\">\n<li>\n<div class=\"gpa-action-full-parent\"><a class=\"gpa-link--no-visited-state\" href=\"https:\/\/accesoseguro.asturias.es\/proxy\/4d9de8ac\/https\/consolacgsi.asturias.es\" target=\"_blank\" rel=\"noopener\">Web: Consola CGSI Web<\/a><\/div>\n<\/li>\n<li>\n<div class=\"gpa-action-full-parent\"><a class=\"gpa-link--no-visited-state\" href=\"https:\/\/accesoseguro.asturias.es\/proxy\/4d9de8ac\/https\/cgsi.asturias.es\" target=\"_blank\" rel=\"noopener\">Web: Portal del CGSI<\/a><\/div>\n<\/li>\n<li>\n<div class=\"gpa-action-full-parent\"><a class=\"gpa-link--no-visited-state\" href=\"mailto:cgsi@asturias.org\">cgsi@asturias.org<\/a><\/div>\n<\/li>\n<\/ul>\n<p><a class=\"gpa-link--no-visited-state\" href=\"tel:985109300\">985109300<\/a> Ext.19300<\/p>\n<p>El <strong>CGSI<\/strong> (Centro de Gesti\u00f3n de Servicios Inform\u00e1ticos), dependiente de la DGTIC (D.G. de Tecnolog\u00edas de la informaci\u00f3n y las comunicaciones de la Consejer\u00eda de Empleo, Industria y Turismo) realiza el servicio de atenci\u00f3n al usuario de cuentas Educastur para el profesorado y el personal de administraci\u00f3n y servicios.<\/p>\n<ul>\n<li><strong>Tel\u00e9fono<\/strong>: 19300, desde el centro educativo; 985109300, desde fuera de \u00e9l.<\/li>\n<li><strong>Correo electr\u00f3nico<\/strong>:\u00a0<a href=\"mailto:cgsi@asturias.org\">cgsi@asturias.org<\/a><\/li>\n<li><strong>Fax<\/strong>: 19301, desde el centro educativo; 985109301, desde fuera de \u00e9l.<\/li>\n<\/ul>\n<p style=\"text-align: center\"><a href=\"https:\/\/www.educastur.es\/web\/test\/manage?p_p_id=com_liferay_login_web_portlet_LoginPortlet&amp;p_p_lifecycle=0&amp;p_p_state=maximized&amp;p_p_mode=view&amp;saveLastPath=false&amp;_com_liferay_login_web_portlet_LoginPortlet_mvcRenderCommandName=%2Flogin%2Flogin\"><img loading=\"lazy\" decoding=\"async\" class=\"aligncenter size-full\" src=\"https:\/\/www.educastur.es\/image\/company_logo\" width=\"112\" height=\"112\" \/><\/a><a href=\"https:\/\/www.educastur.es\/web\/test\/manage?p_p_id=com_liferay_login_web_portlet_LoginPortlet&amp;p_p_lifecycle=0&amp;p_p_state=maximized&amp;p_p_mode=view&amp;saveLastPath=false&amp;_com_liferay_login_web_portlet_LoginPortlet_mvcRenderCommandName=%2Flogin%2Flogin\"><strong>Consola abrir incidencias<\/strong><\/a><\/p>\n<ul>\n<li><\/li>\n<\/ul>\n","protected":false},"excerpt":{"rendered":"<p>https:\/\/intranet.educastur.es\/ CGSI Web: Consola CGSI Web Web: Portal del CGSI cgsi@asturias.org 985109300 Ext.19300 El CGSI (Centro de Gesti\u00f3n de Servicios Inform\u00e1ticos), dependiente de la DGTIC (D.G. de Tecnolog\u00edas de la informaci\u00f3n y las comunicaciones de la Consejer\u00eda de Empleo, Industria y Turismo) realiza el servicio de atenci\u00f3n al usuario de cuentas Educastur para el profesorado [&hellip;]<\/p>\n","protected":false},"author":117,"featured_media":0,"parent":67,"menu_order":0,"comment_status":"closed","ping_status":"closed","template":"","meta":{"footnotes":""},"class_list":["post-5709","page","type-page","status-publish","hentry","post-preview"],"_links":{"self":[{"href":"https:\/\/edublog.educastur.es\/corredoria3\/wp-json\/wp\/v2\/pages\/5709","targetHints":{"allow":["GET"]}}],"collection":[{"href":"https:\/\/edublog.educastur.es\/corredoria3\/wp-json\/wp\/v2\/pages"}],"about":[{"href":"https:\/\/edublog.educastur.es\/corredoria3\/wp-json\/wp\/v2\/types\/page"}],"author":[{"embeddable":true,"href":"https:\/\/edublog.educastur.es\/corredoria3\/wp-json\/wp\/v2\/users\/117"}],"replies":[{"embeddable":true,"href":"https:\/\/edublog.educastur.es\/corredoria3\/wp-json\/wp\/v2\/comments?post=5709"}],"version-history":[{"count":3,"href":"https:\/\/edublog.educastur.es\/corredoria3\/wp-json\/wp\/v2\/pages\/5709\/revisions"}],"predecessor-version":[{"id":5712,"href":"https:\/\/edublog.educastur.es\/corredoria3\/wp-json\/wp\/v2\/pages\/5709\/revisions\/5712"}],"up":[{"embeddable":true,"href":"https:\/\/edublog.educastur.es\/corredoria3\/wp-json\/wp\/v2\/pages\/67"}],"wp:attachment":[{"href":"https:\/\/edublog.educastur.es\/corredoria3\/wp-json\/wp\/v2\/media?parent=5709"}],"curies":[{"name":"wp","href":"https:\/\/api.w.org\/{rel}","templated":true}]}}