{"id":67,"date":"2020-08-19T08:35:20","date_gmt":"2020-08-19T08:35:20","guid":{"rendered":"https:\/\/edublog.educastur.es\/corredoria3\/?page_id=67"},"modified":"2020-08-25T15:04:46","modified_gmt":"2020-08-25T13:04:46","slug":"informatica","status":"publish","type":"page","link":"https:\/\/edublog.educastur.es\/corredoria3\/informatica\/","title":{"rendered":"TIC"},"content":{"rendered":"<div><\/div>\n<div><\/div>\n<div><span style=\"color: #800000\"><em><span style=\"font-size: 14pt\">En esta p\u00e1gina publicaremos <strong>Tutoriales inform\u00e1ticos<\/strong> y <strong>Accesos web<\/strong> a recursos.<\/span><\/em><\/span><\/div>\n<div class=\"content\"><\/div>\n<div>\n<ul>\n<li class=\"page_item page-item-67 page_item_has_children\"><em><span style=\"font-size: 18pt\"><a href=\"https:\/\/edublog.educastur.es\/corredoria3\/informatica\/\">Inform\u00e1tica<\/a><\/span><\/em>\n<ul class=\"children\">\n<li class=\"page_item page-item-287\"><em><span style=\"font-size: 18pt\"><a href=\"https:\/\/edublog.educastur.es\/corredoria3\/informatica\/credenciales\/\">Credenciales<\/a><\/span><\/em><\/li>\n<li class=\"page_item page-item-285\"><em><span style=\"font-size: 18pt\"><a href=\"https:\/\/edublog.educastur.es\/corredoria3\/informatica\/fotografiar-tareas\/\">Fotografiar tareas<\/a><\/span><\/em><\/li>\n<li class=\"page_item page-item-278\"><em><span style=\"font-size: 18pt\"><a href=\"https:\/\/edublog.educastur.es\/corredoria3\/informatica\/licencia-office-365\/\">Licencia Office 365<\/a><\/span><\/em><\/li>\n<li class=\"page_item page-item-291\"><a href=\"https:\/\/edublog.educastur.es\/corredoria3\/informatica\/teams\/\"><em><span style=\"font-size: 18pt\">Teams<\/span><\/em><\/a><\/li>\n<\/ul>\n<\/li>\n<\/ul>\n<\/div>\n","protected":false},"excerpt":{"rendered":"<p>En esta p\u00e1gina publicaremos Tutoriales inform\u00e1ticos y Accesos web a recursos. Inform\u00e1tica Credenciales Fotografiar tareas Licencia Office 365 Teams<\/p>\n","protected":false},"author":117,"featured_media":282,"parent":0,"menu_order":20,"comment_status":"closed","ping_status":"closed","template":"","meta":{"footnotes":""},"class_list":["post-67","page","type-page","status-publish","has-post-thumbnail","hentry","post-preview"],"_links":{"self":[{"href":"https:\/\/edublog.educastur.es\/corredoria3\/wp-json\/wp\/v2\/pages\/67","targetHints":{"allow":["GET"]}}],"collection":[{"href":"https:\/\/edublog.educastur.es\/corredoria3\/wp-json\/wp\/v2\/pages"}],"about":[{"href":"https:\/\/edublog.educastur.es\/corredoria3\/wp-json\/wp\/v2\/types\/page"}],"author":[{"embeddable":true,"href":"https:\/\/edublog.educastur.es\/corredoria3\/wp-json\/wp\/v2\/users\/117"}],"replies":[{"embeddable":true,"href":"https:\/\/edublog.educastur.es\/corredoria3\/wp-json\/wp\/v2\/comments?post=67"}],"version-history":[{"count":17,"href":"https:\/\/edublog.educastur.es\/corredoria3\/wp-json\/wp\/v2\/pages\/67\/revisions"}],"predecessor-version":[{"id":850,"href":"https:\/\/edublog.educastur.es\/corredoria3\/wp-json\/wp\/v2\/pages\/67\/revisions\/850"}],"wp:featuredmedia":[{"embeddable":true,"href":"https:\/\/edublog.educastur.es\/corredoria3\/wp-json\/wp\/v2\/media\/282"}],"wp:attachment":[{"href":"https:\/\/edublog.educastur.es\/corredoria3\/wp-json\/wp\/v2\/media?parent=67"}],"curies":[{"name":"wp","href":"https:\/\/api.w.org\/{rel}","templated":true}]}}