{"id":879,"date":"2020-08-30T12:31:47","date_gmt":"2020-08-30T10:31:47","guid":{"rendered":"https:\/\/edublog.educastur.es\/corredoria3\/?page_id=879"},"modified":"2020-08-30T12:37:42","modified_gmt":"2020-08-30T10:37:42","slug":"mediacion","status":"publish","type":"page","link":"https:\/\/edublog.educastur.es\/corredoria3\/colegio\/mediacion\/","title":{"rendered":"Mediaci\u00f3n"},"content":{"rendered":"<h2><span style=\"font-size: 14pt\"><em>Durante el curso escolar 2015-2016, docentes del centro hemos formado un grupo de trabajo para formarnos en<\/em> <strong><em>Mediaci\u00f3n Educativa<\/em><\/strong>, definir nuestro propio programa de mediaci\u00f3n y seleccionar y formar a alumnado mediador del \u00faltimo nivel.<\/span><\/h2>\n<div class=\"entry\">\n<ul>\n<li><a href=\"https:\/\/drive.google.com\/file\/d\/0BxT_xYjQsT6VZ3piSURxeUtjZFU\/view?usp=sharing\" target=\"_blank\" rel=\"noopener noreferrer\">Sobre la mediaci\u00f3n.<\/a><\/li>\n<li><a href=\"https:\/\/drive.google.com\/file\/d\/0BxT_xYjQsT6VZ3piSURxeUtjZFU\/view?usp=sharing\" target=\"_blank\" rel=\"noopener noreferrer\">Una aproximaci\u00f3n al concepto.<\/a><\/li>\n<\/ul>\n<p><img loading=\"lazy\" decoding=\"async\" src=\"http:\/\/image.slidesharecdn.com\/tcnicasdemediacin-130602112738-phpapp01\/95\/tcnicas-de-mediacin-2-638.jpg?cb=1370172502\" width=\"420\" height=\"315\" border=\"0\" \/><\/p>\n<\/div>\n<div class=\"entry\">\n<p><strong>OBJETIVOS:<\/strong><\/p>\n<ul>\n<li><em>Favorecer un buen clima de convivencia en el centro.<\/em><\/li>\n<li><em>Resolver conflictos entre iguales, mediante el di\u00e1logo y el fomento de la empat\u00eda.<\/em><\/li>\n<\/ul>\n<p><strong>OBJETIVOS ESPEC\u00cdFICOS:<\/strong><\/p>\n<ul>\n<li><em>Desarrollar el h\u00e1bito de la escucha.<\/em><\/li>\n<li><em>Respetar distintos puntos de vista.<\/em><\/li>\n<li><em>Aceptar las decisiones tomadas.<\/em><\/li>\n<li><em>Aprender a expresar nuestras propias opiniones e intereses.<\/em><\/li>\n<li><em>Fomentar la autoestima.<\/em><\/li>\n<\/ul>\n<\/div>\n","protected":false},"excerpt":{"rendered":"<p>Durante el curso escolar 2015-2016, docentes del centro hemos formado un grupo de trabajo para formarnos en Mediaci\u00f3n Educativa, definir nuestro propio programa de mediaci\u00f3n y seleccionar y formar a alumnado mediador del \u00faltimo nivel. Sobre la mediaci\u00f3n. Una aproximaci\u00f3n al concepto. OBJETIVOS: Favorecer un buen clima de convivencia en el centro. Resolver conflictos entre [&hellip;]<\/p>\n","protected":false},"author":117,"featured_media":0,"parent":8,"menu_order":0,"comment_status":"closed","ping_status":"closed","template":"","meta":{"footnotes":""},"class_list":["post-879","page","type-page","status-publish","hentry","post-preview"],"_links":{"self":[{"href":"https:\/\/edublog.educastur.es\/corredoria3\/wp-json\/wp\/v2\/pages\/879","targetHints":{"allow":["GET"]}}],"collection":[{"href":"https:\/\/edublog.educastur.es\/corredoria3\/wp-json\/wp\/v2\/pages"}],"about":[{"href":"https:\/\/edublog.educastur.es\/corredoria3\/wp-json\/wp\/v2\/types\/page"}],"author":[{"embeddable":true,"href":"https:\/\/edublog.educastur.es\/corredoria3\/wp-json\/wp\/v2\/users\/117"}],"replies":[{"embeddable":true,"href":"https:\/\/edublog.educastur.es\/corredoria3\/wp-json\/wp\/v2\/comments?post=879"}],"version-history":[{"count":4,"href":"https:\/\/edublog.educastur.es\/corredoria3\/wp-json\/wp\/v2\/pages\/879\/revisions"}],"predecessor-version":[{"id":883,"href":"https:\/\/edublog.educastur.es\/corredoria3\/wp-json\/wp\/v2\/pages\/879\/revisions\/883"}],"up":[{"embeddable":true,"href":"https:\/\/edublog.educastur.es\/corredoria3\/wp-json\/wp\/v2\/pages\/8"}],"wp:attachment":[{"href":"https:\/\/edublog.educastur.es\/corredoria3\/wp-json\/wp\/v2\/media?parent=879"}],"curies":[{"name":"wp","href":"https:\/\/api.w.org\/{rel}","templated":true}]}}

Mediación

<h2><span style="font-size: 14pt"><em>Durante el curso escolar 2015-2016, docentes del centro hemos formado un grupo de trabajo para formarnos en</em> <strong><em>Mediación Educativa</em></strong>, definir nuestro propio programa de mediación y seleccionar y formar a alumnado mediador del último nivel.</span></h2>
<div class="entry">
<ul>
<li><a href="https://drive.google.com/file/d/0BxT_xYjQsT6VZ3piSURxeUtjZFU/view?usp=sharing" target="_blank" rel="noopener noreferrer">Sobre la mediación.</a></li>
<li><a href="https://drive.google.com/file/d/0BxT_xYjQsT6VZ3piSURxeUtjZFU/view?usp=sharing" target="_blank" rel="noopener noreferrer">Una aproximación al concepto.</a></li>
</ul>
<p><img loading="lazy" decoding="async" src="http://image.slidesharecdn.com/tcnicasdemediacin-130602112738-phpapp01/95/tcnicas-de-mediacin-2-638.jpg?cb=1370172502" width="420" height="315" border="0" /></p>
</div>
<div class="entry">
<p><strong>OBJETIVOS:</strong></p>
<ul>
<li><em>Favorecer un buen clima de convivencia en el centro.</em></li>
<li><em>Resolver conflictos entre iguales, mediante el diálogo y el fomento de la empatía.</em></li>
</ul>
<p><strong>OBJETIVOS ESPECÍFICOS:</strong></p>
<ul>
<li><em>Desarrollar el hábito de la escucha.</em></li>
<li><em>Respetar distintos puntos de vista.</em></li>
<li><em>Aceptar las decisiones tomadas.</em></li>
<li><em>Aprender a expresar nuestras propias opiniones e intereses.</em></li>
<li><em>Fomentar la autoestima.</em></li>
</ul>
</div>

<p>Durante el curso escolar 2015-2016, docentes del centro hemos formado un grupo de trabajo para formarnos en Mediación Educativa, definir nuestro propio programa de mediación y seleccionar y formar a alumnado mediador del último nivel. Sobre la mediación. Una aproximación al concepto. OBJETIVOS: Favorecer un buen clima de convivencia en el centro. Resolver conflictos entre [&hellip;]</p>
