{"id":1319,"date":"2023-09-19T17:57:37","date_gmt":"2023-09-19T17:57:37","guid":{"rendered":"https:\/\/edublog.educastur.es\/cpgloriarodriguez\/?page_id=1319"},"modified":"2023-09-19T17:59:32","modified_gmt":"2023-09-19T17:59:32","slug":"educacion-en-valores-civicos-y-eticos","status":"publish","type":"page","link":"https:\/\/edublog.educastur.es\/cpgloriarodriguez\/primaria\/educacion-en-valores-civicos-y-eticos\/","title":{"rendered":"EDUCACI\u00d3N EN VALORES C\u00cdVICOS Y \u00c9TICOS"},"content":{"rendered":"<p>&nbsp;<\/p>\n<p><a href=\"https:\/\/educastur-my.sharepoint.com\/:w:\/g\/personal\/gloriaro_educastur_org\/EUXjp-i5qpZCkDrwZcbvJqwBjdd48QiUdGwri79Pwky5QA?e=G3FmDV\"><img loading=\"lazy\" decoding=\"async\" class=\"alignnone size-medium wp-image-83 aligncenter\" src=\"http:\/\/edublog.educastur.es\/cpgloriarodriguez\/files\/2020\/09\/Educacion-Primaria_6o-300x119.jpg\" alt=\"\" width=\"300\" height=\"119\" srcset=\"https:\/\/edublog.educastur.es\/cpgloriarodriguez\/files\/2020\/09\/Educacion-Primaria_6o-300x119.jpg 300w, https:\/\/edublog.educastur.es\/cpgloriarodriguez\/files\/2020\/09\/Educacion-Primaria_6o.jpg 444w\" sizes=\"auto, (max-width: 300px) 100vw, 300px\" \/><\/a><\/p>\n","protected":false},"excerpt":{"rendered":"<p>&nbsp;<\/p>\n","protected":false},"author":1658,"featured_media":0,"parent":35,"menu_order":12,"comment_status":"closed","ping_status":"closed","template":"","meta":{"footnotes":""},"class_list":["post-1319","page","type-page","status-publish","hentry","no-featured-image"],"_links":{"self":[{"href":"https:\/\/edublog.educastur.es\/cpgloriarodriguez\/wp-json\/wp\/v2\/pages\/1319","targetHints":{"allow":["GET"]}}],"collection":[{"href":"https:\/\/edublog.educastur.es\/cpgloriarodriguez\/wp-json\/wp\/v2\/pages"}],"about":[{"href":"https:\/\/edublog.educastur.es\/cpgloriarodriguez\/wp-json\/wp\/v2\/types\/page"}],"author":[{"embeddable":true,"href":"https:\/\/edublog.educastur.es\/cpgloriarodriguez\/wp-json\/wp\/v2\/users\/1658"}],"replies":[{"embeddable":true,"href":"https:\/\/edublog.educastur.es\/cpgloriarodriguez\/wp-json\/wp\/v2\/comments?post=1319"}],"version-history":[{"count":2,"href":"https:\/\/edublog.educastur.es\/cpgloriarodriguez\/wp-json\/wp\/v2\/pages\/1319\/revisions"}],"predecessor-version":[{"id":1322,"href":"https:\/\/edublog.educastur.es\/cpgloriarodriguez\/wp-json\/wp\/v2\/pages\/1319\/revisions\/1322"}],"up":[{"embeddable":true,"href":"https:\/\/edublog.educastur.es\/cpgloriarodriguez\/wp-json\/wp\/v2\/pages\/35"}],"wp:attachment":[{"href":"https:\/\/edublog.educastur.es\/cpgloriarodriguez\/wp-json\/wp\/v2\/media?parent=1319"}],"curies":[{"name":"wp","href":"https:\/\/api.w.org\/{rel}","templated":true}]}}