{"id":1361,"date":"2023-10-15T15:35:47","date_gmt":"2023-10-15T15:35:47","guid":{"rendered":"https:\/\/edublog.educastur.es\/cpgloriarodriguez\/?page_id=1361"},"modified":"2023-10-30T20:13:04","modified_gmt":"2023-10-30T20:13:04","slug":"consejo-escolar","status":"publish","type":"page","link":"https:\/\/edublog.educastur.es\/cpgloriarodriguez\/familias\/consejo-escolar\/","title":{"rendered":"Consejo escolar"},"content":{"rendered":"<p style=\"text-align: center\"><span style=\"color: #ff0000\"><strong>ELECCIONES PARA EL CONSEJO ESCOLAR <\/strong>DEL <strong>CP GLORIA RODR\u00cdGUEZ 2023-2024<\/strong><\/span><\/p>\n<p style=\"text-align: center\"><strong>RENOVACI\u00d3N COMPLETA DEL CONSEJO ESCOLAR 2023<\/strong><\/p>\n<p>&nbsp;<\/p>\n<p>Seg\u00fan lo dispuesto en la <strong><a href=\"https:\/\/sede.asturias.es\/bopa\/2023\/09\/19\/2023-08258.pdf\">Resoluci\u00f3n de 31 de agosto de 2023<\/a>,<\/strong> por la que se convoca la elecci\u00f3n de integrantes de los Consejos Escolares en los centros de los distintos niveles educativos no universitarios sostenidos con fondos p\u00fablicos del Principado de Asturias, este a\u00f1o tenemos que proceder a la renovaci\u00f3n completa del Consejo escolar.<\/p>\n<p>Tenemos las siguientes vacantes:<\/p>\n<ul>\n<li><strong>D<\/strong><strong>ocentes: <\/strong>3 vacantes<\/li>\n<li><strong>F<\/strong><strong>amilias: <\/strong>3 vacantes. * Una de las cuales tiene que ser de la Asociaci\u00f3n de madres y padres del alumnado (AMPA)<\/li>\n<\/ul>\n<p>&nbsp;<\/p>\n<p>Como punto de partida, para iniciar el proceso electoral y planificar el desarrollo de este, se va a constituir la\u00a0<strong>Junta electoral<\/strong>\u00a0(integrada por la representante del AMPA en el Consejo Escolar actual, la secretaria del centro y por el director), que\u00a0<strong>regular\u00e1 el desarrollo del proceso y realizar\u00e1 el calendario electoral.<\/strong><\/p>\n<p>El procedimiento electoral se desarrollar\u00e1 para los centros p\u00fablicos de acuerdo con lo establecido en la Secci\u00f3n II del Cap\u00edtulo II del <a href=\"https:\/\/sede.asturias.es\/bopa\/disposiciones\/repositorio\/LEGISLACION33\/66\/5\/001U0036W00001.pdf\"><strong>Decreto 76\/2007<\/strong><\/a> de 20 de junio<\/p>\n<p><strong>\u00a0<\/strong><\/p>\n<p>&nbsp;<\/p>\n<p>&nbsp;<\/p>\n<p><strong>PROPUESTA DEL CALENDARIO DEL PROCEDIMIENTO ELECTORAL (a la espera de decisi\u00f3n de la Junta electoral):<\/strong><\/p>\n<p><strong>\u00a0<\/strong><\/p>\n<p><strong>Lunes 16 octubre de 2023<\/strong><\/p>\n<p>Publicaci\u00f3n de los censos de representantes de Familias, Profesorado y Alumnado y m\u00e1ximo de candidaturas que pueden ser votadas en cada estamento. Pueden consultar los datos personales relativos a estos censos en los siguientes enlaces.\u00a0Los datos se exponen exclusivamente para el proceso de elecci\u00f3n del Consejo Escolar:<\/p>\n<ul>\n<li><a href=\"https:\/\/educastur-my.sharepoint.com\/:b:\/g\/personal\/oscarmg_educastur_org\/EcLlCODPaihHgPb2uwmsSvIBF6w4HLNMedqqyEzB-LcHyA?e=L5UIEG\"><u>Censo electoral Padres\/Madres<\/u><\/a>:\u00a0M\u00e1ximo de candidaturas que se pueden votar: <strong>2<\/strong>. (A lo que se a\u00f1adir\u00e1 1 representante designado por el AMPA).<\/li>\n<li><a href=\"https:\/\/educastur-my.sharepoint.com\/:b:\/g\/personal\/oscarmg_educastur_org\/EbycEQE-rFtKnEaEvr0kdfkBqHDPajUk3696i78OA0SdCQ?e=hteTDQ\"><u>Censo electoral Profesorado<\/u><\/a>: M\u00e1ximo de candidaturas que se pueden votar: <strong>3<\/strong><\/li>\n<\/ul>\n<p><strong>\u00a0<\/strong><\/p>\n<p><strong>Lunes 23 octubre de 2023<\/strong><\/p>\n<p>Sorteo de los miembros y suplentes de la Junta Electoral.\u00a0El sorteo se realizar\u00e1 a las 09:30 en las dependencias del centro.<\/p>\n<p>Constituci\u00f3n de la Junta Electoral. Elaboraci\u00f3n, aprobaci\u00f3n y publicaci\u00f3n del calendario de los siguientes procedimientos electorales en el Blog del centro.<\/p>\n<p><strong>\u00a0<\/strong><\/p>\n<p><strong>Una vez realizado el sorteo se procede a constituir la Junta electoral, quedando \u00e9sta formada por los siguientes miembros:<\/strong><\/p>\n<ul>\n<li><strong>Presidente: <\/strong><span style=\"text-decoration: underline\">Direcci\u00f3n del centro<\/span><strong>:\u00a0<\/strong><span style=\"color: #0000ff\">\u00d3scar M.G.<\/span><\/li>\n<li><strong>Vocal 1: <\/strong>Representaci\u00f3n del <span style=\"text-decoration: underline\">profesorado<\/span>: <span style=\"color: #0000ff\">Isabel L.P.<\/span><\/li>\n<li><strong>Vocal 2: <\/strong>Representaci\u00f3n de las <span style=\"text-decoration: underline\">Familias<\/span>: <span style=\"color: #0000ff\">Javier A.B.<\/span><\/li>\n<\/ul>\n<p>&nbsp;<\/p>\n<p style=\"text-align: center\"><strong><span style=\"color: #ff0000\">Una vez constituida la Junta en la que act\u00faa como presidente el Director del Centro y como Secretario el miembro de menor edad<\/span><\/strong><\/p>\n<p style=\"text-align: center\"><strong><span style=\"color: #ff0000\"> se procede a organizar el proceso electoral con el siguiente calendario de actuaciones:<\/span><\/strong><\/p>\n<p><strong>\u00a0<\/strong><\/p>\n<ul>\n<li><strong><u>Del 26 al 27 de octubre<\/u><\/strong>: Publicaci\u00f3n del censo de familias y del censo de profesorado, as\u00ed como per\u00edodo de reclamaciones. Dicho censo ya fue publicado el 16\/10\/2023 a la comunidad escolar y comunicado con tiempo a trav\u00e9s de las plataformas divulgativas (Tokapp School y Blog del centro).<\/li>\n<\/ul>\n<p>&nbsp;<\/p>\n<ul>\n<li><strong><u>Viernes 27 de octubre<\/u><\/strong>: Resoluci\u00f3n de las posibles reclamaciones y publicaci\u00f3n de los censos definitivos.<\/li>\n<\/ul>\n<p>&nbsp;<\/p>\n<ul>\n<li><strong><u>Los d\u00edas 30 y 31 de octubre<\/u><\/strong>: Presentaci\u00f3n de candidaturas de las familias y del profesorado. Por correo electr\u00f3nico (<a href=\"gloriaro@educastur.org\">gloriaro@educastur.org<\/a>) dirigido a la Junta Electoral o en la Secretar\u00eda del Centro.\n<ul>\n<li><strong><span style=\"color: #ff0000\"><span style=\"text-decoration: underline\">OPCI\u00d3N DE VOTO POR CORREO<\/span>: Se solicita a las familias que deseen votar por correo que informen para preparar el material de votaci\u00f3n.<\/span><\/strong><\/li>\n<li><a href=\"https:\/\/educastur-my.sharepoint.com\/:w:\/g\/personal\/oscarmg_educastur_org\/EZdabY1L26dDhL6VPS_X7egBiF-2Oj8umpmoz9te9KhP4Q?e=8ByDJR\"><strong>CANDIDATURA DE FAMILIAS<\/strong><\/a> (para descargar con opci\u00f3n de edici\u00f3n, cubrir los datos e imprimir y enviar a trav\u00e9s de tu hijo o hija).<\/li>\n<li><a href=\"https:\/\/educastur-my.sharepoint.com\/:w:\/g\/personal\/oscarmg_educastur_org\/EX55CXuOp9hKhLT5pPOGKG8B1CULT5hvileKWw87sKe2xA?e=687uNP\"><strong>CANDIDATURA DE PROFESORADO<\/strong> <\/a>(para descargar, editar, imprimir y entregar en secretar\u00eda).<\/li>\n<\/ul>\n<\/li>\n<\/ul>\n<p>&nbsp;<\/p>\n<ul>\n<li><strong><u>Martes 31 de octubre<\/u><\/strong>: Publicaci\u00f3n de las candidaturas provisionales presentadas.\n<ul>\n<li><span style=\"color: #0000ff\"><strong><u>CANDIDATURAS PROVISIONALES 2023<\/u><\/strong><\/span><\/li>\n<\/ul>\n<\/li>\n<\/ul>\n<p>&nbsp;<\/p>\n<ul>\n<li><strong><u>D\u00edas 6 y 7 de noviembre<\/u><\/strong>: Presentaci\u00f3n de posibles reclamaciones y resoluciones de las mismas por parte de la Junta electoral. Las reclamaciones\u00a0a los censos\u00a0electorales\u00a0se realizar\u00e1n mediante correo electr\u00f3nico (<a href=\"gloriaro@educastur.org\">gloriaro@educastur.org<\/a>) dirigido a la Junta Electoral, exponiendo los motivos de la reclamaci\u00f3n.<\/li>\n<\/ul>\n<p>&nbsp;<\/p>\n<ul>\n<li><strong><u>Mi\u00e9rcoles 8 de noviembre<\/u><\/strong>: Publicaci\u00f3n de candidaturas definitivas de familias y profesorado, e informaci\u00f3n a la comunidad educativa.<\/li>\n<\/ul>\n<ul>\n<li style=\"list-style-type: none\">\n<ul>\n<li><strong><u>CANDIDATURAS DEFINITIVAS 2023 DE LAS FAMILIAS.<\/u><\/strong><\/li>\n<li><strong><span style=\"color: #ff0000\"><span style=\"text-decoration: underline\">OPCI\u00d3N DE VOTO POR CORREO<\/span>: Se entregan los sobres de las candidaturas de las familias para que el alumnado las pueda traer en sobre cerrado con las normas abajo expuestas. Los sobres los puede traer el alumnado el jueves 9 o el viernes 10 de noviembre como \u00faltimo d\u00eda y antes del cierre de la mesa electoral.<\/span><\/strong><\/li>\n<\/ul>\n<\/li>\n<\/ul>\n<p>&nbsp;<\/p>\n<ul>\n<li><strong><u>Jueves 9 de noviembre<\/u><\/strong>: Claustro extraordinario docente para la elecci\u00f3n del profesorado representante para Consejo escolar.<\/li>\n<\/ul>\n<ul>\n<li style=\"list-style-type: none\">\n<ul>\n<li><strong><u>CANDIDATURAS DEFINITIVAS 2023 DEL PROFESORADO<\/u><\/strong><\/li>\n<li><strong><u>PAPELETAS PARA LA VOTACI\u00d3N DEL PROFESORADO 2023<\/u><\/strong>.<\/li>\n<\/ul>\n<\/li>\n<\/ul>\n<p>&nbsp;<\/p>\n<ul>\n<li><strong><u>Viernes 10 de noviembre<\/u><\/strong>: Constituci\u00f3n de la Mesa electoral de familias y celebraci\u00f3n de elecciones. Las mesas electorales ser\u00e1n constituidas inmediatamente antes del comienzo de las votaciones. A partir de las 09:15 horas del d\u00eda indicado en la biblioteca del Centro y hasta las 14:00 horas. Cada elector debe acreditar su identidad a la hora de votar, mediante la presentaci\u00f3n del DNI, NIE, CARNET DE CONDUCIR..<strong>. <\/strong><strong>*Durante el recreo escolar la mesa electoral permanecer\u00e1 cerrada (11:45-12:15)<\/strong><\/li>\n<\/ul>\n<ul>\n<li style=\"list-style-type: none\">\n<ul>\n<li><strong><u>PAPELETAS PARA LA VOTACI\u00d3N DE LAS FAMILIAS 2023<\/u><\/strong> (se pueden traer impresas de casa o recoger en el centro el d\u00eda de la votaci\u00f3n).<\/li>\n<li>VOTO POR CORREO (normas definidas abajo de esta p\u00e1gina)<\/li>\n<\/ul>\n<\/li>\n<\/ul>\n<p>&nbsp;<\/p>\n<ul>\n<li><strong><u>Mi\u00e9rcoles 15 de noviembre<\/u><\/strong>: Reuni\u00f3n de la Junta electoral y proclamaci\u00f3n de candidatos electos y suplentes de los sectores de profesorado y familias.<\/li>\n<\/ul>\n<p>&nbsp;<\/p>\n<ul>\n<li><u><strong>Viernes 17 de noviembre<\/strong><\/u>: Cubrir las actas correspondientes cuyos datos incorporar\u00e1 el director del centro a la plataforma SAUCE.<\/li>\n<\/ul>\n<p>&nbsp;<\/p>\n<ul>\n<li><strong><u>Martes 21 de noviembre<\/u><\/strong>: Constituci\u00f3n del nuevo Consejo escolar.<\/li>\n<\/ul>\n<p>&nbsp;<\/p>\n<p>&nbsp;<\/p>\n<p><span style=\"font-size: 18pt;color: #ff0000\"><strong>Voto por Correo:<\/strong><\/span><\/p>\n<p><span style=\"color: #ff0000\">A fin de conseguir la mayor participaci\u00f3n posible, los padres y madres o tutores legales del alumnado podr\u00e1n hacer uso del voto por correo. A tal efecto, la familia solicitar\u00e1 VOTO POR CORREO A LA TUTORA CON TIEMPO SUFICIENTE, para entregar el sobre al ni\u00f1o o ni\u00f1a. El voto deber\u00e1 ser enviado a la mesa electoral del centro docente antes de la realizaci\u00f3n del escrutinio respetando las siguientes indicaciones:<\/span><\/p>\n<p><strong>NORMAS VOTO POR CORREO <\/strong><\/p>\n<ul>\n<li><strong>Las elecciones de los representantes de Padres\/Madres del Consejo Escolar se celebrar\u00e1n el viernes 10-11-2023.<\/strong><\/li>\n<li><strong>La votaci\u00f3n presencial se desarrollar\u00e1 a partir de las 09:15 horas del viernes 10 de noviembre de 2023 en la biblioteca del del Centro y hasta las 14:00 horas. <\/strong><\/li>\n<\/ul>\n<p>A fin de conseguir la mayor participaci\u00f3n posible, los padres y madres o tutores legales del alumnado podr\u00e1n utilizar el \u201cvoto por correo\u201d. A tal efecto, el voto deber\u00e1 ser enviado a la mesa electoral del centro docente antes de la realizaci\u00f3n del escrutinio respetando las siguientes indicaciones:<\/p>\n<ul>\n<li>Podr\u00e1n ejercerlo todos los electores.<\/li>\n<li>Para ejercer dicho derecho deben <span style=\"color: #ff0000\">solicitarlo<\/span> <span style=\"color: #ff0000\">los d\u00edas 30 y 31 de octubre<\/span> a la tutora y a trav\u00e9s de la agenda del ni\u00f1o o ni\u00f1a o a trav\u00e9s del correo\u00a0(<a href=\"mailto:gloriaro@educastur.org\">gloriaro@educastur.org<\/a>), para poder facilitar el material de votaci\u00f3n (sobres, papeleta).<\/li>\n<li>Deber\u00e1 ser remitido a la Direcci\u00f3n del centro, a la atenci\u00f3n de la mesa electoral antes del escrutinio (viernes 10-11-2023)<\/li>\n<li>Para garantizar el secreto del voto y la identificaci\u00f3n del elector se utilizar\u00e1 el sistema de doble sobre:\n<ul>\n<li><strong>Sobre 1<\/strong>: Se entregar\u00e1 cerrado. En el exterior figurar\u00e1: nombre y apellidos del elector y firma manuscrita. El interior contendr\u00e1: Fotocopia del DNI, NIE, CARNET DE CONDUCIR. y el \u201cSobre 2\u201d.<\/li>\n<li><strong>Sobre 2<\/strong>: Ir\u00e1 en el interior del \u201cSobre 1\u201d. Solo contendr\u00e1 la papeleta de votaci\u00f3n (\u00e9ste tiene que estar cerrado dentro del otro sobre)<\/li>\n<\/ul>\n<\/li>\n<li>Se utilizar\u00e1 modelo de papeleta aprobado por la Junta Electoral, disponible en la secretaria y en el Blog del centro. Se les entregar\u00e1 impresas a trav\u00e9s del alumnado (sobre+papeleta), quien lo demande.<\/li>\n<\/ul>\n<p>EL ALUMNADO PUEDE ENTREGAR LOS SOBRES A LA SECRETARIA DEL CENTRO. El sobre debe llegar cerrado y tiene que estar antes del d\u00eda del escrutinio (10\/11\/2023). En caso de que llegara despu\u00e9s, no ser\u00eda considerado dicho voto.<\/p>\n","protected":false},"excerpt":{"rendered":"<p>ELECCIONES PARA EL CONSEJO ESCOLAR DEL CP GLORIA RODR\u00cdGUEZ 2023-2024 RENOVACI\u00d3N COMPLETA DEL CONSEJO ESCOLAR 2023 &nbsp; Seg\u00fan lo dispuesto en la Resoluci\u00f3n de 31 de agosto de 2023, por la que se convoca la elecci\u00f3n de integrantes de los Consejos Escolares en los centros de los distintos niveles educativos no universitarios sostenidos con fondos &hellip; <a href=\"https:\/\/edublog.educastur.es\/cpgloriarodriguez\/familias\/consejo-escolar\/\" class=\"more-link\">Seguir leyendo <span class=\"screen-reader-text\">Consejo escolar<\/span><\/a><\/p>\n","protected":false},"author":1658,"featured_media":0,"parent":30,"menu_order":6,"comment_status":"closed","ping_status":"closed","template":"","meta":{"footnotes":""},"class_list":["post-1361","page","type-page","status-publish","hentry","no-featured-image"],"_links":{"self":[{"href":"https:\/\/edublog.educastur.es\/cpgloriarodriguez\/wp-json\/wp\/v2\/pages\/1361","targetHints":{"allow":["GET"]}}],"collection":[{"href":"https:\/\/edublog.educastur.es\/cpgloriarodriguez\/wp-json\/wp\/v2\/pages"}],"about":[{"href":"https:\/\/edublog.educastur.es\/cpgloriarodriguez\/wp-json\/wp\/v2\/types\/page"}],"author":[{"embeddable":true,"href":"https:\/\/edublog.educastur.es\/cpgloriarodriguez\/wp-json\/wp\/v2\/users\/1658"}],"replies":[{"embeddable":true,"href":"https:\/\/edublog.educastur.es\/cpgloriarodriguez\/wp-json\/wp\/v2\/comments?post=1361"}],"version-history":[{"count":14,"href":"https:\/\/edublog.educastur.es\/cpgloriarodriguez\/wp-json\/wp\/v2\/pages\/1361\/revisions"}],"predecessor-version":[{"id":1384,"href":"https:\/\/edublog.educastur.es\/cpgloriarodriguez\/wp-json\/wp\/v2\/pages\/1361\/revisions\/1384"}],"up":[{"embeddable":true,"href":"https:\/\/edublog.educastur.es\/cpgloriarodriguez\/wp-json\/wp\/v2\/pages\/30"}],"wp:attachment":[{"href":"https:\/\/edublog.educastur.es\/cpgloriarodriguez\/wp-json\/wp\/v2\/media?parent=1361"}],"curies":[{"name":"wp","href":"https:\/\/api.w.org\/{rel}","templated":true}]}}