{"id":1546,"date":"2024-03-01T11:28:12","date_gmt":"2024-03-01T11:28:12","guid":{"rendered":"https:\/\/edublog.educastur.es\/cpgloriarodriguez\/?page_id=1546"},"modified":"2024-03-20T09:06:43","modified_gmt":"2024-03-20T09:06:43","slug":"logo","status":"publish","type":"page","link":"https:\/\/edublog.educastur.es\/cpgloriarodriguez\/centro\/logo\/","title":{"rendered":"LOGO"},"content":{"rendered":"<p style=\"text-align: center\"><span style=\"color: #0000ff;font-size: 14pt\"><strong>Proceso elecci\u00f3n nuevo Logo para el<\/strong><\/span><\/p>\n<p style=\"text-align: center\"><span style=\"color: #ff0000;font-size: 18pt\"><strong>Colegio P\u00fablico Jimi P\u00e9rez Lorente<\/strong><\/span><\/p>\n<p style=\"text-align: center\"><span style=\"text-decoration: underline\">Propuesta del equipo docente<\/span>:<\/p>\n<table style=\"border-collapse: collapse;width: 100%\">\n<tbody>\n<tr>\n<td style=\"width: 37.3494%\"><img loading=\"lazy\" decoding=\"async\" class=\"alignnone wp-image-1547 size-medium\" style=\"text-align: center\" src=\"http:\/\/edublog.educastur.es\/cpgloriarodriguez\/files\/2024\/03\/Logo-Cp-Jimi-300x300.jpg\" alt=\"\" width=\"300\" height=\"300\" srcset=\"https:\/\/edublog.educastur.es\/cpgloriarodriguez\/files\/2024\/03\/Logo-Cp-Jimi-300x300.jpg 300w, https:\/\/edublog.educastur.es\/cpgloriarodriguez\/files\/2024\/03\/Logo-Cp-Jimi-1024x1024.jpg 1024w, https:\/\/edublog.educastur.es\/cpgloriarodriguez\/files\/2024\/03\/Logo-Cp-Jimi-150x150.jpg 150w, https:\/\/edublog.educastur.es\/cpgloriarodriguez\/files\/2024\/03\/Logo-Cp-Jimi-768x768.jpg 768w, https:\/\/edublog.educastur.es\/cpgloriarodriguez\/files\/2024\/03\/Logo-Cp-Jimi-1536x1536.jpg 1536w, https:\/\/edublog.educastur.es\/cpgloriarodriguez\/files\/2024\/03\/Logo-Cp-Jimi-1080x1080.jpg 1080w, https:\/\/edublog.educastur.es\/cpgloriarodriguez\/files\/2024\/03\/Logo-Cp-Jimi-75x75.jpg 75w, https:\/\/edublog.educastur.es\/cpgloriarodriguez\/files\/2024\/03\/Logo-Cp-Jimi.jpg 1563w\" sizes=\"auto, (max-width: 300px) 100vw, 300px\" \/><\/td>\n<td style=\"width: 62.6506%\">El Logo surgi\u00f3 pensando en la persona de Jimi y lo que nos hac\u00eda sentir. Destacamos el nombre de \u00abJimi\u00bb porque es el que le ha caracterizado sobre sus apellidos, y en el mismo nombre la alegr\u00eda y tranquilidad que ofrec\u00eda a las personas con quien interactuaba.<\/p>\n<p>La sonrisa se destaca como un efecto de alegr\u00eda al representar a una figura querida por pr\u00e1cticamente todas las personas que le conoc\u00edamos y sobre todo por sentirnos orgullosos y orgullosas al llevar su nombre como un ejemplo y referente en la educaci\u00f3n de nuestros menores.<\/p>\n<p>Los colores azul y morado representan los colores de la bandera de Soto del Barco, y en especial el morado como color de uni\u00f3n e igualdad.<\/td>\n<\/tr>\n<\/tbody>\n<\/table>\n<p>&nbsp;<\/p>\n<p style=\"text-align: center\"><span style=\"text-decoration: underline\">Propuesta de las familias<\/span>:<\/p>\n<table style=\"border-collapse: collapse;width: 100%\">\n<tbody>\n<tr>\n<td style=\"width: 36.6466%\"><img loading=\"lazy\" decoding=\"async\" class=\"alignnone size-full wp-image-1602\" src=\"http:\/\/edublog.educastur.es\/cpgloriarodriguez\/files\/2024\/03\/Logo_Jimi_Familias.jpg\" alt=\"\" width=\"2048\" height=\"2048\" srcset=\"https:\/\/edublog.educastur.es\/cpgloriarodriguez\/files\/2024\/03\/Logo_Jimi_Familias.jpg 2048w, https:\/\/edublog.educastur.es\/cpgloriarodriguez\/files\/2024\/03\/Logo_Jimi_Familias-300x300.jpg 300w, https:\/\/edublog.educastur.es\/cpgloriarodriguez\/files\/2024\/03\/Logo_Jimi_Familias-1024x1024.jpg 1024w, https:\/\/edublog.educastur.es\/cpgloriarodriguez\/files\/2024\/03\/Logo_Jimi_Familias-150x150.jpg 150w, https:\/\/edublog.educastur.es\/cpgloriarodriguez\/files\/2024\/03\/Logo_Jimi_Familias-768x768.jpg 768w, https:\/\/edublog.educastur.es\/cpgloriarodriguez\/files\/2024\/03\/Logo_Jimi_Familias-1536x1536.jpg 1536w, https:\/\/edublog.educastur.es\/cpgloriarodriguez\/files\/2024\/03\/Logo_Jimi_Familias-1080x1080.jpg 1080w, https:\/\/edublog.educastur.es\/cpgloriarodriguez\/files\/2024\/03\/Logo_Jimi_Familias-75x75.jpg 75w\" sizes=\"auto, (max-width: 2048px) 100vw, 2048px\" \/><\/td>\n<td style=\"width: 63.3534%\">\n<div dir=\"auto\">El logo se ha dise\u00f1ado pensando en la educaci\u00f3n, teniendo el libro como base; los dos ni\u00f1os, uno representa la esencia del colegio: educaci\u00f3n, aprendizaje&#8230; y el otro se ha querido hacer referencia a Jimi con la estrella \u2b50.<\/div>\n<div dir=\"auto\"><\/div>\n<div dir=\"auto\">Se han puesto los colores de Soto, para as\u00ed hacerlo un poco m\u00e1s personalizado, y que entre todos los elementos representen todo.<\/div>\n<\/td>\n<\/tr>\n<\/tbody>\n<\/table>\n<p>&nbsp;<\/p>\n<p style=\"text-align: center\"><span style=\"color: #0000ff;font-size: 14pt\"><strong>LOGO elegido por el Consejo escolar del colegio el 19\/03\/24<\/strong><\/span><\/p>\n<p style=\"text-align: center\"><span style=\"color: #ff0000;font-size: 18pt\"><strong>Colegio P\u00fablico Jimi P\u00e9rez Lorente<\/strong><\/span><\/p>\n<p><img loading=\"lazy\" decoding=\"async\" class=\"alignnone wp-image-1547 size-medium aligncenter\" style=\"text-align: center\" src=\"http:\/\/edublog.educastur.es\/cpgloriarodriguez\/files\/2024\/03\/Logo-Cp-Jimi-300x300.jpg\" alt=\"\" width=\"300\" height=\"300\" srcset=\"https:\/\/edublog.educastur.es\/cpgloriarodriguez\/files\/2024\/03\/Logo-Cp-Jimi-300x300.jpg 300w, https:\/\/edublog.educastur.es\/cpgloriarodriguez\/files\/2024\/03\/Logo-Cp-Jimi-1024x1024.jpg 1024w, https:\/\/edublog.educastur.es\/cpgloriarodriguez\/files\/2024\/03\/Logo-Cp-Jimi-150x150.jpg 150w, https:\/\/edublog.educastur.es\/cpgloriarodriguez\/files\/2024\/03\/Logo-Cp-Jimi-768x768.jpg 768w, https:\/\/edublog.educastur.es\/cpgloriarodriguez\/files\/2024\/03\/Logo-Cp-Jimi-1536x1536.jpg 1536w, https:\/\/edublog.educastur.es\/cpgloriarodriguez\/files\/2024\/03\/Logo-Cp-Jimi-1080x1080.jpg 1080w, https:\/\/edublog.educastur.es\/cpgloriarodriguez\/files\/2024\/03\/Logo-Cp-Jimi-75x75.jpg 75w, https:\/\/edublog.educastur.es\/cpgloriarodriguez\/files\/2024\/03\/Logo-Cp-Jimi.jpg 1563w\" sizes=\"auto, (max-width: 300px) 100vw, 300px\" \/><\/p>\n<p>&nbsp;<\/p>\n<p>&nbsp;<\/p>\n<p>&nbsp;<\/p>\n","protected":false},"excerpt":{"rendered":"<p>Proceso elecci\u00f3n nuevo Logo para el Colegio P\u00fablico Jimi P\u00e9rez Lorente Propuesta del equipo docente: El Logo surgi\u00f3 pensando en la persona de Jimi y lo que nos hac\u00eda sentir. Destacamos el nombre de \u00abJimi\u00bb porque es el que le ha caracterizado sobre sus apellidos, y en el mismo nombre la alegr\u00eda y tranquilidad que &hellip; <a href=\"https:\/\/edublog.educastur.es\/cpgloriarodriguez\/centro\/logo\/\" class=\"more-link\">Seguir leyendo <span class=\"screen-reader-text\">LOGO<\/span><\/a><\/p>\n","protected":false},"author":1658,"featured_media":0,"parent":310,"menu_order":14,"comment_status":"closed","ping_status":"closed","template":"","meta":{"footnotes":""},"class_list":["post-1546","page","type-page","status-publish","hentry","no-featured-image"],"_links":{"self":[{"href":"https:\/\/edublog.educastur.es\/cpgloriarodriguez\/wp-json\/wp\/v2\/pages\/1546","targetHints":{"allow":["GET"]}}],"collection":[{"href":"https:\/\/edublog.educastur.es\/cpgloriarodriguez\/wp-json\/wp\/v2\/pages"}],"about":[{"href":"https:\/\/edublog.educastur.es\/cpgloriarodriguez\/wp-json\/wp\/v2\/types\/page"}],"author":[{"embeddable":true,"href":"https:\/\/edublog.educastur.es\/cpgloriarodriguez\/wp-json\/wp\/v2\/users\/1658"}],"replies":[{"embeddable":true,"href":"https:\/\/edublog.educastur.es\/cpgloriarodriguez\/wp-json\/wp\/v2\/comments?post=1546"}],"version-history":[{"count":7,"href":"https:\/\/edublog.educastur.es\/cpgloriarodriguez\/wp-json\/wp\/v2\/pages\/1546\/revisions"}],"predecessor-version":[{"id":1603,"href":"https:\/\/edublog.educastur.es\/cpgloriarodriguez\/wp-json\/wp\/v2\/pages\/1546\/revisions\/1603"}],"up":[{"embeddable":true,"href":"https:\/\/edublog.educastur.es\/cpgloriarodriguez\/wp-json\/wp\/v2\/pages\/310"}],"wp:attachment":[{"href":"https:\/\/edublog.educastur.es\/cpgloriarodriguez\/wp-json\/wp\/v2\/media?parent=1546"}],"curies":[{"name":"wp","href":"https:\/\/api.w.org\/{rel}","templated":true}]}}

<p style="text-align: center"><span style="color: #0000ff;font-size: 14pt"><strong>Proceso elección nuevo Logo para el</strong></span></p>
<p style="text-align: center"><span style="color: #ff0000;font-size: 18pt"><strong>Colegio Público Jimi Pérez Lorente</strong></span></p>
<p style="text-align: center"><span style="text-decoration: underline">Propuesta del equipo docente</span>:</p>
<table style="border-collapse: collapse;width: 100%">
<tbody>
<tr>
<td style="width: 37.3494%"><img loading="lazy" decoding="async" class="alignnone wp-image-1547 size-medium" style="text-align: center" src="http://edublog.educastur.es/cpgloriarodriguez/files/2024/03/Logo-Cp-Jimi-300x300.jpg" alt="" width="300" height="300" srcset="https://edublog.educastur.es/cpgloriarodriguez/files/2024/03/Logo-Cp-Jimi-300x300.jpg 300w, https://edublog.educastur.es/cpgloriarodriguez/files/2024/03/Logo-Cp-Jimi-1024x1024.jpg 1024w, https://edublog.educastur.es/cpgloriarodriguez/files/2024/03/Logo-Cp-Jimi-150x150.jpg 150w, https://edublog.educastur.es/cpgloriarodriguez/files/2024/03/Logo-Cp-Jimi-768x768.jpg 768w, https://edublog.educastur.es/cpgloriarodriguez/files/2024/03/Logo-Cp-Jimi-1536x1536.jpg 1536w, https://edublog.educastur.es/cpgloriarodriguez/files/2024/03/Logo-Cp-Jimi-1080x1080.jpg 1080w, https://edublog.educastur.es/cpgloriarodriguez/files/2024/03/Logo-Cp-Jimi-75x75.jpg 75w, https://edublog.educastur.es/cpgloriarodriguez/files/2024/03/Logo-Cp-Jimi.jpg 1563w" sizes="auto, (max-width: 300px) 100vw, 300px" /></td>
<td style="width: 62.6506%">El Logo surgió pensando en la persona de Jimi y lo que nos hacía sentir. Destacamos el nombre de «Jimi» porque es el que le ha caracterizado sobre sus apellidos, y en el mismo nombre la alegría y tranquilidad que ofrecía a las personas con quien interactuaba.</p>
<p>La sonrisa se destaca como un efecto de alegría al representar a una figura querida por prácticamente todas las personas que le conocíamos y sobre todo por sentirnos orgullosos y orgullosas al llevar su nombre como un ejemplo y referente en la educación de nuestros menores.</p>
<p>Los colores azul y morado representan los colores de la bandera de Soto del Barco, y en especial el morado como color de unión e igualdad.</td>
</tr>
</tbody>
</table>
<p>&nbsp;</p>
<p style="text-align: center"><span style="text-decoration: underline">Propuesta de las familias</span>:</p>
<table style="border-collapse: collapse;width: 100%">
<tbody>
<tr>
<td style="width: 36.6466%"><img loading="lazy" decoding="async" class="alignnone size-full wp-image-1602" src="http://edublog.educastur.es/cpgloriarodriguez/files/2024/03/Logo_Jimi_Familias.jpg" alt="" width="2048" height="2048" srcset="https://edublog.educastur.es/cpgloriarodriguez/files/2024/03/Logo_Jimi_Familias.jpg 2048w, https://edublog.educastur.es/cpgloriarodriguez/files/2024/03/Logo_Jimi_Familias-300x300.jpg 300w, https://edublog.educastur.es/cpgloriarodriguez/files/2024/03/Logo_Jimi_Familias-1024x1024.jpg 1024w, https://edublog.educastur.es/cpgloriarodriguez/files/2024/03/Logo_Jimi_Familias-150x150.jpg 150w, https://edublog.educastur.es/cpgloriarodriguez/files/2024/03/Logo_Jimi_Familias-768x768.jpg 768w, https://edublog.educastur.es/cpgloriarodriguez/files/2024/03/Logo_Jimi_Familias-1536x1536.jpg 1536w, https://edublog.educastur.es/cpgloriarodriguez/files/2024/03/Logo_Jimi_Familias-1080x1080.jpg 1080w, https://edublog.educastur.es/cpgloriarodriguez/files/2024/03/Logo_Jimi_Familias-75x75.jpg 75w" sizes="auto, (max-width: 2048px) 100vw, 2048px" /></td>
<td style="width: 63.3534%">
<div dir="auto">El logo se ha diseñado pensando en la educación, teniendo el libro como base; los dos niños, uno representa la esencia del colegio: educación, aprendizaje&#8230; y el otro se ha querido hacer referencia a Jimi con la estrella ⭐.</div>
<div dir="auto"></div>
<div dir="auto">Se han puesto los colores de Soto, para así hacerlo un poco más personalizado, y que entre todos los elementos representen todo.</div>
</td>
</tr>
</tbody>
</table>
<p>&nbsp;</p>
<p style="text-align: center"><span style="color: #0000ff;font-size: 14pt"><strong>LOGO elegido por el Consejo escolar del colegio el 19/03/24</strong></span></p>
<p style="text-align: center"><span style="color: #ff0000;font-size: 18pt"><strong>Colegio Público Jimi Pérez Lorente</strong></span></p>
<p><img loading="lazy" decoding="async" class="alignnone wp-image-1547 size-medium aligncenter" style="text-align: center" src="http://edublog.educastur.es/cpgloriarodriguez/files/2024/03/Logo-Cp-Jimi-300x300.jpg" alt="" width="300" height="300" srcset="https://edublog.educastur.es/cpgloriarodriguez/files/2024/03/Logo-Cp-Jimi-300x300.jpg 300w, https://edublog.educastur.es/cpgloriarodriguez/files/2024/03/Logo-Cp-Jimi-1024x1024.jpg 1024w, https://edublog.educastur.es/cpgloriarodriguez/files/2024/03/Logo-Cp-Jimi-150x150.jpg 150w, https://edublog.educastur.es/cpgloriarodriguez/files/2024/03/Logo-Cp-Jimi-768x768.jpg 768w, https://edublog.educastur.es/cpgloriarodriguez/files/2024/03/Logo-Cp-Jimi-1536x1536.jpg 1536w, https://edublog.educastur.es/cpgloriarodriguez/files/2024/03/Logo-Cp-Jimi-1080x1080.jpg 1080w, https://edublog.educastur.es/cpgloriarodriguez/files/2024/03/Logo-Cp-Jimi-75x75.jpg 75w, https://edublog.educastur.es/cpgloriarodriguez/files/2024/03/Logo-Cp-Jimi.jpg 1563w" sizes="auto, (max-width: 300px) 100vw, 300px" /></p>
<p>&nbsp;</p>
<p>&nbsp;</p>
<p>&nbsp;</p>

<p>Proceso elección nuevo Logo para el Colegio Público Jimi Pérez Lorente Propuesta del equipo docente: El Logo surgió pensando en la persona de Jimi y lo que nos hacía sentir. Destacamos el nombre de «Jimi» porque es el que le ha caracterizado sobre sus apellidos, y en el mismo nombre la alegría y tranquilidad que &hellip; <a href="https://edublog.educastur.es/cpgloriarodriguez/centro/logo/" class="more-link">Seguir leyendo <span class="screen-reader-text">LOGO</span></a></p>
