{"id":1645,"date":"2024-04-17T15:00:59","date_gmt":"2024-04-17T15:00:59","guid":{"rendered":"https:\/\/edublog.educastur.es\/cpgloriarodriguez\/?page_id=1645"},"modified":"2024-06-05T13:03:19","modified_gmt":"2024-06-05T11:03:19","slug":"escuelina-0-a-3-anos","status":"publish","type":"page","link":"https:\/\/edublog.educastur.es\/cpgloriarodriguez\/centro\/escuelina-0-a-3-anos\/","title":{"rendered":"Escuelina 0 a 3 a\u00f1os"},"content":{"rendered":"<p><img loading=\"lazy\" decoding=\"async\" class=\"size-full wp-image-1646 aligncenter\" src=\"http:\/\/edublog.educastur.es\/cpgloriarodriguez\/files\/2024\/04\/Cartel-escuelina.png\" alt=\"\" width=\"410\" height=\"410\" srcset=\"https:\/\/edublog.educastur.es\/cpgloriarodriguez\/files\/2024\/04\/Cartel-escuelina.png 410w, https:\/\/edublog.educastur.es\/cpgloriarodriguez\/files\/2024\/04\/Cartel-escuelina-300x300.png 300w, https:\/\/edublog.educastur.es\/cpgloriarodriguez\/files\/2024\/04\/Cartel-escuelina-150x150.png 150w, https:\/\/edublog.educastur.es\/cpgloriarodriguez\/files\/2024\/04\/Cartel-escuelina-75x75.png 75w\" sizes=\"auto, (max-width: 410px) 100vw, 410px\" \/><\/p>\n<p>&nbsp;<\/p>\n<p style=\"text-align: center\"><strong><span style=\"color: #ff0000;font-size: 18pt\">Plazo para formalizar la matr\u00edcula de la Escuelina hasta el 14 de junio:<\/span><\/strong><\/p>\n<p><span style=\"font-size: 18pt\">Para formalizar la matr\u00edcula descargar <span style=\"color: #ff0000\"><strong><a style=\"color: #ff0000\" href=\"https:\/\/educastur-my.sharepoint.com\/:b:\/g\/personal\/gloriaro_educastur_org\/EcfPKTrZ5n1PqthvQQMZaKoBYUWbq7z5xS2QnV0G-Mgpdg?e=jr0BaF\"><span style=\"font-size: 24pt\"><span style=\"text-decoration: underline\">este documento en PDF<\/span><\/span><\/a><\/strong><\/span> y llevarlo al centro firmado por ambos progenitores o tutores. Luego se entregar\u00e1 una copia firmada como justificante de matr\u00edcula.<\/span><\/p>\n<p>&nbsp;<\/p>\n<p><img loading=\"lazy\" decoding=\"async\" class=\"aligncenter wp-image-1812 size-full\" src=\"http:\/\/edublog.educastur.es\/cpgloriarodriguez\/files\/2024\/06\/20250527-Listado-definitivo-admitidos.jpg\" alt=\"\" width=\"741\" height=\"925\" srcset=\"https:\/\/edublog.educastur.es\/cpgloriarodriguez\/files\/2024\/06\/20250527-Listado-definitivo-admitidos.jpg 741w, https:\/\/edublog.educastur.es\/cpgloriarodriguez\/files\/2024\/06\/20250527-Listado-definitivo-admitidos-240x300.jpg 240w\" sizes=\"auto, (max-width: 741px) 100vw, 741px\" \/><\/p>\n<p><img loading=\"lazy\" decoding=\"async\" class=\"aligncenter wp-image-1733 size-full\" src=\"http:\/\/edublog.educastur.es\/cpgloriarodriguez\/files\/2024\/05\/20250527-Listado-provisional-admitidos.jpg\" alt=\"\" width=\"699\" height=\"970\" srcset=\"https:\/\/edublog.educastur.es\/cpgloriarodriguez\/files\/2024\/05\/20250527-Listado-provisional-admitidos.jpg 699w, https:\/\/edublog.educastur.es\/cpgloriarodriguez\/files\/2024\/05\/20250527-Listado-provisional-admitidos-216x300.jpg 216w\" sizes=\"auto, (max-width: 699px) 100vw, 699px\" \/><\/p>\n<p>&nbsp;<\/p>\n<p><img loading=\"lazy\" decoding=\"async\" class=\"alignnone size-full wp-image-1647\" src=\"http:\/\/edublog.educastur.es\/cpgloriarodriguez\/files\/2024\/04\/INFORMACION-A-FAMILIAS-ADMISION-ESCUELAS-INFANTILES.jpg\" alt=\"\" width=\"1241\" height=\"1755\" srcset=\"https:\/\/edublog.educastur.es\/cpgloriarodriguez\/files\/2024\/04\/INFORMACION-A-FAMILIAS-ADMISION-ESCUELAS-INFANTILES.jpg 1241w, https:\/\/edublog.educastur.es\/cpgloriarodriguez\/files\/2024\/04\/INFORMACION-A-FAMILIAS-ADMISION-ESCUELAS-INFANTILES-212x300.jpg 212w, https:\/\/edublog.educastur.es\/cpgloriarodriguez\/files\/2024\/04\/INFORMACION-A-FAMILIAS-ADMISION-ESCUELAS-INFANTILES-724x1024.jpg 724w, https:\/\/edublog.educastur.es\/cpgloriarodriguez\/files\/2024\/04\/INFORMACION-A-FAMILIAS-ADMISION-ESCUELAS-INFANTILES-768x1086.jpg 768w, https:\/\/edublog.educastur.es\/cpgloriarodriguez\/files\/2024\/04\/INFORMACION-A-FAMILIAS-ADMISION-ESCUELAS-INFANTILES-1086x1536.jpg 1086w, https:\/\/edublog.educastur.es\/cpgloriarodriguez\/files\/2024\/04\/INFORMACION-A-FAMILIAS-ADMISION-ESCUELAS-INFANTILES-1080x1527.jpg 1080w\" sizes=\"auto, (max-width: 1241px) 100vw, 1241px\" \/><\/p>\n<p style=\"text-align: center\"><span style=\"color: #ff0000\"><strong><span style=\"font-size: 18pt\">Documentos de matr\u00edcula <\/span><\/strong><span style=\"font-size: 18pt\">(descargables)<\/span><strong><span style=\"font-size: 18pt\">:<\/span><\/strong><\/span><\/p>\n<p>&nbsp;<\/p>\n<p style=\"text-align: center\"><span style=\"font-size: 18pt\"><a href=\"https:\/\/educastur-my.sharepoint.com\/:b:\/g\/personal\/gloriaro_educastur_org\/ERecYaasZhNFkptqIAOmITMBwe6h8lbxxq4M5_z3ZzJQ2Q?e=QVag8S\">1. Impreso de Solicitud de ADMISI\u00d3N (PDF)<\/a><\/span><\/p>\n<p style=\"text-align: center\"><span style=\"font-size: 18pt\"><a href=\"https:\/\/educastur-my.sharepoint.com\/:b:\/g\/personal\/gloriaro_educastur_org\/EZK1EdFoATFJlBESl1fBRgcBqAesdgspcG0sWc3b-LKVAg?e=flHzL4\">2. Impreso de Autorizaciones miembros unidad familiar (PDF)<\/a><\/span><\/p>\n<p style=\"text-align: center\"><a href=\"https:\/\/educastur-my.sharepoint.com\/:b:\/g\/personal\/gloriaro_educastur_org\/EaKB3nAqfsFCji865zsmvgIBy9vYPIX9CfDIFi2MYl9BCQ?e=edqFXQ\"><span style=\"font-size: 18pt\">3. Informaci\u00f3n adicional protecci\u00f3n de datos (PDF)<\/span><\/a><\/p>\n<p>&nbsp;<\/p>\n<p style=\"text-align: center\">Disponemos de impresos en el colegio.<\/p>\n<p style=\"text-align: center\">Para cualquier duda estamos a vuestra disposici\u00f3n.<\/p>\n<p>&nbsp;<\/p>\n<p>&nbsp;<\/p>\n<p style=\"text-align: center\"><a href=\"https:\/\/educastur-my.sharepoint.com\/:b:\/g\/personal\/oscarmg_educastur_org\/EZdAoWqwQXpArp1u8fq48UQB0rWYmXXmT6LZwWlxZBZ6FQ?e=xM0ITF\"><em><strong><span style=\"font-size: 24pt;color: #ff0000\"><span style=\"font-size: 36pt\">Preguntas y respuestas:<\/span><\/span><\/strong><\/em><\/a><\/p>\n<p style=\"text-align: center\"><a href=\"https:\/\/educastur-my.sharepoint.com\/:b:\/g\/personal\/oscarmg_educastur_org\/EZdAoWqwQXpArp1u8fq48UQB0rWYmXXmT6LZwWlxZBZ6FQ?e=xM0ITF\"><em><strong><span style=\"font-size: 24pt;color: #ff0000\">documento en pdf<\/span><\/strong><\/em><\/a><\/p>\n<p>&nbsp;<\/p>\n<p>&nbsp;<\/p>\n<p><img loading=\"lazy\" decoding=\"async\" class=\"size-full wp-image-1668 aligncenter\" src=\"http:\/\/edublog.educastur.es\/cpgloriarodriguez\/files\/2024\/04\/Escuelina_1.jpg\" alt=\"\" width=\"782\" height=\"937\" srcset=\"https:\/\/edublog.educastur.es\/cpgloriarodriguez\/files\/2024\/04\/Escuelina_1.jpg 782w, https:\/\/edublog.educastur.es\/cpgloriarodriguez\/files\/2024\/04\/Escuelina_1-250x300.jpg 250w, https:\/\/edublog.educastur.es\/cpgloriarodriguez\/files\/2024\/04\/Escuelina_1-768x920.jpg 768w\" sizes=\"auto, (max-width: 782px) 100vw, 782px\" \/><\/p>\n<p>&nbsp;<\/p>\n","protected":false},"excerpt":{"rendered":"<p>&nbsp; Plazo para formalizar la matr\u00edcula de la Escuelina hasta el 14 de junio: Para formalizar la matr\u00edcula descargar este documento en PDF y llevarlo al centro firmado por ambos progenitores o tutores. Luego se entregar\u00e1 una copia firmada como justificante de matr\u00edcula. &nbsp; &nbsp; Documentos de matr\u00edcula (descargables): &nbsp; 1. Impreso de Solicitud de &hellip; <a href=\"https:\/\/edublog.educastur.es\/cpgloriarodriguez\/centro\/escuelina-0-a-3-anos\/\" class=\"more-link\">Seguir leyendo <span class=\"screen-reader-text\">Escuelina 0 a 3 a\u00f1os<\/span><\/a><\/p>\n","protected":false},"author":1658,"featured_media":0,"parent":310,"menu_order":3,"comment_status":"closed","ping_status":"closed","template":"","meta":{"footnotes":""},"class_list":["post-1645","page","type-page","status-publish","hentry","no-featured-image"],"_links":{"self":[{"href":"https:\/\/edublog.educastur.es\/cpgloriarodriguez\/wp-json\/wp\/v2\/pages\/1645","targetHints":{"allow":["GET"]}}],"collection":[{"href":"https:\/\/edublog.educastur.es\/cpgloriarodriguez\/wp-json\/wp\/v2\/pages"}],"about":[{"href":"https:\/\/edublog.educastur.es\/cpgloriarodriguez\/wp-json\/wp\/v2\/types\/page"}],"author":[{"embeddable":true,"href":"https:\/\/edublog.educastur.es\/cpgloriarodriguez\/wp-json\/wp\/v2\/users\/1658"}],"replies":[{"embeddable":true,"href":"https:\/\/edublog.educastur.es\/cpgloriarodriguez\/wp-json\/wp\/v2\/comments?post=1645"}],"version-history":[{"count":10,"href":"https:\/\/edublog.educastur.es\/cpgloriarodriguez\/wp-json\/wp\/v2\/pages\/1645\/revisions"}],"predecessor-version":[{"id":1823,"href":"https:\/\/edublog.educastur.es\/cpgloriarodriguez\/wp-json\/wp\/v2\/pages\/1645\/revisions\/1823"}],"up":[{"embeddable":true,"href":"https:\/\/edublog.educastur.es\/cpgloriarodriguez\/wp-json\/wp\/v2\/pages\/310"}],"wp:attachment":[{"href":"https:\/\/edublog.educastur.es\/cpgloriarodriguez\/wp-json\/wp\/v2\/media?parent=1645"}],"curies":[{"name":"wp","href":"https:\/\/api.w.org\/{rel}","templated":true}]}}