{"id":1790,"date":"2024-06-03T12:15:02","date_gmt":"2024-06-03T10:15:02","guid":{"rendered":"https:\/\/edublog.educastur.es\/cpgloriarodriguez\/?page_id=1790"},"modified":"2024-06-03T20:52:34","modified_gmt":"2024-06-03T18:52:34","slug":"recogida-tardia","status":"publish","type":"page","link":"https:\/\/edublog.educastur.es\/cpgloriarodriguez\/familias\/recogida-tardia\/","title":{"rendered":"Recogida tard\u00eda"},"content":{"rendered":"<p style=\"text-align: center\"><span style=\"color: #800080\"><strong><span style=\"font-size: 18pt\">RECOGIDA TARD\u00cdA<\/span><\/strong><\/span><\/p>\n<p style=\"text-align: center\"><span style=\"font-size: 14pt\"><strong>Junio 2024<\/strong><\/span><\/p>\n<p style=\"text-align: center\"><strong><span style=\"color: #ff0000\">Servicio gratuito<\/span><\/strong> subvencionado por el Ayuntamiento de Soto del Barco<\/p>\n<p style=\"text-align: center\">Destinado para ayudar a la conciliaci\u00f3n familiar. S\u00f3lo para quienes hayan entregado justificante.<\/p>\n<p style=\"text-align: center\">Horario: <strong><span style=\"font-size: 18pt;color: #0000ff\">13:00 a 14:30<\/span> horas de lunes a viernes <\/strong>hasta el 21 de junio.<\/p>\n<p style=\"text-align: center\">Se organizan juegos y otras actividades l\u00fadicas de acompa\u00f1amiento.<\/p>\n<p style=\"text-align: center\">Para cualquier cuesti\u00f3n ponerse en contacto con las <strong>Monitoras:<\/strong><\/p>\n<p style=\"text-align: center\"><strong> <span style=\"font-size: 14pt;color: #800080\">Mar <\/span><\/strong><span style=\"font-size: 14pt;color: #800080\"><span style=\"color: #000000;font-size: 12pt\">al tel\u00e9fono <\/span><\/span><span style=\"font-size: 18pt\"><strong>605 43 33 44 <\/strong><\/span><\/p>\n<p style=\"text-align: center\"><span style=\"font-size: 18pt\"><strong><span style=\"font-size: 14pt;color: #800080\">Santi <\/span><\/strong><span style=\"font-size: 14pt;color: #800080\"><span style=\"color: #000000;font-size: 12pt\">al tel\u00e9fono <\/span><\/span><strong>630 15 16 73<\/strong><\/span><\/p>\n<p>&nbsp;<\/p>\n<p><span style=\"color: #ff0000;font-size: 18pt\"><strong>NORMAS B\u00c1SICAS <\/strong>(la familia que deja a su hijo\/a en el servicio de Recogida Tard\u00eda, acepta las siguientes normas):<\/span><\/p>\n<ul>\n<li><span style=\"color: #ff0000\">El ni\u00f1o o la ni\u00f1a deber\u00e1 quedar desde el 3 al 21 de junio. En caso de situaci\u00f3n sobrevenida, la familia lo puede recoger antes. Justificar a la monitoras. Se recuerda que ha habido familias que no han podido hacer uso de este servicio porque est\u00e1 el cupo lleno.<\/span><\/li>\n<li><span style=\"color: #ff0000\">La recogida es a las 14:30 horas, pudiendo flexibilizar la salida 5 minutos antes, si las monitoras as\u00ed lo consideran, porque hayan terminado su actividad.<\/span><\/li>\n<li><span style=\"color: #ff0000\">Se establecer\u00e1 un momento para que los ni\u00f1os\/as que traigan algo para comer, lo puedan hacer, pero es necesario que las monitoras sean informadas por las familias. No sabemos si es un tentempi\u00e9, si es el almuerzo que no comieron o si lo deben o no lo deben comer.<\/span><\/li>\n<li><span style=\"color: #ff0000\">Las monitoras no est\u00e1n s\u00f3lo para entretener a los ni\u00f1os\/as, sino para cuidarles, acompa\u00f1arles y protegerles, por lo que si por alguna raz\u00f3n informan que no lo pasan bien, ese nunca es el objetivo principal.<\/span><\/li>\n<li><span style=\"color: #ff0000\">Cualquier cuesti\u00f3n que estim\u00e9is, pod\u00e9is informar a las monitoras o al centro para que, en su caso, podamos mejorar.<\/span><\/li>\n<li><span style=\"color: #ff0000\">Muchas gracias por vuestra comprensi\u00f3n y colaboraci\u00f3n de nuevo.<\/span><\/li>\n<\/ul>\n<p>&nbsp;<\/p>\n<p><img loading=\"lazy\" decoding=\"async\" class=\"aligncenter wp-image-1781 size-full\" src=\"http:\/\/edublog.educastur.es\/cpgloriarodriguez\/files\/2024\/05\/Listado-definitivo-Recogida-tardia-junio.jpg\" alt=\"\" width=\"532\" height=\"944\" srcset=\"https:\/\/edublog.educastur.es\/cpgloriarodriguez\/files\/2024\/05\/Listado-definitivo-Recogida-tardia-junio.jpg 532w, https:\/\/edublog.educastur.es\/cpgloriarodriguez\/files\/2024\/05\/Listado-definitivo-Recogida-tardia-junio-169x300.jpg 169w\" sizes=\"auto, (max-width: 532px) 100vw, 532px\" \/><\/p>\n","protected":false},"excerpt":{"rendered":"<p>RECOGIDA TARD\u00cdA Junio 2024 Servicio gratuito subvencionado por el Ayuntamiento de Soto del Barco Destinado para ayudar a la conciliaci\u00f3n familiar. S\u00f3lo para quienes hayan entregado justificante. Horario: 13:00 a 14:30 horas de lunes a viernes hasta el 21 de junio. Se organizan juegos y otras actividades l\u00fadicas de acompa\u00f1amiento. Para cualquier cuesti\u00f3n ponerse en &hellip; <a href=\"https:\/\/edublog.educastur.es\/cpgloriarodriguez\/familias\/recogida-tardia\/\" class=\"more-link\">Seguir leyendo <span class=\"screen-reader-text\">Recogida tard\u00eda<\/span><\/a><\/p>\n","protected":false},"author":1658,"featured_media":0,"parent":30,"menu_order":0,"comment_status":"closed","ping_status":"closed","template":"","meta":{"footnotes":""},"class_list":["post-1790","page","type-page","status-publish","hentry","no-featured-image"],"_links":{"self":[{"href":"https:\/\/edublog.educastur.es\/cpgloriarodriguez\/wp-json\/wp\/v2\/pages\/1790","targetHints":{"allow":["GET"]}}],"collection":[{"href":"https:\/\/edublog.educastur.es\/cpgloriarodriguez\/wp-json\/wp\/v2\/pages"}],"about":[{"href":"https:\/\/edublog.educastur.es\/cpgloriarodriguez\/wp-json\/wp\/v2\/types\/page"}],"author":[{"embeddable":true,"href":"https:\/\/edublog.educastur.es\/cpgloriarodriguez\/wp-json\/wp\/v2\/users\/1658"}],"replies":[{"embeddable":true,"href":"https:\/\/edublog.educastur.es\/cpgloriarodriguez\/wp-json\/wp\/v2\/comments?post=1790"}],"version-history":[{"count":4,"href":"https:\/\/edublog.educastur.es\/cpgloriarodriguez\/wp-json\/wp\/v2\/pages\/1790\/revisions"}],"predecessor-version":[{"id":1803,"href":"https:\/\/edublog.educastur.es\/cpgloriarodriguez\/wp-json\/wp\/v2\/pages\/1790\/revisions\/1803"}],"up":[{"embeddable":true,"href":"https:\/\/edublog.educastur.es\/cpgloriarodriguez\/wp-json\/wp\/v2\/pages\/30"}],"wp:attachment":[{"href":"https:\/\/edublog.educastur.es\/cpgloriarodriguez\/wp-json\/wp\/v2\/media?parent=1790"}],"curies":[{"name":"wp","href":"https:\/\/api.w.org\/{rel}","templated":true}]}}

Recogida tardía

<p style="text-align: center"><span style="color: #800080"><strong><span style="font-size: 18pt">RECOGIDA TARDÍA</span></strong></span></p>
<p style="text-align: center"><span style="font-size: 14pt"><strong>Junio 2024</strong></span></p>
<p style="text-align: center"><strong><span style="color: #ff0000">Servicio gratuito</span></strong> subvencionado por el Ayuntamiento de Soto del Barco</p>
<p style="text-align: center">Destinado para ayudar a la conciliación familiar. Sólo para quienes hayan entregado justificante.</p>
<p style="text-align: center">Horario: <strong><span style="font-size: 18pt;color: #0000ff">13:00 a 14:30</span> horas de lunes a viernes </strong>hasta el 21 de junio.</p>
<p style="text-align: center">Se organizan juegos y otras actividades lúdicas de acompañamiento.</p>
<p style="text-align: center">Para cualquier cuestión ponerse en contacto con las <strong>Monitoras:</strong></p>
<p style="text-align: center"><strong> <span style="font-size: 14pt;color: #800080">Mar </span></strong><span style="font-size: 14pt;color: #800080"><span style="color: #000000;font-size: 12pt">al teléfono </span></span><span style="font-size: 18pt"><strong>605 43 33 44 </strong></span></p>
<p style="text-align: center"><span style="font-size: 18pt"><strong><span style="font-size: 14pt;color: #800080">Santi </span></strong><span style="font-size: 14pt;color: #800080"><span style="color: #000000;font-size: 12pt">al teléfono </span></span><strong>630 15 16 73</strong></span></p>
<p>&nbsp;</p>
<p><span style="color: #ff0000;font-size: 18pt"><strong>NORMAS BÁSICAS </strong>(la familia que deja a su hijo/a en el servicio de Recogida Tardía, acepta las siguientes normas):</span></p>
<ul>
<li><span style="color: #ff0000">El niño o la niña deberá quedar desde el 3 al 21 de junio. En caso de situación sobrevenida, la familia lo puede recoger antes. Justificar a la monitoras. Se recuerda que ha habido familias que no han podido hacer uso de este servicio porque está el cupo lleno.</span></li>
<li><span style="color: #ff0000">La recogida es a las 14:30 horas, pudiendo flexibilizar la salida 5 minutos antes, si las monitoras así lo consideran, porque hayan terminado su actividad.</span></li>
<li><span style="color: #ff0000">Se establecerá un momento para que los niños/as que traigan algo para comer, lo puedan hacer, pero es necesario que las monitoras sean informadas por las familias. No sabemos si es un tentempié, si es el almuerzo que no comieron o si lo deben o no lo deben comer.</span></li>
<li><span style="color: #ff0000">Las monitoras no están sólo para entretener a los niños/as, sino para cuidarles, acompañarles y protegerles, por lo que si por alguna razón informan que no lo pasan bien, ese nunca es el objetivo principal.</span></li>
<li><span style="color: #ff0000">Cualquier cuestión que estiméis, podéis informar a las monitoras o al centro para que, en su caso, podamos mejorar.</span></li>
<li><span style="color: #ff0000">Muchas gracias por vuestra comprensión y colaboración de nuevo.</span></li>
</ul>
<p>&nbsp;</p>
<p><img loading="lazy" decoding="async" class="aligncenter wp-image-1781 size-full" src="http://edublog.educastur.es/cpgloriarodriguez/files/2024/05/Listado-definitivo-Recogida-tardia-junio.jpg" alt="" width="532" height="944" srcset="https://edublog.educastur.es/cpgloriarodriguez/files/2024/05/Listado-definitivo-Recogida-tardia-junio.jpg 532w, https://edublog.educastur.es/cpgloriarodriguez/files/2024/05/Listado-definitivo-Recogida-tardia-junio-169x300.jpg 169w" sizes="auto, (max-width: 532px) 100vw, 532px" /></p>

<p>RECOGIDA TARDÍA Junio 2024 Servicio gratuito subvencionado por el Ayuntamiento de Soto del Barco Destinado para ayudar a la conciliación familiar. Sólo para quienes hayan entregado justificante. Horario: 13:00 a 14:30 horas de lunes a viernes hasta el 21 de junio. Se organizan juegos y otras actividades lúdicas de acompañamiento. Para cualquier cuestión ponerse en &hellip; <a href="https://edublog.educastur.es/cpgloriarodriguez/familias/recogida-tardia/" class="more-link">Seguir leyendo <span class="screen-reader-text">Recogida tardía</span></a></p>
