{"id":406,"date":"2022-07-10T16:29:25","date_gmt":"2022-07-10T16:29:25","guid":{"rendered":"https:\/\/edublog.educastur.es\/cpgloriarodriguez\/?page_id=406"},"modified":"2024-06-16T10:17:51","modified_gmt":"2024-06-16T08:17:51","slug":"secretaria","status":"publish","type":"page","link":"https:\/\/edublog.educastur.es\/cpgloriarodriguez\/centro\/secretaria\/","title":{"rendered":"Secretar\u00eda"},"content":{"rendered":"<p style=\"text-align: center\">Para cualquier consulta o duda ponerse en contacto con el centro<\/p>\n<p style=\"text-align: center\">a trav\u00e9s de los tel\u00e9fonos (<strong>985588347<\/strong> &#8211; <strong>617 71 19 47<\/strong>) o<\/p>\n<p style=\"text-align: center\">del correo electr\u00f3nico (<a href=\"mailto:gloriaro@educastur.org\">gloriaro@educastur.org<\/a>)<\/p>\n<p>&nbsp;<\/p>\n<p>&nbsp;<\/p>\n<p><strong><span style=\"font-size: 14pt\">Horarios de atenci\u00f3n al p\u00fablico del equipo directivo:<\/span><\/strong><\/p>\n<ul>\n<li><strong><span style=\"font-size: 14pt\">Director<\/span><\/strong>: De Lunes a Viernes de 9:00 a 10:00 horas*.<\/li>\n<li><strong><span style=\"font-size: 14pt\">Secretaria<\/span><\/strong>: Martes, Jueves y Viernes de 9:00 a 10:00 horas*.<\/li>\n<\/ul>\n<p>* Para asegurar disponibilidad y gestionar mejor los horarios, solicitar cita previa.<\/p>\n<p>&nbsp;<\/p>\n<p><span style=\"font-size: 14pt\"><strong>Descarga de documentos de inter\u00e9s:<\/strong><\/span><\/p>\n<ul>\n<li><a href=\"https:\/\/educastur-my.sharepoint.com\/:b:\/g\/personal\/gloriaro_educastur_org\/ESgQwH-fIYRFh9AiwuO5UEUBBKx0X2PfQWtaSTKaRnTeAg?e=5DPxfE\"><strong>Justificante<\/strong> de faltas de asistencia (pdf)<\/a>.<\/li>\n<li><a href=\"https:\/\/educastur-my.sharepoint.com\/:b:\/g\/personal\/gloriaro_educastur_org\/EQqOcplCllVNpYLqNxIlcNcBohopMKegpdMtUxNnUQUhzg?e=LJDiR0\"><strong>Autorizaci\u00f3n<\/strong> recogida a la salida de la jornada lectiva por terceras personas (pdf)<\/a>.<\/li>\n<li><a href=\"https:\/\/educastur-my.sharepoint.com\/:b:\/g\/personal\/gloriaro_educastur_org\/ERFmMs4Nl0xNjpiQZR96ZUcBXXuNlqXX3pY5sN-ZB9_MrQ?e=TAjWQe\"><strong>Autorizaci\u00f3n<\/strong> salida del centro sin acompa\u00f1ante (pdf)<\/a>.<\/li>\n<li><a href=\"https:\/\/educastur-my.sharepoint.com\/:b:\/g\/personal\/gloriaro_educastur_org\/ESiWPht63TJLmaBPEdIzYLABN1P5tPvMyJPfxx6IggVVTw?e=2sQ7Y8\"><strong>Autorizaci\u00f3n<\/strong> recogida alumnado en parada escolar por terceras personas (pdf)<\/a>.<\/li>\n<li><a href=\"https:\/\/educastur-my.sharepoint.com\/:b:\/g\/personal\/gloriaro_educastur_org\/EaKwu-F59StNi3GMq1xS1EQBOSPrQVZ1q2cSjrHq-_12Eg?e=l8vmeT\"><strong>Autorizaci\u00f3n<\/strong> familiar refuerzo fuera del aula (pdf)<\/a>.<\/li>\n<li><a href=\"https:\/\/educastur-my.sharepoint.com\/:b:\/g\/personal\/gloriaro_educastur_org\/ERLTbMpcYIRNlk3sI9GHJ-oBSMM1VuEQQCH_otoB9gBkGQ?e=um8Edf\"><strong>Autorizaci\u00f3n<\/strong> uso de IMAGENES (pdf)<\/a>.<\/li>\n<li><a href=\"https:\/\/educastur-my.sharepoint.com\/:b:\/g\/personal\/gloriaro_educastur_org\/EQytxqFLaiNHgwq6yPKQ5u0BpZd08JLIaBMFOmsez_ClqA?e=4K7x3K\"><strong>Autorizaci\u00f3n<\/strong> de salidas por el entorno (pdf)<\/a>.<\/li>\n<li><a href=\"https:\/\/educastur-my.sharepoint.com\/:b:\/g\/personal\/gloriaro_educastur_org\/EUT56kGeNjNAq5qYsc19atEB8IppX1BUvp1KYMhlIKutKw?e=tVBoez\"><strong>Autorizaci\u00f3n<\/strong> para ir sol@s a casa desde el transporte escolar (pdf)<\/a>.<\/li>\n<li><a href=\"https:\/\/educastur-my.sharepoint.com\/:b:\/g\/personal\/gloriaro_educastur_org\/ERLXxpAyMH9Jlna3XxcfTSUBZL5eW_C0kvyLWPsd4yXgnw?e=Gv0T48\"><strong>Autorizaci\u00f3n<\/strong> de uso de MASCARILLA en el centro escolar (pdf)<\/a>.<\/li>\n<\/ul>\n<p><span style=\"font-size: 14pt\"><strong>Otros documentos de inter\u00e9s:<\/strong><\/span><\/p>\n<ul>\n<li><a href=\"https:\/\/educastur-my.sharepoint.com\/:w:\/g\/personal\/gloriaro_educastur_org\/EdtBeiC0xOxKpPEBib8p5OgBjt-uCX3UrJNHECw7LhxweA?e=5IkuI3\"><strong>Autorizaci\u00f3n <\/strong>recogida documentos por terceras personas (DOCS, documento editable)<\/a>.<\/li>\n<\/ul>\n<p>&nbsp;<\/p>\n<p><span style=\"font-size: 14pt\"><strong>Documentos de inter\u00e9s del centro:<\/strong><\/span><\/p>\n<ul>\n<li><a href=\"https:\/\/educastur-my.sharepoint.com\/:b:\/g\/personal\/gloriaro_educastur_org\/EVQ5TH2zYdVBinw2uhW0NPsBamXD0-f_erJrMqViGieSuw?e=E6dBKD\">Proyecto Educativo del Centro (PEC)<\/a>. \u00daltima actualizaci\u00f3n Mayo 2024.<\/li>\n<li><a href=\"https:\/\/educastur-my.sharepoint.com\/:f:\/g\/personal\/gloriaro_educastur_org\/EgfC67ke51JBsPF60aJYuoABz0Rpl8COA6Cp8Hf6QHH_4g?e=NlqeaA\">Programaciones docentes de INFANTIL y PRIMARIA<\/a>. \u00daltima actualizaci\u00f3n Mayo 2024.<\/li>\n<li><a href=\"https:\/\/educastur-my.sharepoint.com\/:b:\/g\/personal\/gloriaro_educastur_org\/EZNPL_w6aMFMrf1FiOmQZTMBdrSqJwlrHC7NFDZuwoATog?e=AhGn0X\">Normas de Organizaci\u00f3n, Funcionamiento y Convivencia del Centro (NOFC)<\/a>. \u00daltima actualizaci\u00f3n Mayo 2024.<\/li>\n<li><a href=\"https:\/\/educastur-my.sharepoint.com\/:b:\/g\/personal\/oscarmg_educastur_org\/EfamJkltcD5NkMzuWMCTMeYBgS7k7sJy571U2098TvxLnA?e=nvtd24\">Plan Digital del Centro (PDC)<\/a>. \u00daltima actualizaci\u00f3n Mayo 2024.<\/li>\n<\/ul>\n<ul>\n<li><a href=\"https:\/\/educastur-my.sharepoint.com\/:b:\/g\/personal\/gloriaro_educastur_org\/EcuoX89QDQxEnF2x9zXa754BxMVdFzhNZVjxWPkYpIpr7g?e=zwN1FT\">Proyecto de Mediaci\u00f3n y Convivencia de la Comunidad Escolar<\/a>. \u00daltima actualizaci\u00f3n septiembre 2022.<\/li>\n<li><a href=\"https:\/\/educastur-my.sharepoint.com\/:b:\/g\/personal\/gloriaro_educastur_org\/EYdUP9SNC7hEpMm0MkR9WO8B2qRZ7pj5b-JRCKXEdzJJHA?e=rSjsNL\">Proyecto de Integraci\u00f3n de las TIC en la Comunidad Educativa<\/a>. \u00daltima actualizaci\u00f3n septiembre 2022.<\/li>\n<li><a href=\"https:\/\/educastur-my.sharepoint.com\/:b:\/g\/personal\/gloriaro_educastur_org\/ERGt6_NqA6ZIkmc7mNAp52IBJ1B57Iz--5QQ1c8LtOCD7w?e=W8jrBr\">Plan de Lectura, Escritura e Investigaci\u00f3n del centro<\/a>. \u00daltima actualizaci\u00f3n octubre 2022.<\/li>\n<li><a href=\"https:\/\/educastur-my.sharepoint.com\/:b:\/g\/personal\/gloriaro_educastur_org\/EagN_vidgsxEi-oroXB67fgB43NmMyogkooJICf1-2QODg?e=cPxdbg\">Plan de Evacuaci\u00f3n y Emergencias<\/a>. \u00daltima actualizaci\u00f3n octubre 2022.<\/li>\n<li><a href=\"https:\/\/educastur-my.sharepoint.com\/:b:\/g\/personal\/gloriaro_educastur_org\/EWOL2aSJjIRJt_zg9I3WIl4BviFb46ojXJDFIF5ZgPHqQQ?e=acYla0\">Plan Integral de Convivencia del centro<\/a>. \u00daltima actualizaci\u00f3n febrero 2023.<\/li>\n<li><a href=\"https:\/\/educastur-my.sharepoint.com\/:b:\/g\/personal\/oscarmg_educastur_org\/EcN26SXpC8dDlST4GYddcOQBnZYj5HGA_CAp4mveoA7DQQ?e=hbf4bR\">Plan de Bienestar emocional<\/a>. \u00daltima actualizaci\u00f3n febrero 2024.<\/li>\n<li><a href=\"https:\/\/educastur-my.sharepoint.com\/:b:\/g\/personal\/gloriaro_educastur_org\/EUsSPBVow5NPuhKvXbvV5PcB3T64VqAIanG1nO6ImTPXiQ?e=NP6QmV\">Propuesta Pedag\u00f3gica de Educaci\u00f3n Infantil<\/a>. \u00daltima actualizaci\u00f3n febrero 2023.<\/li>\n<li><a href=\"https:\/\/educastur-my.sharepoint.com\/:b:\/g\/personal\/gloriaro_educastur_org\/EVyBOnTioehIjl-74GHAy40B0LCCQRax90gJhMO-jtMvwQ?e=lmL6pc\">Concreci\u00f3n curricular de educaci\u00f3n primaria<\/a>. \u00daltima actualizaci\u00f3n febrero 2023.<\/li>\n<\/ul>\n","protected":false},"excerpt":{"rendered":"<p>Para cualquier consulta o duda ponerse en contacto con el centro a trav\u00e9s de los tel\u00e9fonos (985588347 &#8211; 617 71 19 47) o del correo electr\u00f3nico (gloriaro@educastur.org) &nbsp; &nbsp; Horarios de atenci\u00f3n al p\u00fablico del equipo directivo: Director: De Lunes a Viernes de 9:00 a 10:00 horas*. Secretaria: Martes, Jueves y Viernes de 9:00 a &hellip; <a href=\"https:\/\/edublog.educastur.es\/cpgloriarodriguez\/centro\/secretaria\/\" class=\"more-link\">Seguir leyendo <span class=\"screen-reader-text\">Secretar\u00eda<\/span><\/a><\/p>\n","protected":false},"author":1658,"featured_media":0,"parent":310,"menu_order":1,"comment_status":"closed","ping_status":"closed","template":"","meta":{"footnotes":""},"class_list":["post-406","page","type-page","status-publish","hentry","no-featured-image"],"_links":{"self":[{"href":"https:\/\/edublog.educastur.es\/cpgloriarodriguez\/wp-json\/wp\/v2\/pages\/406","targetHints":{"allow":["GET"]}}],"collection":[{"href":"https:\/\/edublog.educastur.es\/cpgloriarodriguez\/wp-json\/wp\/v2\/pages"}],"about":[{"href":"https:\/\/edublog.educastur.es\/cpgloriarodriguez\/wp-json\/wp\/v2\/types\/page"}],"author":[{"embeddable":true,"href":"https:\/\/edublog.educastur.es\/cpgloriarodriguez\/wp-json\/wp\/v2\/users\/1658"}],"replies":[{"embeddable":true,"href":"https:\/\/edublog.educastur.es\/cpgloriarodriguez\/wp-json\/wp\/v2\/comments?post=406"}],"version-history":[{"count":30,"href":"https:\/\/edublog.educastur.es\/cpgloriarodriguez\/wp-json\/wp\/v2\/pages\/406\/revisions"}],"predecessor-version":[{"id":1849,"href":"https:\/\/edublog.educastur.es\/cpgloriarodriguez\/wp-json\/wp\/v2\/pages\/406\/revisions\/1849"}],"up":[{"embeddable":true,"href":"https:\/\/edublog.educastur.es\/cpgloriarodriguez\/wp-json\/wp\/v2\/pages\/310"}],"wp:attachment":[{"href":"https:\/\/edublog.educastur.es\/cpgloriarodriguez\/wp-json\/wp\/v2\/media?parent=406"}],"curies":[{"name":"wp","href":"https:\/\/api.w.org\/{rel}","templated":true}]}}

Secretaría

<p style="text-align: center">Para cualquier consulta o duda ponerse en contacto con el centro</p>
<p style="text-align: center">a través de los teléfonos (<strong>985588347</strong> &#8211; <strong>617 71 19 47</strong>) o</p>
<p style="text-align: center">del correo electrónico (<a href="mailto:gloriaro@educastur.org">gloriaro@educastur.org</a>)</p>
<p>&nbsp;</p>
<p>&nbsp;</p>
<p><strong><span style="font-size: 14pt">Horarios de atención al público del equipo directivo:</span></strong></p>
<ul>
<li><strong><span style="font-size: 14pt">Director</span></strong>: De Lunes a Viernes de 9:00 a 10:00 horas*.</li>
<li><strong><span style="font-size: 14pt">Secretaria</span></strong>: Martes, Jueves y Viernes de 9:00 a 10:00 horas*.</li>
</ul>
<p>* Para asegurar disponibilidad y gestionar mejor los horarios, solicitar cita previa.</p>
<p>&nbsp;</p>
<p><span style="font-size: 14pt"><strong>Descarga de documentos de interés:</strong></span></p>
<ul>
<li><a href="https://educastur-my.sharepoint.com/:b:/g/personal/gloriaro_educastur_org/ESgQwH-fIYRFh9AiwuO5UEUBBKx0X2PfQWtaSTKaRnTeAg?e=5DPxfE"><strong>Justificante</strong> de faltas de asistencia (pdf)</a>.</li>
<li><a href="https://educastur-my.sharepoint.com/:b:/g/personal/gloriaro_educastur_org/EQqOcplCllVNpYLqNxIlcNcBohopMKegpdMtUxNnUQUhzg?e=LJDiR0"><strong>Autorización</strong> recogida a la salida de la jornada lectiva por terceras personas (pdf)</a>.</li>
<li><a href="https://educastur-my.sharepoint.com/:b:/g/personal/gloriaro_educastur_org/ERFmMs4Nl0xNjpiQZR96ZUcBXXuNlqXX3pY5sN-ZB9_MrQ?e=TAjWQe"><strong>Autorización</strong> salida del centro sin acompañante (pdf)</a>.</li>
<li><a href="https://educastur-my.sharepoint.com/:b:/g/personal/gloriaro_educastur_org/ESiWPht63TJLmaBPEdIzYLABN1P5tPvMyJPfxx6IggVVTw?e=2sQ7Y8"><strong>Autorización</strong> recogida alumnado en parada escolar por terceras personas (pdf)</a>.</li>
<li><a href="https://educastur-my.sharepoint.com/:b:/g/personal/gloriaro_educastur_org/EaKwu-F59StNi3GMq1xS1EQBOSPrQVZ1q2cSjrHq-_12Eg?e=l8vmeT"><strong>Autorización</strong> familiar refuerzo fuera del aula (pdf)</a>.</li>
<li><a href="https://educastur-my.sharepoint.com/:b:/g/personal/gloriaro_educastur_org/ERLTbMpcYIRNlk3sI9GHJ-oBSMM1VuEQQCH_otoB9gBkGQ?e=um8Edf"><strong>Autorización</strong> uso de IMAGENES (pdf)</a>.</li>
<li><a href="https://educastur-my.sharepoint.com/:b:/g/personal/gloriaro_educastur_org/EQytxqFLaiNHgwq6yPKQ5u0BpZd08JLIaBMFOmsez_ClqA?e=4K7x3K"><strong>Autorización</strong> de salidas por el entorno (pdf)</a>.</li>
<li><a href="https://educastur-my.sharepoint.com/:b:/g/personal/gloriaro_educastur_org/EUT56kGeNjNAq5qYsc19atEB8IppX1BUvp1KYMhlIKutKw?e=tVBoez"><strong>Autorización</strong> para ir sol@s a casa desde el transporte escolar (pdf)</a>.</li>
<li><a href="https://educastur-my.sharepoint.com/:b:/g/personal/gloriaro_educastur_org/ERLXxpAyMH9Jlna3XxcfTSUBZL5eW_C0kvyLWPsd4yXgnw?e=Gv0T48"><strong>Autorización</strong> de uso de MASCARILLA en el centro escolar (pdf)</a>.</li>
</ul>
<p><span style="font-size: 14pt"><strong>Otros documentos de interés:</strong></span></p>
<ul>
<li><a href="https://educastur-my.sharepoint.com/:w:/g/personal/gloriaro_educastur_org/EdtBeiC0xOxKpPEBib8p5OgBjt-uCX3UrJNHECw7LhxweA?e=5IkuI3"><strong>Autorización </strong>recogida documentos por terceras personas (DOCS, documento editable)</a>.</li>
</ul>
<p>&nbsp;</p>
<p><span style="font-size: 14pt"><strong>Documentos de interés del centro:</strong></span></p>
<ul>
<li><a href="https://educastur-my.sharepoint.com/:b:/g/personal/gloriaro_educastur_org/EVQ5TH2zYdVBinw2uhW0NPsBamXD0-f_erJrMqViGieSuw?e=E6dBKD">Proyecto Educativo del Centro (PEC)</a>. Última actualización Mayo 2024.</li>
<li><a href="https://educastur-my.sharepoint.com/:f:/g/personal/gloriaro_educastur_org/EgfC67ke51JBsPF60aJYuoABz0Rpl8COA6Cp8Hf6QHH_4g?e=NlqeaA">Programaciones docentes de INFANTIL y PRIMARIA</a>. Última actualización Mayo 2024.</li>
<li><a href="https://educastur-my.sharepoint.com/:b:/g/personal/gloriaro_educastur_org/EZNPL_w6aMFMrf1FiOmQZTMBdrSqJwlrHC7NFDZuwoATog?e=AhGn0X">Normas de Organización, Funcionamiento y Convivencia del Centro (NOFC)</a>. Última actualización Mayo 2024.</li>
<li><a href="https://educastur-my.sharepoint.com/:b:/g/personal/oscarmg_educastur_org/EfamJkltcD5NkMzuWMCTMeYBgS7k7sJy571U2098TvxLnA?e=nvtd24">Plan Digital del Centro (PDC)</a>. Última actualización Mayo 2024.</li>
</ul>
<ul>
<li><a href="https://educastur-my.sharepoint.com/:b:/g/personal/gloriaro_educastur_org/EcuoX89QDQxEnF2x9zXa754BxMVdFzhNZVjxWPkYpIpr7g?e=zwN1FT">Proyecto de Mediación y Convivencia de la Comunidad Escolar</a>. Última actualización septiembre 2022.</li>
<li><a href="https://educastur-my.sharepoint.com/:b:/g/personal/gloriaro_educastur_org/EYdUP9SNC7hEpMm0MkR9WO8B2qRZ7pj5b-JRCKXEdzJJHA?e=rSjsNL">Proyecto de Integración de las TIC en la Comunidad Educativa</a>. Última actualización septiembre 2022.</li>
<li><a href="https://educastur-my.sharepoint.com/:b:/g/personal/gloriaro_educastur_org/ERGt6_NqA6ZIkmc7mNAp52IBJ1B57Iz--5QQ1c8LtOCD7w?e=W8jrBr">Plan de Lectura, Escritura e Investigación del centro</a>. Última actualización octubre 2022.</li>
<li><a href="https://educastur-my.sharepoint.com/:b:/g/personal/gloriaro_educastur_org/EagN_vidgsxEi-oroXB67fgB43NmMyogkooJICf1-2QODg?e=cPxdbg">Plan de Evacuación y Emergencias</a>. Última actualización octubre 2022.</li>
<li><a href="https://educastur-my.sharepoint.com/:b:/g/personal/gloriaro_educastur_org/EWOL2aSJjIRJt_zg9I3WIl4BviFb46ojXJDFIF5ZgPHqQQ?e=acYla0">Plan Integral de Convivencia del centro</a>. Última actualización febrero 2023.</li>
<li><a href="https://educastur-my.sharepoint.com/:b:/g/personal/oscarmg_educastur_org/EcN26SXpC8dDlST4GYddcOQBnZYj5HGA_CAp4mveoA7DQQ?e=hbf4bR">Plan de Bienestar emocional</a>. Última actualización febrero 2024.</li>
<li><a href="https://educastur-my.sharepoint.com/:b:/g/personal/gloriaro_educastur_org/EUsSPBVow5NPuhKvXbvV5PcB3T64VqAIanG1nO6ImTPXiQ?e=NP6QmV">Propuesta Pedagógica de Educación Infantil</a>. Última actualización febrero 2023.</li>
<li><a href="https://educastur-my.sharepoint.com/:b:/g/personal/gloriaro_educastur_org/EVyBOnTioehIjl-74GHAy40B0LCCQRax90gJhMO-jtMvwQ?e=lmL6pc">Concreción curricular de educación primaria</a>. Última actualización febrero 2023.</li>
</ul>

<p>Para cualquier consulta o duda ponerse en contacto con el centro a través de los teléfonos (985588347 &#8211; 617 71 19 47) o del correo electrónico (gloriaro@educastur.org) &nbsp; &nbsp; Horarios de atención al público del equipo directivo: Director: De Lunes a Viernes de 9:00 a 10:00 horas*. Secretaria: Martes, Jueves y Viernes de 9:00 a &hellip; <a href="https://edublog.educastur.es/cpgloriarodriguez/centro/secretaria/" class="more-link">Seguir leyendo <span class="screen-reader-text">Secretaría</span></a></p>
