{"id":244,"date":"2020-10-01T02:14:08","date_gmt":"2020-10-01T02:14:08","guid":{"rendered":"https:\/\/edublog.educastur.es\/cultura\/?page_id=244"},"modified":"2020-11-05T20:16:16","modified_gmt":"2020-11-05T20:16:16","slug":"panera","status":"publish","type":"page","link":"https:\/\/edublog.educastur.es\/cultura\/construccion\/panera\/","title":{"rendered":"Panera"},"content":{"rendered":"<div class=\"kvgmc6g5 cxmmr5t8 oygrvhab hcukyx3x c1et5uql ii04i59q\">\n<div dir=\"auto\"><span style=\"font-size: 14pt;color: #008080\"><em>..\u00bbTengo ya llena la panera,<\/em><\/span><\/div>\n<div dir=\"auto\"><span style=\"font-size: 14pt;color: #008080\"><em>Faiga viento o nieve fuera.<\/em><\/span><\/div>\n<div dir=\"auto\"><span style=\"font-size: 14pt;color: #008080\"><em>Quien nun ta lista en oto\u00f1u,<\/em><\/span><\/div>\n<div dir=\"auto\"><span style=\"font-size: 14pt;color: #008080\"><em>pel invierno ve al demoniu\u00bb&#8230;<\/em><\/span><\/div>\n<div dir=\"auto\"><\/div>\n<\/div>\n<div class=\"o9v6fnle cxmmr5t8 oygrvhab hcukyx3x c1et5uql ii04i59q\">\n<div dir=\"auto\">G\u00fce\u00f1u \/ Bue\u00f1o<\/div>\n<div dir=\"auto\"><img loading=\"lazy\" decoding=\"async\" class=\"aligncenter size-full wp-image-264\" src=\"http:\/\/edublog.educastur.es\/cultura\/files\/2020\/11\/122856171_2050585905078890_7585016702417645115_o.jpg\" alt=\"\" width=\"1542\" height=\"1009\" srcset=\"https:\/\/edublog.educastur.es\/cultura\/files\/2020\/11\/122856171_2050585905078890_7585016702417645115_o.jpg 1542w, https:\/\/edublog.educastur.es\/cultura\/files\/2020\/11\/122856171_2050585905078890_7585016702417645115_o-300x196.jpg 300w, https:\/\/edublog.educastur.es\/cultura\/files\/2020\/11\/122856171_2050585905078890_7585016702417645115_o-1024x670.jpg 1024w, https:\/\/edublog.educastur.es\/cultura\/files\/2020\/11\/122856171_2050585905078890_7585016702417645115_o-768x503.jpg 768w, https:\/\/edublog.educastur.es\/cultura\/files\/2020\/11\/122856171_2050585905078890_7585016702417645115_o-1536x1005.jpg 1536w, https:\/\/edublog.educastur.es\/cultura\/files\/2020\/11\/122856171_2050585905078890_7585016702417645115_o-676x442.jpg 676w\" sizes=\"auto, (max-width: 1542px) 100vw, 1542px\" \/><\/div>\n<div dir=\"auto\"><\/div>\n<div dir=\"auto\"><em><span style=\"font-size: 14pt\"><span style=\"color: #008080\"><strong>Panera estilo Carre\u00f1o<\/strong><\/span> construida en 1856 por el reputado taller de San Andr\u00e9s de los Tacones (Gij\u00f3n): fue propiedad del Conde del Real Agrado y se encontraba en El Campanal, Perlora (Carre\u00f1o), con evidentes muestras de deterioro, cuando el <span style=\"color: #008080\">Ayuntamiento de La Ribera\/Ribera de Arriba la adquiri\u00f3 para formar parte del Centro de Interpretaci\u00f3n del h\u00f3rreo.<\/span><\/span><\/em><\/div>\n<div dir=\"auto\"><\/div>\n<div dir=\"auto\"><em><span style=\"font-size: 14pt\">Presenta una decoraci\u00f3n cl\u00e1sica, a base de motivos barrocos tallados y pintados que a\u00fan conservan buena parte de su policrom\u00eda original (entre estos elementos decorativos se integran diversos vanos para ventilaci\u00f3n). Fue desmontada, trasladada y vuelta a montar por el taller de Manuel Su\u00e1rez y, tras su restauraci\u00f3n, luce hermosa para que todos la podamos disfrutar. El estilo Carre\u00f1o coincide en el tiempo con el estilo Allande, vincul\u00e1ndose ambos a la difusi\u00f3n de la panera y haciendo su aparici\u00f3n en la segunda mitad del XVIII, prolong\u00e1ndose hasta el siglo XX, aunque con una perceptible simplificaci\u00f3n de motivos y empobrecimiento de la talla. Su mayor n\u00famero de ejemplares se concentra en los concejos de Carre\u00f1o y Goz\u00f3n, extendi\u00e9ndose por los territorios vecinos de Avil\u00e9s, Corvera, Llanera y Gij\u00f3n, actuando el r\u00edo Nal\u00f3n como l\u00edmite occidental y meridional (sin adentrarse en las \u00e1reas de monta\u00f1a).<\/span><\/em><\/div>\n<div dir=\"auto\"><img loading=\"lazy\" decoding=\"async\" class=\"aligncenter size-full wp-image-265\" src=\"http:\/\/edublog.educastur.es\/cultura\/files\/2020\/11\/122792418_2050589235078557_91516204368887107_o.jpg\" alt=\"\" width=\"1560\" height=\"1040\" srcset=\"https:\/\/edublog.educastur.es\/cultura\/files\/2020\/11\/122792418_2050589235078557_91516204368887107_o.jpg 1560w, https:\/\/edublog.educastur.es\/cultura\/files\/2020\/11\/122792418_2050589235078557_91516204368887107_o-300x200.jpg 300w, https:\/\/edublog.educastur.es\/cultura\/files\/2020\/11\/122792418_2050589235078557_91516204368887107_o-1024x683.jpg 1024w, https:\/\/edublog.educastur.es\/cultura\/files\/2020\/11\/122792418_2050589235078557_91516204368887107_o-768x512.jpg 768w, https:\/\/edublog.educastur.es\/cultura\/files\/2020\/11\/122792418_2050589235078557_91516204368887107_o-1536x1024.jpg 1536w, https:\/\/edublog.educastur.es\/cultura\/files\/2020\/11\/122792418_2050589235078557_91516204368887107_o-676x451.jpg 676w\" sizes=\"auto, (max-width: 1560px) 100vw, 1560px\" \/><\/div>\n<div dir=\"auto\"><\/div>\n<div dir=\"auto\"><em><span style=\"font-size: 14pt\">Aparecen as\u00ed grandes conjuntos decorativos, tallados y pintados con colores vivos, organizados de forma sim\u00e9trica en torno a las puertas, la colondraque las separa y las adyacentes, pudiendo extenderse tambi\u00e9n a les colondres anteriores, a los eng\u00fcelgos y, en ocasiones, aparecer en peque\u00f1as ventanas de ventilaci\u00f3n en los costados de las paneras, y muy raras veces en su cara posterior.<\/span><\/em><\/div>\n<div dir=\"auto\"><em><span style=\"font-size: 14pt\">Sus tallas y motivos, entre los que predominan los elementos de car\u00e1cter vegetal, denotan la influencia de los retablos barrocos, habi\u00e9ndose localizado en algunas de ellas la mano de maestros entalladores de la zona. <a href=\"https:\/\/www.facebook.com\/joaquinm.alvarezgonzalez\/posts\/2050640408406773\"><span style=\"color: #008080\">Ver todas las fotos Facebook.<\/span><\/a><br \/>\n<\/span><\/em><\/div>\n<\/div>\n","protected":false},"excerpt":{"rendered":"<p>..\u00bbTengo ya llena la panera, Faiga viento o nieve fuera. Quien nun ta lista en oto\u00f1u, pel invierno ve al demoniu\u00bb&#8230; G\u00fce\u00f1u \/ Bue\u00f1o Panera estilo Carre\u00f1o construida en 1856 por el reputado taller de San Andr\u00e9s de los Tacones (Gij\u00f3n): fue propiedad del Conde del Real Agrado y se encontraba en El Campanal, Perlora [&hellip;]<\/p>\n","protected":false},"author":117,"featured_media":0,"parent":178,"menu_order":0,"comment_status":"closed","ping_status":"closed","template":"","meta":{"footnotes":""},"class_list":["post-244","page","type-page","status-publish","hentry","post-preview"],"_links":{"self":[{"href":"https:\/\/edublog.educastur.es\/cultura\/wp-json\/wp\/v2\/pages\/244","targetHints":{"allow":["GET"]}}],"collection":[{"href":"https:\/\/edublog.educastur.es\/cultura\/wp-json\/wp\/v2\/pages"}],"about":[{"href":"https:\/\/edublog.educastur.es\/cultura\/wp-json\/wp\/v2\/types\/page"}],"author":[{"embeddable":true,"href":"https:\/\/edublog.educastur.es\/cultura\/wp-json\/wp\/v2\/users\/117"}],"replies":[{"embeddable":true,"href":"https:\/\/edublog.educastur.es\/cultura\/wp-json\/wp\/v2\/comments?post=244"}],"version-history":[{"count":4,"href":"https:\/\/edublog.educastur.es\/cultura\/wp-json\/wp\/v2\/pages\/244\/revisions"}],"predecessor-version":[{"id":267,"href":"https:\/\/edublog.educastur.es\/cultura\/wp-json\/wp\/v2\/pages\/244\/revisions\/267"}],"up":[{"embeddable":true,"href":"https:\/\/edublog.educastur.es\/cultura\/wp-json\/wp\/v2\/pages\/178"}],"wp:attachment":[{"href":"https:\/\/edublog.educastur.es\/cultura\/wp-json\/wp\/v2\/media?parent=244"}],"curies":[{"name":"wp","href":"https:\/\/api.w.org\/{rel}","templated":true}]}}

<div class="kvgmc6g5 cxmmr5t8 oygrvhab hcukyx3x c1et5uql ii04i59q">
<div dir="auto"><span style="font-size: 14pt;color: #008080"><em>..»Tengo ya llena la panera,</em></span></div>
<div dir="auto"><span style="font-size: 14pt;color: #008080"><em>Faiga viento o nieve fuera.</em></span></div>
<div dir="auto"><span style="font-size: 14pt;color: #008080"><em>Quien nun ta lista en otoñu,</em></span></div>
<div dir="auto"><span style="font-size: 14pt;color: #008080"><em>pel invierno ve al demoniu»&#8230;</em></span></div>
<div dir="auto"></div>
</div>
<div class="o9v6fnle cxmmr5t8 oygrvhab hcukyx3x c1et5uql ii04i59q">
<div dir="auto">Güeñu / Bueño</div>
<div dir="auto"><img loading="lazy" decoding="async" class="aligncenter size-full wp-image-264" src="http://edublog.educastur.es/cultura/files/2020/11/122856171_2050585905078890_7585016702417645115_o.jpg" alt="" width="1542" height="1009" srcset="https://edublog.educastur.es/cultura/files/2020/11/122856171_2050585905078890_7585016702417645115_o.jpg 1542w, https://edublog.educastur.es/cultura/files/2020/11/122856171_2050585905078890_7585016702417645115_o-300x196.jpg 300w, https://edublog.educastur.es/cultura/files/2020/11/122856171_2050585905078890_7585016702417645115_o-1024x670.jpg 1024w, https://edublog.educastur.es/cultura/files/2020/11/122856171_2050585905078890_7585016702417645115_o-768x503.jpg 768w, https://edublog.educastur.es/cultura/files/2020/11/122856171_2050585905078890_7585016702417645115_o-1536x1005.jpg 1536w, https://edublog.educastur.es/cultura/files/2020/11/122856171_2050585905078890_7585016702417645115_o-676x442.jpg 676w" sizes="auto, (max-width: 1542px) 100vw, 1542px" /></div>
<div dir="auto"></div>
<div dir="auto"><em><span style="font-size: 14pt"><span style="color: #008080"><strong>Panera estilo Carreño</strong></span> construida en 1856 por el reputado taller de San Andrés de los Tacones (Gijón): fue propiedad del Conde del Real Agrado y se encontraba en El Campanal, Perlora (Carreño), con evidentes muestras de deterioro, cuando el <span style="color: #008080">Ayuntamiento de La Ribera/Ribera de Arriba la adquirió para formar parte del Centro de Interpretación del hórreo.</span></span></em></div>
<div dir="auto"></div>
<div dir="auto"><em><span style="font-size: 14pt">Presenta una decoración clásica, a base de motivos barrocos tallados y pintados que aún conservan buena parte de su policromía original (entre estos elementos decorativos se integran diversos vanos para ventilación). Fue desmontada, trasladada y vuelta a montar por el taller de Manuel Suárez y, tras su restauración, luce hermosa para que todos la podamos disfrutar. El estilo Carreño coincide en el tiempo con el estilo Allande, vinculándose ambos a la difusión de la panera y haciendo su aparición en la segunda mitad del XVIII, prolongándose hasta el siglo XX, aunque con una perceptible simplificación de motivos y empobrecimiento de la talla. Su mayor número de ejemplares se concentra en los concejos de Carreño y Gozón, extendiéndose por los territorios vecinos de Avilés, Corvera, Llanera y Gijón, actuando el río Nalón como límite occidental y meridional (sin adentrarse en las áreas de montaña).</span></em></div>
<div dir="auto"><img loading="lazy" decoding="async" class="aligncenter size-full wp-image-265" src="http://edublog.educastur.es/cultura/files/2020/11/122792418_2050589235078557_91516204368887107_o.jpg" alt="" width="1560" height="1040" srcset="https://edublog.educastur.es/cultura/files/2020/11/122792418_2050589235078557_91516204368887107_o.jpg 1560w, https://edublog.educastur.es/cultura/files/2020/11/122792418_2050589235078557_91516204368887107_o-300x200.jpg 300w, https://edublog.educastur.es/cultura/files/2020/11/122792418_2050589235078557_91516204368887107_o-1024x683.jpg 1024w, https://edublog.educastur.es/cultura/files/2020/11/122792418_2050589235078557_91516204368887107_o-768x512.jpg 768w, https://edublog.educastur.es/cultura/files/2020/11/122792418_2050589235078557_91516204368887107_o-1536x1024.jpg 1536w, https://edublog.educastur.es/cultura/files/2020/11/122792418_2050589235078557_91516204368887107_o-676x451.jpg 676w" sizes="auto, (max-width: 1560px) 100vw, 1560px" /></div>
<div dir="auto"></div>
<div dir="auto"><em><span style="font-size: 14pt">Aparecen así grandes conjuntos decorativos, tallados y pintados con colores vivos, organizados de forma simétrica en torno a las puertas, la colondraque las separa y las adyacentes, pudiendo extenderse también a les colondres anteriores, a los engüelgos y, en ocasiones, aparecer en pequeñas ventanas de ventilación en los costados de las paneras, y muy raras veces en su cara posterior.</span></em></div>
<div dir="auto"><em><span style="font-size: 14pt">Sus tallas y motivos, entre los que predominan los elementos de carácter vegetal, denotan la influencia de los retablos barrocos, habiéndose localizado en algunas de ellas la mano de maestros entalladores de la zona. <a href="https://www.facebook.com/joaquinm.alvarezgonzalez/posts/2050640408406773"><span style="color: #008080">Ver todas las fotos Facebook.</span></a><br />
</span></em></div>
</div>

<p>..»Tengo ya llena la panera, Faiga viento o nieve fuera. Quien nun ta lista en otoñu, pel invierno ve al demoniu»&#8230; Güeñu / Bueño Panera estilo Carreño construida en 1856 por el reputado taller de San Andrés de los Tacones (Gijón): fue propiedad del Conde del Real Agrado y se encontraba en El Campanal, Perlora [&hellip;]</p>
