{"id":29,"date":"2020-07-28T16:06:11","date_gmt":"2020-07-28T16:06:11","guid":{"rendered":"https:\/\/edublog.educastur.es\/cultura\/?page_id=29"},"modified":"2021-01-24T22:31:09","modified_gmt":"2021-01-24T22:31:09","slug":"museos","status":"publish","type":"page","link":"https:\/\/edublog.educastur.es\/cultura\/museos\/","title":{"rendered":"MUSEOS"},"content":{"rendered":"<p align=\"center\"><a href=\"https:\/\/www.facebook.com\/MuseudelPuebludAsturies\" target=\"_parent\" rel=\"noopener noreferrer\"><img loading=\"lazy\" decoding=\"async\" class=\"\" src=\"https:\/\/imgbox.es\/images\/2020\/05\/09\/pueblu4831bcf6a5928a63.jpg\" width=\"360\" height=\"104\" border=\"0\" \/><\/a><\/p>\n<p align=\"center\">Ver FOTOTECA<\/p>\n<p align=\"center\"><a href=\"https:\/\/fondos.gijon.es\/fotoweb\/archives\/5002-Fototeca\/\" target=\"_parent\" rel=\"noopener noreferrer\"><img loading=\"lazy\" decoding=\"async\" class=\"\" src=\"https:\/\/imgbox.es\/images\/2020\/05\/10\/camacdc1b85af07f2260.jpg\" width=\"204\" height=\"196\" border=\"0\" \/><\/a><\/p>\n<p align=\"center\"><img loading=\"lazy\" decoding=\"async\" class=\"\" src=\"https:\/\/imgbox.es\/images\/2020\/03\/23\/separadora4a37c028d732afc.jpg\" alt=\"\" width=\"400\" height=\"32\" \/><\/p>\n<p align=\"center\"><a href=\"https:\/\/www.territoriomuseo.com\" target=\"_parent\" rel=\"noopener noreferrer\"><img loading=\"lazy\" decoding=\"async\" class=\"\" src=\"https:\/\/www.territoriomuseo.com\/images\/cabecera\/mieres_territorio_museo.png\" width=\"362\" height=\"111\" border=\"0\" \/><\/a><\/p>\n<p align=\"center\"><a href=\"https:\/\/www.territoriomuseo.com\/pages\/index\/416-informacion-general\" target=\"_parent\" rel=\"noopener noreferrer\"><img loading=\"lazy\" decoding=\"async\" class=\"\" src=\"https:\/\/territoriomuseo.com\/UserFiles\/1\/Image\/Pozu%20Espinos\/LOGO%2056.jpg\" width=\"248\" height=\"246\" border=\"0\" \/><\/a><\/p>\n<p align=\"center\"><img loading=\"lazy\" decoding=\"async\" class=\"\" src=\"https:\/\/imgbox.es\/images\/2020\/03\/23\/separadora4a37c028d732afc.jpg\" alt=\"\" width=\"400\" height=\"32\" \/><\/p>\n<div class=\"journal-content-article\">\n<div class=\"menu-contextual-home\">\n<ul>\n<li><span style=\"font-size: 18pt\"><a href=\"https:\/\/www.educastur.es\/-\/programa-2020-2021-museo-jurasico-de-asturias-muja-\">Museo Jur\u00e1sico de Asturias (MUJA)<\/a><\/span><\/li>\n<li><span style=\"font-size: 18pt\"><a href=\"https:\/\/www.educastur.es\/-\/programa-2020-2021-parque-de-la-prehistoria-de-tever-1\">Parque Prehistoria Teverga<\/a><\/span><\/li>\n<li><span style=\"font-size: 18pt\"><a href=\"https:\/\/www.educastur.es\/-\/programa-2020-2021-centro-arte-rupestre-tito-bustillo-ribadesella-\">Centro Arte Rupestre Tito Bustillo (Ribadesella)<\/a><\/span><\/li>\n<li><span style=\"font-size: 18pt\"><a href=\"https:\/\/www.educastur.es\/-\/programa-2020-2021-centro-prerromanico-asturiano-oviedo-\">Centro del Prerrom\u00e1nico asturiano (Oviedo)<\/a><\/span><\/li>\n<li><a href=\"https:\/\/www.educastur.es\/innovacion-actividades-equipamientos-culturales\/laboral\"><span style=\"font-size: 18pt\">Laboral Ciudad de la Cultura (Gij\u00f3n)<\/span><\/a><\/li>\n<li><a href=\"http:\/\/arquitecturadeasturias.com\/obras\/museo-prerromanico-de-santianes-de-pravia\/\"><span style=\"font-size: 18pt\">Museo Prerrom\u00e1nico de Santianes de Pravia<\/span><\/a><\/li>\n<\/ul>\n<\/div>\n<\/div>\n","protected":false},"excerpt":{"rendered":"<p>Ver FOTOTECA Museo Jur\u00e1sico de Asturias (MUJA) Parque Prehistoria Teverga Centro Arte Rupestre Tito Bustillo (Ribadesella) Centro del Prerrom\u00e1nico asturiano (Oviedo) Laboral Ciudad de la Cultura (Gij\u00f3n) Museo Prerrom\u00e1nico de Santianes de Pravia<\/p>\n","protected":false},"author":117,"featured_media":0,"parent":0,"menu_order":15,"comment_status":"closed","ping_status":"closed","template":"","meta":{"footnotes":""},"class_list":["post-29","page","type-page","status-publish","hentry","post-preview"],"_links":{"self":[{"href":"https:\/\/edublog.educastur.es\/cultura\/wp-json\/wp\/v2\/pages\/29","targetHints":{"allow":["GET"]}}],"collection":[{"href":"https:\/\/edublog.educastur.es\/cultura\/wp-json\/wp\/v2\/pages"}],"about":[{"href":"https:\/\/edublog.educastur.es\/cultura\/wp-json\/wp\/v2\/types\/page"}],"author":[{"embeddable":true,"href":"https:\/\/edublog.educastur.es\/cultura\/wp-json\/wp\/v2\/users\/117"}],"replies":[{"embeddable":true,"href":"https:\/\/edublog.educastur.es\/cultura\/wp-json\/wp\/v2\/comments?post=29"}],"version-history":[{"count":5,"href":"https:\/\/edublog.educastur.es\/cultura\/wp-json\/wp\/v2\/pages\/29\/revisions"}],"predecessor-version":[{"id":343,"href":"https:\/\/edublog.educastur.es\/cultura\/wp-json\/wp\/v2\/pages\/29\/revisions\/343"}],"wp:attachment":[{"href":"https:\/\/edublog.educastur.es\/cultura\/wp-json\/wp\/v2\/media?parent=29"}],"curies":[{"name":"wp","href":"https:\/\/api.w.org\/{rel}","templated":true}]}}

<p align="center"><a href="https://www.facebook.com/MuseudelPuebludAsturies" target="_parent" rel="noopener noreferrer"><img loading="lazy" decoding="async" class="" src="https://imgbox.es/images/2020/05/09/pueblu4831bcf6a5928a63.jpg" width="360" height="104" border="0" /></a></p>
<p align="center">Ver FOTOTECA</p>
<p align="center"><a href="https://fondos.gijon.es/fotoweb/archives/5002-Fototeca/" target="_parent" rel="noopener noreferrer"><img loading="lazy" decoding="async" class="" src="https://imgbox.es/images/2020/05/10/camacdc1b85af07f2260.jpg" width="204" height="196" border="0" /></a></p>
<p align="center"><img loading="lazy" decoding="async" class="" src="https://imgbox.es/images/2020/03/23/separadora4a37c028d732afc.jpg" alt="" width="400" height="32" /></p>
<p align="center"><a href="https://www.territoriomuseo.com" target="_parent" rel="noopener noreferrer"><img loading="lazy" decoding="async" class="" src="https://www.territoriomuseo.com/images/cabecera/mieres_territorio_museo.png" width="362" height="111" border="0" /></a></p>
<p align="center"><a href="https://www.territoriomuseo.com/pages/index/416-informacion-general" target="_parent" rel="noopener noreferrer"><img loading="lazy" decoding="async" class="" src="https://territoriomuseo.com/UserFiles/1/Image/Pozu%20Espinos/LOGO%2056.jpg" width="248" height="246" border="0" /></a></p>
<p align="center"><img loading="lazy" decoding="async" class="" src="https://imgbox.es/images/2020/03/23/separadora4a37c028d732afc.jpg" alt="" width="400" height="32" /></p>
<div class="journal-content-article">
<div class="menu-contextual-home">
<ul>
<li><span style="font-size: 18pt"><a href="https://www.educastur.es/-/programa-2020-2021-museo-jurasico-de-asturias-muja-">Museo Jurásico de Asturias (MUJA)</a></span></li>
<li><span style="font-size: 18pt"><a href="https://www.educastur.es/-/programa-2020-2021-parque-de-la-prehistoria-de-tever-1">Parque Prehistoria Teverga</a></span></li>
<li><span style="font-size: 18pt"><a href="https://www.educastur.es/-/programa-2020-2021-centro-arte-rupestre-tito-bustillo-ribadesella-">Centro Arte Rupestre Tito Bustillo (Ribadesella)</a></span></li>
<li><span style="font-size: 18pt"><a href="https://www.educastur.es/-/programa-2020-2021-centro-prerromanico-asturiano-oviedo-">Centro del Prerrománico asturiano (Oviedo)</a></span></li>
<li><a href="https://www.educastur.es/innovacion-actividades-equipamientos-culturales/laboral"><span style="font-size: 18pt">Laboral Ciudad de la Cultura (Gijón)</span></a></li>
<li><a href="http://arquitecturadeasturias.com/obras/museo-prerromanico-de-santianes-de-pravia/"><span style="font-size: 18pt">Museo Prerrománico de Santianes de Pravia</span></a></li>
</ul>
</div>
</div>

<p>Ver FOTOTECA Museo Jurásico de Asturias (MUJA) Parque Prehistoria Teverga Centro Arte Rupestre Tito Bustillo (Ribadesella) Centro del Prerrománico asturiano (Oviedo) Laboral Ciudad de la Cultura (Gijón) Museo Prerrománico de Santianes de Pravia</p>
