{"id":371,"date":"2021-03-01T22:56:11","date_gmt":"2021-03-01T22:56:11","guid":{"rendered":"https:\/\/edublog.educastur.es\/cultura\/?page_id=371"},"modified":"2021-03-01T23:10:11","modified_gmt":"2021-03-01T23:10:11","slug":"quesos","status":"publish","type":"page","link":"https:\/\/edublog.educastur.es\/cultura\/gastronomia\/quesos\/","title":{"rendered":"Quesos"},"content":{"rendered":"<p style=\"text-align: center\"><a href=\"https:\/\/cflvdg.avoz.es\/sc\/zVoOHXU9VfcTplh4RdonYIsJHr8=\/x\/2018\/01\/24\/00121516821159747705687\/Foto\/quesos.jpg\"><img loading=\"lazy\" decoding=\"async\" class=\"alignnone\" src=\"https:\/\/cflvdg.avoz.es\/sc\/zVoOHXU9VfcTplh4RdonYIsJHr8=\/x\/2018\/01\/24\/00121516821159747705687\/Foto\/quesos.jpg\" alt=\"\" width=\"542\" height=\"305\" \/><\/a><\/p>\n<ul>\n<li><a href=\"https:\/\/asociaciondequeserosartesanos.com\/asturias\">https:\/\/<strong>asociaciondequeserosartesanos<\/strong>.com\/asturias<\/a><\/li>\n<\/ul>\n<p style=\"text-align: center\"><a href=\"https:\/\/asociaciondequeserosartesanos.com\/asturias\/wp-content\/uploads\/sites\/3\/2015\/02\/pre_video_01.jpg\"><img loading=\"lazy\" decoding=\"async\" class=\"alignnone\" src=\"https:\/\/asociaciondequeserosartesanos.com\/asturias\/wp-content\/uploads\/sites\/3\/2015\/02\/pre_video_01.jpg\" alt=\"\" width=\"396\" height=\"132\" \/><\/a><\/p>\n<ul>\n<li>Art\u00edculos de inter\u00e9s<\/li>\n<li><a href=\"https:\/\/www.lavozdeasturias.es\/noticia\/asturias\/2018\/01\/24\/queseros-artesanos-asturias-quieren-traspasar-fronteras\/00031516815016290779501.htm?utm_campaign=crowdfire&amp;utm_content=crowdfire&amp;utm_medium=social&amp;utm_source=twitter#432387199-tw#1516864153700\">Los Queseros Artesanos de Asturias quieren traspasar fronteras<\/a><\/li>\n<li>Asociaci\u00f3n:<strong> Dentro de la asociaci\u00f3n est\u00e1n representados las Denominaciones de Origen<\/strong> (Afuega\u2019l Pitu, Cabrales, Cas\u00edn y Gamon\u00e9u), y los quesos considerados como tradicionales, es decir, que llevan elabor\u00e1ndose al menos 20 a\u00f1os como pueden ser el Cas\u00edn o La Peral.<\/li>\n<li>El trabajo detr\u00e1s de los <strong>Queseros Artesanos<\/strong> es minucioso y, en su pr\u00e1ctica totalidad, manual. Desde 2014 se unieron en una marca colectiva, con un logo distintivo, que quieren que se introduzca en las mentes, tanto de sus clientes distribuidores como de los consumidores finales, para diferenciarse con fuerza de los quesos de producci\u00f3n industrial.<\/li>\n<li><a href=\"https:\/\/youtu.be\/G1vIg3VCAFE\">Video<\/a><\/li>\n<\/ul>\n<p style=\"text-align: center\">\n<!-- iframe plugin v.6.0 wordpress.org\/plugins\/iframe\/ -->\n<iframe loading=\"lazy\" width=\"100%\" height=\"364\" src=\"https:\/\/www.youtube.com\/embed\/G1vIg3VCAFE\" scrolling=\"yes\" class=\"iframe-class\" frameborder=\"0\"><\/iframe>\n<\/p>\n<ul>\n<li><a href=\"https:\/\/youtu.be\/8Bpdwo31E40\">Video 2<\/a><\/li>\n<\/ul>\n<p style=\"text-align: center\">\n<!-- iframe plugin v.6.0 wordpress.org\/plugins\/iframe\/ -->\n<iframe loading=\"lazy\" width=\"100%\" height=\"364\" src=\"https:\/\/www.youtube.com\/embed\/8Bpdwo31E40\" scrolling=\"yes\" class=\"iframe-class\" frameborder=\"0\"><\/iframe>\n<\/p>\n<hr \/>\n<ul>\n<li><a href=\"https:\/\/asociaciondequeserosartesanos.com\/asturias\/el-queso\/\">El QUESO<\/a><\/li>\n<\/ul>\n<p style=\"text-align: center\"><img loading=\"lazy\" decoding=\"async\" class=\"alignnone size-full\" src=\"https:\/\/i.blogs.es\/66921d\/quesos-asturianos\/1366_2000.jpg\" width=\"1080\" height=\"721\" \/><\/p>\n<hr \/>\n<p style=\"text-align: center\"><span style=\"color: #008080\"><strong><em><span style=\"font-size: 18pt\">REPORTAJES QUESER\u00cdAS:<\/span><\/em><\/strong><\/span><\/p>\n<p style=\"text-align: center\"><a href=\"https:\/\/pbs.twimg.com\/media\/C_jeknsXsAA-NDH?format=jpg&amp;name=small\"><img loading=\"lazy\" decoding=\"async\" class=\"alignnone\" src=\"https:\/\/pbs.twimg.com\/media\/C_jeknsXsAA-NDH?format=jpg&amp;name=small\" alt=\"\" width=\"526\" height=\"521\" \/><\/a><\/p>\n<ul>\n<li><strong><span style=\"font-size: 14pt\"><em>VEGA DE ARIO<\/em><\/span><\/strong><\/li>\n<\/ul>\n<div class=\"kvgmc6g5 cxmmr5t8 oygrvhab hcukyx3x c1et5uql ii04i59q\">\n<div dir=\"auto\">Es una empresa familiar, elaboramos queso gamonedo del valle con leche de vaca y cabra siguiendo el proceso de maduraci\u00f3n desde la sala de elaboraci\u00f3n pasando por el ahumadero, el secadero y la cueva de maduraci\u00f3n. Desde su elaboraci\u00f3n hasta su venta tienen que pasar un m\u00ednimo de sesenta d\u00edas al estar elaborado con leche cruda. Nuestra queser\u00eda fue de las primeras \u201cqueser\u00edas del valle\u201d hace m\u00e1s de 25 a\u00f1os que elaboramos queso gamonedo siguiendo las costumbres de nuestros padres.<\/div>\n<\/div>\n<div class=\"o9v6fnle cxmmr5t8 oygrvhab hcukyx3x c1et5uql ii04i59q\">\n<div dir=\"auto\">Datos de contacto:<\/div>\n<div dir=\"auto\">Tel\u00e9fono: 985 844 218<\/div>\n<div dir=\"auto\">Movil: 677 377 309<\/div>\n<div dir=\"auto\">Email: queseriavegadeario@hotmail.com<\/div>\n<div dir=\"auto\">Direcci\u00f3n: Benia de On\u00eds &#8211; On\u00eds<\/div>\n<div dir=\"auto\"><a class=\"oajrlxb2 g5ia77u1 qu0x051f esr5mh6w e9989ue4 r7d6kgcz rq0escxv nhd2j8a9 nc684nl6 p7hjln8o kvgmc6g5 cxmmr5t8 oygrvhab hcukyx3x jb3vyjys rz4wbd8a qt6c0cv9 a8nywdso i1ao9s8h esuyzwwr f1sip0of lzcic4wl py34i1dx gpro0wi8\" role=\"link\" href=\"https:\/\/asociaciondequeserosartesanos.com\/asturias\/vega-de-ario-2\/?fbclid=IwAR28Q26mUUoBwAgfI1-IhufiTnKiq1tJ_cYgmcUNbuRW094w9zWVJrj_5d0\" target=\"_blank\" rel=\"nofollow noopener\">https:\/\/asociaciondequeserosartesanos.com\/&#8230;\/vega-de&#8230;\/<\/a><\/div>\n<div dir=\"auto\">\n<hr \/>\n<\/div>\n<\/div>\n<p>&nbsp;<\/p>\n","protected":false},"excerpt":{"rendered":"<p>https:\/\/asociaciondequeserosartesanos.com\/asturias Art\u00edculos de inter\u00e9s Los Queseros Artesanos de Asturias quieren traspasar fronteras Asociaci\u00f3n: Dentro de la asociaci\u00f3n est\u00e1n representados las Denominaciones de Origen (Afuega\u2019l Pitu, Cabrales, Cas\u00edn y Gamon\u00e9u), y los quesos considerados como tradicionales, es decir, que llevan elabor\u00e1ndose al menos 20 a\u00f1os como pueden ser el Cas\u00edn o La Peral. El trabajo detr\u00e1s [&hellip;]<\/p>\n","protected":false},"author":117,"featured_media":0,"parent":184,"menu_order":0,"comment_status":"closed","ping_status":"closed","template":"","meta":{"footnotes":""},"class_list":["post-371","page","type-page","status-publish","hentry","post-preview"],"_links":{"self":[{"href":"https:\/\/edublog.educastur.es\/cultura\/wp-json\/wp\/v2\/pages\/371","targetHints":{"allow":["GET"]}}],"collection":[{"href":"https:\/\/edublog.educastur.es\/cultura\/wp-json\/wp\/v2\/pages"}],"about":[{"href":"https:\/\/edublog.educastur.es\/cultura\/wp-json\/wp\/v2\/types\/page"}],"author":[{"embeddable":true,"href":"https:\/\/edublog.educastur.es\/cultura\/wp-json\/wp\/v2\/users\/117"}],"replies":[{"embeddable":true,"href":"https:\/\/edublog.educastur.es\/cultura\/wp-json\/wp\/v2\/comments?post=371"}],"version-history":[{"count":8,"href":"https:\/\/edublog.educastur.es\/cultura\/wp-json\/wp\/v2\/pages\/371\/revisions"}],"predecessor-version":[{"id":380,"href":"https:\/\/edublog.educastur.es\/cultura\/wp-json\/wp\/v2\/pages\/371\/revisions\/380"}],"up":[{"embeddable":true,"href":"https:\/\/edublog.educastur.es\/cultura\/wp-json\/wp\/v2\/pages\/184"}],"wp:attachment":[{"href":"https:\/\/edublog.educastur.es\/cultura\/wp-json\/wp\/v2\/media?parent=371"}],"curies":[{"name":"wp","href":"https:\/\/api.w.org\/{rel}","templated":true}]}}

<p style="text-align: center"><a href="https://cflvdg.avoz.es/sc/zVoOHXU9VfcTplh4RdonYIsJHr8=/x/2018/01/24/00121516821159747705687/Foto/quesos.jpg"><img loading="lazy" decoding="async" class="alignnone" src="https://cflvdg.avoz.es/sc/zVoOHXU9VfcTplh4RdonYIsJHr8=/x/2018/01/24/00121516821159747705687/Foto/quesos.jpg" alt="" width="542" height="305" /></a></p>
<ul>
<li><a href="https://asociaciondequeserosartesanos.com/asturias">https://<strong>asociaciondequeserosartesanos</strong>.com/asturias</a></li>
</ul>
<p style="text-align: center"><a href="https://asociaciondequeserosartesanos.com/asturias/wp-content/uploads/sites/3/2015/02/pre_video_01.jpg"><img loading="lazy" decoding="async" class="alignnone" src="https://asociaciondequeserosartesanos.com/asturias/wp-content/uploads/sites/3/2015/02/pre_video_01.jpg" alt="" width="396" height="132" /></a></p>
<ul>
<li>Artículos de interés</li>
<li><a href="https://www.lavozdeasturias.es/noticia/asturias/2018/01/24/queseros-artesanos-asturias-quieren-traspasar-fronteras/00031516815016290779501.htm?utm_campaign=crowdfire&amp;utm_content=crowdfire&amp;utm_medium=social&amp;utm_source=twitter#432387199-tw#1516864153700">Los Queseros Artesanos de Asturias quieren traspasar fronteras</a></li>
<li>Asociación:<strong> Dentro de la asociación están representados las Denominaciones de Origen</strong> (Afuega’l Pitu, Cabrales, Casín y Gamonéu), y los quesos considerados como tradicionales, es decir, que llevan elaborándose al menos 20 años como pueden ser el Casín o La Peral.</li>
<li>El trabajo detrás de los <strong>Queseros Artesanos</strong> es minucioso y, en su práctica totalidad, manual. Desde 2014 se unieron en una marca colectiva, con un logo distintivo, que quieren que se introduzca en las mentes, tanto de sus clientes distribuidores como de los consumidores finales, para diferenciarse con fuerza de los quesos de producción industrial.</li>
<li><a href="https://youtu.be/G1vIg3VCAFE">Video</a></li>
</ul>
<p style="text-align: center">
<!-- iframe plugin v.6.0 wordpress.org/plugins/iframe/ -->
<iframe loading="lazy" width="100%" height="364" src="https://www.youtube.com/embed/G1vIg3VCAFE" scrolling="yes" class="iframe-class" frameborder="0"></iframe>
</p>
<ul>
<li><a href="https://youtu.be/8Bpdwo31E40">Video 2</a></li>
</ul>
<p style="text-align: center">
<!-- iframe plugin v.6.0 wordpress.org/plugins/iframe/ -->
<iframe loading="lazy" width="100%" height="364" src="https://www.youtube.com/embed/8Bpdwo31E40" scrolling="yes" class="iframe-class" frameborder="0"></iframe>
</p>
<hr />
<ul>
<li><a href="https://asociaciondequeserosartesanos.com/asturias/el-queso/">El QUESO</a></li>
</ul>
<p style="text-align: center"><img loading="lazy" decoding="async" class="alignnone size-full" src="https://i.blogs.es/66921d/quesos-asturianos/1366_2000.jpg" width="1080" height="721" /></p>
<hr />
<p style="text-align: center"><span style="color: #008080"><strong><em><span style="font-size: 18pt">REPORTAJES QUESERÍAS:</span></em></strong></span></p>
<p style="text-align: center"><a href="https://pbs.twimg.com/media/C_jeknsXsAA-NDH?format=jpg&amp;name=small"><img loading="lazy" decoding="async" class="alignnone" src="https://pbs.twimg.com/media/C_jeknsXsAA-NDH?format=jpg&amp;name=small" alt="" width="526" height="521" /></a></p>
<ul>
<li><strong><span style="font-size: 14pt"><em>VEGA DE ARIO</em></span></strong></li>
</ul>
<div class="kvgmc6g5 cxmmr5t8 oygrvhab hcukyx3x c1et5uql ii04i59q">
<div dir="auto">Es una empresa familiar, elaboramos queso gamonedo del valle con leche de vaca y cabra siguiendo el proceso de maduración desde la sala de elaboración pasando por el ahumadero, el secadero y la cueva de maduración. Desde su elaboración hasta su venta tienen que pasar un mínimo de sesenta días al estar elaborado con leche cruda. Nuestra quesería fue de las primeras “queserías del valle” hace más de 25 años que elaboramos queso gamonedo siguiendo las costumbres de nuestros padres.</div>
</div>
<div class="o9v6fnle cxmmr5t8 oygrvhab hcukyx3x c1et5uql ii04i59q">
<div dir="auto">Datos de contacto:</div>
<div dir="auto">Teléfono: 985 844 218</div>
<div dir="auto">Movil: 677 377 309</div>
<div dir="auto">Email: queseriavegadeario@hotmail.com</div>
<div dir="auto">Dirección: Benia de Onís &#8211; Onís</div>
<div dir="auto"><a class="oajrlxb2 g5ia77u1 qu0x051f esr5mh6w e9989ue4 r7d6kgcz rq0escxv nhd2j8a9 nc684nl6 p7hjln8o kvgmc6g5 cxmmr5t8 oygrvhab hcukyx3x jb3vyjys rz4wbd8a qt6c0cv9 a8nywdso i1ao9s8h esuyzwwr f1sip0of lzcic4wl py34i1dx gpro0wi8" role="link" href="https://asociaciondequeserosartesanos.com/asturias/vega-de-ario-2/?fbclid=IwAR28Q26mUUoBwAgfI1-IhufiTnKiq1tJ_cYgmcUNbuRW094w9zWVJrj_5d0" target="_blank" rel="nofollow noopener">https://asociaciondequeserosartesanos.com/&#8230;/vega-de&#8230;/</a></div>
<div dir="auto">
<hr />
</div>
</div>
<p>&nbsp;</p>

<p>https://asociaciondequeserosartesanos.com/asturias Artículos de interés Los Queseros Artesanos de Asturias quieren traspasar fronteras Asociación: Dentro de la asociación están representados las Denominaciones de Origen (Afuega’l Pitu, Cabrales, Casín y Gamonéu), y los quesos considerados como tradicionales, es decir, que llevan elaborándose al menos 20 años como pueden ser el Casín o La Peral. El trabajo detrás [&hellip;]</p>
