{"id":406,"date":"2021-03-19T21:44:14","date_gmt":"2021-03-19T21:44:14","guid":{"rendered":"https:\/\/edublog.educastur.es\/cultura\/?page_id=406"},"modified":"2021-03-19T21:45:07","modified_gmt":"2021-03-19T21:45:07","slug":"plaza-del-fontan","status":"publish","type":"page","link":"https:\/\/edublog.educastur.es\/cultura\/oviedo\/plaza-del-fontan\/","title":{"rendered":"Plaza del Font\u00e1n"},"content":{"rendered":"<div class=\"kvgmc6g5 cxmmr5t8 oygrvhab hcukyx3x c1et5uql ii04i59q\">\n<div dir=\"auto\" style=\"text-align: center\">\n<!-- iframe plugin v.6.0 wordpress.org\/plugins\/iframe\/ -->\n<iframe loading=\"lazy\" src=\"https:\/\/www.facebook.com\/plugins\/video.php?height=476&#038;href=https%3A%2F%2Fwww.facebook.com%2Fwww.oviedo.es%2Fvideos%2F909959729822549%2F&#038;show_text=true&#038;width=476\" width=\"476\" height=\"591\" style=\"border:none;overflow:hidden\" scrolling=\"no\" frameborder=\"0\" allowfullscreen=\"true\" allow=\"autoplay; clipboard-write; encrypted-media; picture-in-picture; web-share\" 0=\"\/iframe\" class=\"iframe-class\"><\/iframe>\n<\/div>\n<div dir=\"auto\">\n<hr \/>\n<\/div>\n<div dir=\"auto\"><\/div>\n<div dir=\"auto\"><span class=\"pq6dq46d tbxw36s4 knj5qynh kvgmc6g5 ditlmg2l oygrvhab nvdbi5me sf5mxxl7 gl3lb2sf hhz5lgdu\"><img loading=\"lazy\" decoding=\"async\" src=\"https:\/\/static.xx.fbcdn.net\/images\/emoji.php\/v9\/t42\/1\/16\/1f4a7.png\" alt=\"?\" width=\"16\" height=\"16\" \/><\/span>\u00bfSab\u00edas que Font\u00e1n, en asturiano, designa a un manantial en forma de charca?. As\u00ed era el n\u00facleo m\u00e1s tradicional de Oviedo, una laguna que ocupaba gran parte de la actual plaza de Dao\u00edz y Velarde, y continuaba por la plaza del Font\u00e1n hasta la calle Rosal.<\/div>\n<\/div>\n<div class=\"o9v6fnle cxmmr5t8 oygrvhab hcukyx3x c1et5uql ii04i59q\">\n<div dir=\"auto\"><span class=\"pq6dq46d tbxw36s4 knj5qynh kvgmc6g5 ditlmg2l oygrvhab nvdbi5me sf5mxxl7 gl3lb2sf hhz5lgdu\"><img loading=\"lazy\" decoding=\"async\" src=\"https:\/\/static.xx.fbcdn.net\/images\/emoji.php\/v9\/tc1\/1\/16\/1f4a6.png\" alt=\"?\" width=\"16\" height=\"16\" \/><\/span>El 19 de agosto de 1523 las autoridades municipales resolvieron desecar El Font\u00e1n por ser un foco de infecciones y por haberse ahogado all\u00ed varias personas. Para ello acordaron que \u201ctodos los vecinos de la ciudad deb\u00edan enviar una persona de cada casa con un caldero para rellenar la ci\u00e9naga arrojando en ella diferentes materiales hasta culminarla\u201d. El mandato de tirar escombros era de obligado cumplimiento, pudiendo ser multados los infractores con 60 maraved\u00edes. Los trabajos duraron m\u00e1s de tres d\u00e9cadas.<\/div>\n<\/div>\n<div class=\"o9v6fnle cxmmr5t8 oygrvhab hcukyx3x c1et5uql ii04i59q\">\n<div dir=\"auto\"><span class=\"pq6dq46d tbxw36s4 knj5qynh kvgmc6g5 ditlmg2l oygrvhab nvdbi5me sf5mxxl7 gl3lb2sf hhz5lgdu\"><img loading=\"lazy\" decoding=\"async\" src=\"https:\/\/static.xx.fbcdn.net\/images\/emoji.php\/v9\/t4b\/1\/16\/1f4dc.png\" alt=\"?\" width=\"16\" height=\"16\" \/><\/span>En 1814 se acord\u00f3 darle el nombre de Dao\u00edz y Velarde a la parte sur de El Font\u00e1n en recuerdo de los combatientes del 2 de mayo de 1808, los capitanes Luis Daoiz y Torres y Pedro Velarde y Santill\u00e1n.<\/div>\n<\/div>\n","protected":false},"excerpt":{"rendered":"<p>\u00bfSab\u00edas que Font\u00e1n, en asturiano, designa a un manantial en forma de charca?. As\u00ed era el n\u00facleo m\u00e1s tradicional de Oviedo, una laguna que ocupaba gran parte de la actual plaza de Dao\u00edz y Velarde, y continuaba por la plaza del Font\u00e1n hasta la calle Rosal. El 19 de agosto de 1523 las autoridades municipales [&hellip;]<\/p>\n","protected":false},"author":117,"featured_media":0,"parent":391,"menu_order":0,"comment_status":"closed","ping_status":"closed","template":"","meta":{"footnotes":""},"class_list":["post-406","page","type-page","status-publish","hentry","post-preview"],"_links":{"self":[{"href":"https:\/\/edublog.educastur.es\/cultura\/wp-json\/wp\/v2\/pages\/406","targetHints":{"allow":["GET"]}}],"collection":[{"href":"https:\/\/edublog.educastur.es\/cultura\/wp-json\/wp\/v2\/pages"}],"about":[{"href":"https:\/\/edublog.educastur.es\/cultura\/wp-json\/wp\/v2\/types\/page"}],"author":[{"embeddable":true,"href":"https:\/\/edublog.educastur.es\/cultura\/wp-json\/wp\/v2\/users\/117"}],"replies":[{"embeddable":true,"href":"https:\/\/edublog.educastur.es\/cultura\/wp-json\/wp\/v2\/comments?post=406"}],"version-history":[{"count":3,"href":"https:\/\/edublog.educastur.es\/cultura\/wp-json\/wp\/v2\/pages\/406\/revisions"}],"predecessor-version":[{"id":410,"href":"https:\/\/edublog.educastur.es\/cultura\/wp-json\/wp\/v2\/pages\/406\/revisions\/410"}],"up":[{"embeddable":true,"href":"https:\/\/edublog.educastur.es\/cultura\/wp-json\/wp\/v2\/pages\/391"}],"wp:attachment":[{"href":"https:\/\/edublog.educastur.es\/cultura\/wp-json\/wp\/v2\/media?parent=406"}],"curies":[{"name":"wp","href":"https:\/\/api.w.org\/{rel}","templated":true}]}}