{"id":523,"date":"2023-04-09T16:04:26","date_gmt":"2023-04-09T16:04:26","guid":{"rendered":"https:\/\/edublog.educastur.es\/cultura\/?page_id=523"},"modified":"2023-04-09T16:30:24","modified_gmt":"2023-04-09T16:30:24","slug":"naranco","status":"publish","type":"page","link":"https:\/\/edublog.educastur.es\/cultura\/oviedo\/naranco\/","title":{"rendered":"Naranco"},"content":{"rendered":"<ul>\n<li><a href=\"https:\/\/www.descubreelnaranco.com\"><strong>www.descubreelnaranco.com<\/strong><\/a><\/li>\n<li><a href=\"https:\/\/www.descubreelnaranco.com\/html\/juegos.html\">JUEGOS<\/a><\/li>\n<li><a href=\"https:\/\/www.descubreelnaranco.com\/html\/flora.html\">Naturaleza: FLORA<\/a><\/li>\n<li><a href=\"https:\/\/www.descubreelnaranco.com\/html\/fauna.html\">Naturaleza. FAUNA<\/a><\/li>\n<li><a href=\"https:\/\/www.visitoviedo.info\/que-hacer\/naturaleza\/naranco\">https:\/\/www.visitoviedo.info\/que-hacer\/naturaleza\/naranco<\/a><\/li>\n<\/ul>\n<p style=\"text-align: center\"><img loading=\"lazy\" decoding=\"async\" class=\"alignnone size-full\" src=\"https:\/\/www.descubreelnaranco.com\/img\/Logo_completo.png\" width=\"1036\" height=\"178\" \/><\/p>\n<p><span class=\"negrita\">El monte Naranco<\/span>, siempre cerca de la ciudad de Oviedo, <span class=\"negrita\">atesora rincones que hay que descubrir.<\/span> Seis <span class=\"negrita\">itinerarios de senderismo<\/span> te llevar\u00e1n a la naturaleza, a los elementos singulares del Naranco. Un lugar con un pasado muy rico, con joyas del <span class=\"negrita\">arte prerrom\u00e1nico, vestigios de la guerra civil, restos de miner\u00eda, pozos de nieve, fuentes, manantiales, caleros<\/span>&#8230;<br \/>\nEn resumen: <span class=\"negrita\">un entorno singular para disfrutar de las vistas y la naturaleza<\/span>.<\/p>\n<p>&nbsp;<\/p>\n<hr \/>\n<p><strong>El <em>Naranco<\/em>\u00a0adem\u00e1s cuenta con una notable variedad de ecosistemas naturales que albergan una gran biodiversidad de especies vegetales y animales.<\/strong><\/p>\n<p>&nbsp;<\/p>\n<p>Se constata la presencia regular de unas 187 especies de\u00a0vertebrados: 48 mam\u00edferos, 109 aves, 9 reptiles, 14 anfibios y 7 peces. De todas\u00a0estas, cabe destacar que hay 11 especies que o bien est\u00e1n incluidas en el <em>\u00abCat\u00e1logo Regional de Especies\u00a0Amenazadas de la Fauna Vertebrada del Principado de Asturias<\/em>\u00ab. (<em>Decreto 32\/1990, de 8 de marzo,<\/em> <em>por el que se crea<\/em> el <em><a href=\"https:\/\/www.asturias.es\/bopa\/disposiciones\/repositorio\/LEGISLACION19\/66\/1\/0DBA03D3EA8045018A797944BD9081EE.pdf\">Cat\u00e1logo Regional de Especies Amenazadas de la Fauna Vertebrada del Principado de Asturias y sus modificaciones (Acuerdo de 28 de julio de 2005, del Consejo de Gobierno por el que se aprueba definitivamente el cambio de categor\u00eda de la especie\u00a0Tetrao urogallus\u00a0(urogallo)<\/a><\/em>, o bien est\u00e1n incluidas en el <em>Real Decreto 439\/1990, de 30 de marzo<\/em>, regulador del\u00a0<em>Cat\u00e1logo Nacional de Especies Amenazadas o bien se encuentran recogidas en los distintos listados de especies y h\u00e1bitats a nivel europeo: Directiva 79\/409\/CEE del Consejo, de 2 de abril de 1979, relativa a la conservaci\u00f3n de aves silvestres y Directiva 92\/43\/CEE del Consejo, de 21 de mayo de 1992, relativa a la conservaci\u00f3n de los h\u00e1bitats naturales y de la\u00a0fauna y flora silvestres. Directiva H\u00e1bitats.\u00a0<\/em><\/p>\n<p>En este sentido es importante se\u00f1alar la<strong> presencia localmente abundante de anfibios<\/strong> como los\u00a0<em>guardafontes amamolados o <\/em>tritones jaspeados<em> (Triturus marmoratus), sacaveras\u00a0<\/em>o salamandras com\u00fanes\u00a0<em>(Salamandra salamandra),<\/em>\u00a0<em>sacaveras raullargas\u00a0<\/em>o salamandra rabilarga\u00a0<em>(Chioglossa lusitanica),<\/em> <strong><em>raniellas europeas<\/em><\/strong><em>\u00a0<\/em>o ranitas de San Antonio <em>(Hyla arborea), sapos pintos\u00a0o\u00a0sapillos pintojos (Discoglossus galganoi), sapos o sapos com\u00fanes (Bufo spinosus), sapos parteros (Alytes obstetricans), sapos corredores (Epidalea calamita), xaroncas patillargas\u00a0<\/em>o\u00a0ranas patilargas<em> (Rana iberica), <strong>xaroncas verdes<\/strong><\/em> o ranas com\u00fanes\u00a0<em>(Pelophylax perezi), xaronca montesa<\/em>\u00a0o rana bermeja<em> (Rana temporaria)<\/em>;\u00a0rept\u00edles como los <em>llagartos pintos<\/em> o lagartos verdinegros <em>(Lacerta schreiberi), llagartexas les muries o <\/em>lagartijas roqueras<em> (Podarcis muralis), esculibiertos o <\/em>luciones<em> (Anguis fragilis), culiebras \u00f1idias europeas o<\/em>\u00a0culebras lisas europeas<em> (Coronella austriaca)<\/em>; mam\u00edferos como\u00a0las\u00a0<strong><em>ll\u00f3ndrigas<\/em><\/strong><em>, llondras<\/em>\u00a0o nutrias pale\u00e1rticas\u00a0<em>(Lutra lutra), melandros o tejones\u00a0(Meles meles), llirios o<\/em>\u00a0lirones <em>(Glis glis),\u00a0curcios o\u00a0corzos (Capreolus capreolus), venaos <\/em>o ciervos<em>(Cervus elaphus), raposos\u00a0o zorros\u00a0(Vulpes vulpes), xabar\u00edles o\u00a0jabal\u00edes\u00a0(Sus scrofa)<\/em>\u00a0y una nutrida colonia de <em><strong>esperteyos<\/strong><\/em> o murci\u00e9lagos\u00a0<em>(Barbastella sp., Eptesicus sp., Miniopterus sp. Myotis sp., Plecotus sp., Rhinolophus sp., Tadarida sp.),<\/em> en las cuevas y elementos antropom\u00f3rficos de construcci\u00f3n hidr\u00e1ulicos (molinos), hoy en desuso, que son aprovechados.<\/p>\n<p><strong>En cuanto a las aves<\/strong> destacamos la presencia de aves acu\u00e1ticas como\u00a0<em>cor\u00edos reales\u00a0<\/em>o\u00a0\u00e1nades azulones <em>(Anas plathyrrhinchos)<\/em>,\u00a0<em>Gallinetas reales,\u00a0fulcres\u00a0<\/em>o fochas <em>(Fulica atra)<\/em>,\u00a0gallinetas <em>(Gallinula chloropus),<\/em>\u00a0<em>garcias riales\u00a0<\/em>o\u00a0garzas reales\u00a0<em>(Ardea cinerea),\u00a0garcinas nocherniegas o\u00a0<\/em>martinetes\u00a0<em>(Nycticorax nycticorax)<\/em>\u00a0o los\u00a0<em>samartines,<\/em>\u00a0<em>verderr\u00edos<\/em> o mart\u00ednes pescadores\u00a0<em>(Alcedo atthis)<\/em>; rapaces diurnas como las\u00a0<em>\u00e1guilas pintas<\/em>\u00a0o \u00e1guilas calzadas\u00a0<em>(Hieraetus pennatus)<\/em>, <em>mil\u00e1n abeyeru,\u00a0vi\u00e9sporos<\/em>\u00a0o abejeros europeos\u00a0<em>(Pernis apivorus),<\/em>\u00a0<em>pardones\u00a0<\/em>o busardos\/ratoneros comunes <em>(Buteo buteo)<\/em>,\u00a0<em>mil\u00e1n rial<\/em> o milanos reales\u00a0<em>(Milvus milvus),\u00a0ferlamicos, ferr\u00e9s palomberos o\u00a0<\/em>alcot\u00e1nes\u00a0<em>(Falco subbuteo), falc\u00f3n\u00a0<\/em>o\u00a0halc\u00f3nes peregrinos<em> (Falco peregrinus),<\/em>\u00a0<em>azores\u00a0(Accipiter gentilis),<\/em>\u00a0<em>pe\u00f1erinas<\/em> o cern\u00edcalos\u00a0<em>(Falco tinnunculus); <\/em>rapaces nocturnas como<em> curuxas<\/em>\u00a0o lechuzas comunes<em> (Tyto alba) <\/em>y <em>g\u00e1rabos o <\/em>c\u00e1rabos europeos<em> (Strix aluco), <\/em>as\u00ed como\u00a0otras aves de la campi\u00f1a o foresta asturiana como la <em>cigue\u00f1a, cigo\u00f1a cande<\/em> o cigue\u00f1a blanca\u00a0<em>(Ciconia ciconia),<\/em>\u00a0<em>palombos bravos <\/em>o palomas torcaces <em>(Columba palumbus),<\/em>\u00a0<em>palombas montesas\u00a0<\/em>o\u00a0palomas zuritas <em>(Columba oenas),<\/em>\u00a0<em>bubiellas,\u00a0pupas<\/em> o abubillas\u00a0<em>(Upupa epops), parpayuelas <\/em>o codornices<em> (Coturnix coturnix), cuquiellos <\/em>o cucos comunes<em> (Cuculus canorus), rallos, paparrosolles<\/em>\u00a0o<em> chotacabras grises (Caprimulgus europaeus), piquetines, martarinetes <\/em>o trepadores azules<em> (Sitta europaea),<\/em>\u00a0<em>picurrinch\u00f3nes, picatueros<\/em>\u00a0o pitos reales o verdes\u00a0<em>(Picus viridis), piquetinas\u00a0<\/em>o picos menores\u00a0<em>(Dendrocopos minor),<\/em>\u00a0incluso\u00a0<em>picapodrizos,<\/em>\u00a0<em>picafayes<\/em> o pitos negros o picamaderos negros\u00a0<em>(Dryocopus martius)<\/em>, como prueba la existencia de los agujeros hechos en ejemplares viejos en el seno de los <em>casta\u00f1eos<\/em> y <em>carbayeos<\/em>. Es tambi\u00e9n zona del paso de\u00a0<em>zapiqueras\u00a0<\/em>o alimoches <em>(Neophron percnopterus)<\/em> y\u00a0<em>utres\u00a0<\/em>o buitres leonados <em>(Gyps fulvus)<\/em>, por el elevado inter\u00e9s que despiertan algunas de sus escarpadas zonas calizas, pero que debido a la intensa actividad humana ejercida sobre la zona (canteras), a\u00fan no se tiene constancia de intento de nidificaci\u00f3n alguno; y tambi\u00e9n frecuentan la zona\u00a0<em>coneyos<\/em> o conejos\u00a0<em>(Oryctolagus cuniculus)\u00a0<\/em>y <em>llebres castellanas<\/em> o liebres ibericas\u00a0<em>(Lepus granatensis),<\/em> reintroducidos con fines cineg\u00e9ticos.<\/p>\n<p>Fruto de los esfuerzos reivindicativos durante muchos a\u00f1os de varias asociaciones de vecinos, en especial la <em>Asociaci\u00f3n de Amigos del Naranco<\/em>, y asociaciones ecologistas se puso en marcha un ambicioso proyecto en el 2005 con el fin de que la administraci\u00f3n p\u00fablica se implicara m\u00e1s en la protecci\u00f3n y conservaci\u00f3n de todo el riqu\u00edsimo patrimonio natural y cultural existente en el monte.<\/p>\n<p><a href=\"https:\/\/observandonaturaleza.com\/publicaciones-articulos-de-investigacion\/el-naranco-un-espacio-natural-y-cultural-a-proteger\/\">https:\/\/observandonaturaleza.com\/publicaciones-articulos-de-investigacion\/el-naranco-un-espacio-natural-y-cultural-a-proteger\/<\/a><\/p>\n<p style=\"text-align: center\"><a href=\"https:\/\/i0.wp.com\/lasendadelhayedo.com\/wp-content\/uploads\/2019\/04\/mapanaranco.jpg?fit=1261%2C735&amp;ssl=1\"><img loading=\"lazy\" decoding=\"async\" class=\"aligncenter size-full\" src=\"https:\/\/i0.wp.com\/lasendadelhayedo.com\/wp-content\/uploads\/2019\/04\/mapanaranco.jpg?fit=1261%2C735&amp;ssl=1\" width=\"1261\" height=\"735\" \/><\/a><\/p>\n<p style=\"text-align: center\"><a href=\"https:\/\/www.descubreelnaranco.com\/descargas\/ortofoto1.jpg\"><img loading=\"lazy\" decoding=\"async\" class=\"aligncenter size-full\" src=\"https:\/\/www.descubreelnaranco.com\/descargas\/ortofoto1.jpg\" width=\"2338\" height=\"1653\" \/><\/a><\/p>\n","protected":false},"excerpt":{"rendered":"<p>www.descubreelnaranco.com JUEGOS Naturaleza: FLORA Naturaleza. FAUNA https:\/\/www.visitoviedo.info\/que-hacer\/naturaleza\/naranco El monte Naranco, siempre cerca de la ciudad de Oviedo, atesora rincones que hay que descubrir. Seis itinerarios de senderismo te llevar\u00e1n a la naturaleza, a los elementos singulares del Naranco. Un lugar con un pasado muy rico, con joyas del arte prerrom\u00e1nico, vestigios de la guerra civil, [&hellip;]<\/p>\n","protected":false},"author":117,"featured_media":0,"parent":391,"menu_order":0,"comment_status":"closed","ping_status":"closed","template":"","meta":{"footnotes":""},"class_list":["post-523","page","type-page","status-publish","hentry","post-preview"],"_links":{"self":[{"href":"https:\/\/edublog.educastur.es\/cultura\/wp-json\/wp\/v2\/pages\/523","targetHints":{"allow":["GET"]}}],"collection":[{"href":"https:\/\/edublog.educastur.es\/cultura\/wp-json\/wp\/v2\/pages"}],"about":[{"href":"https:\/\/edublog.educastur.es\/cultura\/wp-json\/wp\/v2\/types\/page"}],"author":[{"embeddable":true,"href":"https:\/\/edublog.educastur.es\/cultura\/wp-json\/wp\/v2\/users\/117"}],"replies":[{"embeddable":true,"href":"https:\/\/edublog.educastur.es\/cultura\/wp-json\/wp\/v2\/comments?post=523"}],"version-history":[{"count":8,"href":"https:\/\/edublog.educastur.es\/cultura\/wp-json\/wp\/v2\/pages\/523\/revisions"}],"predecessor-version":[{"id":531,"href":"https:\/\/edublog.educastur.es\/cultura\/wp-json\/wp\/v2\/pages\/523\/revisions\/531"}],"up":[{"embeddable":true,"href":"https:\/\/edublog.educastur.es\/cultura\/wp-json\/wp\/v2\/pages\/391"}],"wp:attachment":[{"href":"https:\/\/edublog.educastur.es\/cultura\/wp-json\/wp\/v2\/media?parent=523"}],"curies":[{"name":"wp","href":"https:\/\/api.w.org\/{rel}","templated":true}]}}