{"id":85,"date":"2020-07-28T16:13:16","date_gmt":"2020-07-28T16:13:16","guid":{"rendered":"https:\/\/edublog.educastur.es\/cultura\/?page_id=85"},"modified":"2020-12-12T15:13:03","modified_gmt":"2020-12-12T15:13:03","slug":"asturias-naif","status":"publish","type":"page","link":"https:\/\/edublog.educastur.es\/cultura\/arte\/asturias-naif\/","title":{"rendered":"ASTURIAS NA\u00cfF"},"content":{"rendered":"<p><em>Nel Facebook pod\u00e9is atopar esta preciosa p\u00e1xina. <strong>Asturias Naif <\/strong>ye la resultancia d\u2019un trabayu n\u2019equipu\u00a0 que se dedica a la creaci\u00f3n de <strong>ll\u00e1mines dixitales<\/strong>, <strong>con temes asturianes y n\u2019estilu naif.<\/strong> Perguapo!<\/em><\/p>\n<p><a href=\"http:\/\/blog.educastur.es\/ixuxullingua\/cultura\/asturies\/asturias-naif\/\" target=\"_blank\" rel=\"noopener noreferrer\"><img loading=\"lazy\" decoding=\"async\" src=\"https:\/\/imgbox.es\/images\/2020\/05\/30\/astnaif71d29e8e4df08848.jpg\" width=\"380\" height=\"242\" \/><\/a><\/p>\n<ul>\n<li>Ver p\u00e1xina Facebook de<strong><em> <a href=\"https:\/\/www.facebook.com\/mjvallhonrat\" target=\"_blank\" rel=\"noopener noreferrer\">Asturias na\u00eff<\/a><\/em><\/strong><\/li>\n<li><em><a href=\"https:\/\/marisanorniella.wordpress.com\" target=\"_blank\" rel=\"noopener noreferrer\">Artista: <\/a><strong>Mar\u00eda Jos\u00e9 Vallhonrat Iglesias <\/strong><\/em><a class=\"yLUwa\" href=\"https:\/\/l.instagram.com\/?u=https%3A%2F%2Fwww.facebook.com%2Fmjvallhonrat%2F&amp;e=ATNMk8F2k_LNEBMTC5m06volYViHIZwMQ7w3aO3Z6LLIjJ--LZjXntkYYTIWUQr9UJJKyrZCDMrq8cYc&amp;s=1\" target=\"_blank\" rel=\"me nofollow noopener noreferrer\">www.facebook.com\/mjvallhonrat<\/a><\/li>\n<li><strong><em><span class=\"oi732d6d ik7dh3pa d2edcug0 qv66sw1b c1et5uql a8c37x1j s89635nw ew0dbk1b a5q79mjw g1cxx5fr knj5qynh m9osqain hzawbc8m\" dir=\"auto\"><span class=\"oi732d6d ik7dh3pa d2edcug0 qv66sw1b c1et5uql a5q79mjw g1cxx5fr knj5qynh m9osqain\">@mjvallhonrat<span class=\"rfua0xdk pmk7jnqg stjgntxs ni8dbmo4 ay7djpcl q45zohi1\">\u00a0<\/span> <\/span><\/span><br \/>\n<\/em><\/strong><\/li>\n<li><a href=\"https:\/\/www.instagram.com\/vallhonratmaria\/?hl=es\"><em>Ver n\u00b4Instagram<\/em><\/a><\/li>\n<li><a href=\"https:\/\/www.facebook.com\/752672171602044\/videos\/2928071630538016\/\" target=\"_blank\" rel=\"noopener noreferrer\"><strong><em>Ver videu<\/em><\/strong><\/a><\/li>\n<\/ul>\n<p>&nbsp;<\/p>\n","protected":false},"excerpt":{"rendered":"<p>Nel Facebook pod\u00e9is atopar esta preciosa p\u00e1xina. Asturias Naif ye la resultancia d\u2019un trabayu n\u2019equipu\u00a0 que se dedica a la creaci\u00f3n de ll\u00e1mines dixitales, con temes asturianes y n\u2019estilu naif. Perguapo! Ver p\u00e1xina Facebook de Asturias na\u00eff Artista: Mar\u00eda Jos\u00e9 Vallhonrat Iglesias www.facebook.com\/mjvallhonrat @mjvallhonrat\u00a0 Ver n\u00b4Instagram Ver videu &nbsp;<\/p>\n","protected":false},"author":117,"featured_media":0,"parent":174,"menu_order":0,"comment_status":"closed","ping_status":"closed","template":"","meta":{"footnotes":""},"class_list":["post-85","page","type-page","status-publish","hentry","post-preview"],"_links":{"self":[{"href":"https:\/\/edublog.educastur.es\/cultura\/wp-json\/wp\/v2\/pages\/85","targetHints":{"allow":["GET"]}}],"collection":[{"href":"https:\/\/edublog.educastur.es\/cultura\/wp-json\/wp\/v2\/pages"}],"about":[{"href":"https:\/\/edublog.educastur.es\/cultura\/wp-json\/wp\/v2\/types\/page"}],"author":[{"embeddable":true,"href":"https:\/\/edublog.educastur.es\/cultura\/wp-json\/wp\/v2\/users\/117"}],"replies":[{"embeddable":true,"href":"https:\/\/edublog.educastur.es\/cultura\/wp-json\/wp\/v2\/comments?post=85"}],"version-history":[{"count":2,"href":"https:\/\/edublog.educastur.es\/cultura\/wp-json\/wp\/v2\/pages\/85\/revisions"}],"predecessor-version":[{"id":281,"href":"https:\/\/edublog.educastur.es\/cultura\/wp-json\/wp\/v2\/pages\/85\/revisions\/281"}],"up":[{"embeddable":true,"href":"https:\/\/edublog.educastur.es\/cultura\/wp-json\/wp\/v2\/pages\/174"}],"wp:attachment":[{"href":"https:\/\/edublog.educastur.es\/cultura\/wp-json\/wp\/v2\/media?parent=85"}],"curies":[{"name":"wp","href":"https:\/\/api.w.org\/{rel}","templated":true}]}}

ASTURIAS NAÏF

<p><em>Nel Facebook podéis atopar esta preciosa páxina. <strong>Asturias Naif </strong>ye la resultancia d’un trabayu n’equipu  que se dedica a la creación de <strong>llámines dixitales</strong>, <strong>con temes asturianes y n’estilu naif.</strong> Perguapo!</em></p>
<p><a href="http://blog.educastur.es/ixuxullingua/cultura/asturies/asturias-naif/" target="_blank" rel="noopener noreferrer"><img loading="lazy" decoding="async" src="https://imgbox.es/images/2020/05/30/astnaif71d29e8e4df08848.jpg" width="380" height="242" /></a></p>
<ul>
<li>Ver páxina Facebook de<strong><em> <a href="https://www.facebook.com/mjvallhonrat" target="_blank" rel="noopener noreferrer">Asturias naïf</a></em></strong></li>
<li><em><a href="https://marisanorniella.wordpress.com" target="_blank" rel="noopener noreferrer">Artista: </a><strong>María José Vallhonrat Iglesias </strong></em><a class="yLUwa" href="https://l.instagram.com/?u=https%3A%2F%2Fwww.facebook.com%2Fmjvallhonrat%2F&amp;e=ATNMk8F2k_LNEBMTC5m06volYViHIZwMQ7w3aO3Z6LLIjJ--LZjXntkYYTIWUQr9UJJKyrZCDMrq8cYc&amp;s=1" target="_blank" rel="me nofollow noopener noreferrer">www.facebook.com/mjvallhonrat</a></li>
<li><strong><em><span class="oi732d6d ik7dh3pa d2edcug0 qv66sw1b c1et5uql a8c37x1j s89635nw ew0dbk1b a5q79mjw g1cxx5fr knj5qynh m9osqain hzawbc8m" dir="auto"><span class="oi732d6d ik7dh3pa d2edcug0 qv66sw1b c1et5uql a5q79mjw g1cxx5fr knj5qynh m9osqain">@mjvallhonrat<span class="rfua0xdk pmk7jnqg stjgntxs ni8dbmo4 ay7djpcl q45zohi1"> </span> </span></span><br />
</em></strong></li>
<li><a href="https://www.instagram.com/vallhonratmaria/?hl=es"><em>Ver n´Instagram</em></a></li>
<li><a href="https://www.facebook.com/752672171602044/videos/2928071630538016/" target="_blank" rel="noopener noreferrer"><strong><em>Ver videu</em></strong></a></li>
</ul>
<p>&nbsp;</p>

<p>Nel Facebook podéis atopar esta preciosa páxina. Asturias Naif ye la resultancia d’un trabayu n’equipu  que se dedica a la creación de llámines dixitales, con temes asturianes y n’estilu naif. Perguapo! Ver páxina Facebook de Asturias naïf Artista: María José Vallhonrat Iglesias www.facebook.com/mjvallhonrat @mjvallhonrat  Ver n´Instagram Ver videu &nbsp;</p>
