{"id":387,"date":"2023-10-12T18:50:31","date_gmt":"2023-10-12T18:50:31","guid":{"rendered":"https:\/\/edublog.educastur.es\/edulgtbi\/?page_id=387"},"modified":"2023-10-14T19:19:22","modified_gmt":"2023-10-14T19:19:22","slug":"mesa-alumnado","status":"publish","type":"page","link":"https:\/\/edublog.educastur.es\/edulgtbi\/asociaciones\/red-educativa\/04-jornada-2023\/2-ponentes\/mesa-alumnado\/","title":{"rendered":"Mesa ALUMNADO"},"content":{"rendered":"<p><strong>18:00 Mesa experiencias Alumnado.<\/strong><\/p>\n<ul>\n<li><span style=\"color: #008080;font-size: 14pt\"><em>Marta Sell\u00e1n Paniceres: Red Educativa y Profesora de Secundaria<\/em><\/span><\/li>\n<li><span style=\"color: #008080;font-size: 14pt\"><em>Armando Rodr\u00edguez Gonz\u00e1lez: Red Educativa y Alumno LGTBI+<\/em><\/span><\/li>\n<li><span style=\"color: #008080;font-size: 14pt\"><em>Francisca M\u00aa Santiago Urdiales: Alumna LGTBI+<\/em><\/span><\/li>\n<\/ul>\n<p style=\"text-align: center\"><a href=\"https:\/\/alojaweb.educastur.es\/documents\/2281142\/10998304\/logo02.png\/cd310ecc-405c-4591-9fb1-d15605cf35cb?t=1676880274645\"><img loading=\"lazy\" decoding=\"async\" class=\"aligncenter \" src=\"https:\/\/alojaweb.educastur.es\/documents\/2281142\/10998304\/logo02.png\/cd310ecc-405c-4591-9fb1-d15605cf35cb?t=1676880274645\" width=\"269\" height=\"269\" \/><\/a><\/p>\n<ul>\n<li><span style=\"font-size: 14pt\"><strong><a href=\"https:\/\/docs.google.com\/presentation\/d\/e\/2PACX-1vTGdXuaq2CiuY_enKcU7-L_I6kOUt0hYE14LiSi6j-_ixwOGSPHda7MCK-q-mTvbdLTQGfzHw5hnAQa\/pub?start=false&amp;loop=false&amp;delayms=3000\">Presentaci\u00f3n Proyecto Arcoiris<\/a><\/strong><\/span><\/li>\n<\/ul>\n<p style=\"text-align: center\">\n<!-- iframe plugin v.6.0 wordpress.org\/plugins\/iframe\/ -->\n<iframe loading=\"lazy\" src=\"https:\/\/docs.google.com\/presentation\/d\/e\/2PACX-1vRWgvbDucFFBw8SsI0vZRbHndpWdKoiTBry7QDT_xex6eCvXAKK7pqDQ5fZoQ0A8A\/embed?start=false&#038;loop=false&#038;delayms=3000\" frameborder=\"0\" width=\"640\" height=\"400\" allowfullscreen=\"true\" mozallowfullscreen=\"true\" webkitallowfullscreen=\"true\" 0=\"\/iframe\" scrolling=\"yes\" class=\"iframe-class\"><\/iframe>\n<\/p>\n<ul>\n<li><a href=\"https:\/\/drive.google.com\/file\/d\/1jmY1m70AAcMDXDxZ0dmDi657lUm06lPr\/preview\">PDF<\/a><\/li>\n<\/ul>\n<p style=\"text-align: center\">\n<!-- iframe plugin v.6.0 wordpress.org\/plugins\/iframe\/ -->\n<iframe loading=\"lazy\" src=\"https:\/\/drive.google.com\/file\/d\/1jmY1m70AAcMDXDxZ0dmDi657lUm06lPr\/preview\" width=\"640\" height=\"395\" allow=\"autoplay\" 0=\"\/iframe\" scrolling=\"yes\" class=\"iframe-class\" frameborder=\"0\"><\/iframe>\n<\/p>\n<ul>\n<li><a href=\"https:\/\/drive.google.com\/file\/d\/1Jylv2-uehN5CYY0ajiqi7XID4NR5tUw3\/view\"><strong>Dec\u00e1logo para el acompa\u00f1amiento al alumnado (PuntoArcoiris)<\/strong><\/a><\/li>\n<\/ul>\n\n<!-- iframe plugin v.6.0 wordpress.org\/plugins\/iframe\/ -->\n<iframe loading=\"lazy\" src=\"https:\/\/drive.google.com\/file\/d\/1Jylv2-uehN5CYY0ajiqi7XID4NR5tUw3\/preview\" width=\"640\" height=\"900\" allow=\"autoplay\" 0=\"\/iframe\" scrolling=\"yes\" class=\"iframe-class\" frameborder=\"0\"><\/iframe>\n\n","protected":false},"excerpt":{"rendered":"<p>18:00 Mesa experiencias Alumnado. Marta Sell\u00e1n Paniceres: Red Educativa y Profesora de Secundaria Armando Rodr\u00edguez Gonz\u00e1lez: Red Educativa y Alumno LGTBI+ Francisca M\u00aa Santiago Urdiales: Alumna LGTBI+ Presentaci\u00f3n Proyecto Arcoiris PDF Dec\u00e1logo para el acompa\u00f1amiento al alumnado (PuntoArcoiris)<\/p>\n","protected":false},"author":117,"featured_media":0,"parent":15,"menu_order":0,"comment_status":"closed","ping_status":"closed","template":"","meta":{"footnotes":""},"class_list":["post-387","page","type-page","status-publish","hentry"],"_links":{"self":[{"href":"https:\/\/edublog.educastur.es\/edulgtbi\/wp-json\/wp\/v2\/pages\/387","targetHints":{"allow":["GET"]}}],"collection":[{"href":"https:\/\/edublog.educastur.es\/edulgtbi\/wp-json\/wp\/v2\/pages"}],"about":[{"href":"https:\/\/edublog.educastur.es\/edulgtbi\/wp-json\/wp\/v2\/types\/page"}],"author":[{"embeddable":true,"href":"https:\/\/edublog.educastur.es\/edulgtbi\/wp-json\/wp\/v2\/users\/117"}],"replies":[{"embeddable":true,"href":"https:\/\/edublog.educastur.es\/edulgtbi\/wp-json\/wp\/v2\/comments?post=387"}],"version-history":[{"count":11,"href":"https:\/\/edublog.educastur.es\/edulgtbi\/wp-json\/wp\/v2\/pages\/387\/revisions"}],"predecessor-version":[{"id":426,"href":"https:\/\/edublog.educastur.es\/edulgtbi\/wp-json\/wp\/v2\/pages\/387\/revisions\/426"}],"up":[{"embeddable":true,"href":"https:\/\/edublog.educastur.es\/edulgtbi\/wp-json\/wp\/v2\/pages\/15"}],"wp:attachment":[{"href":"https:\/\/edublog.educastur.es\/edulgtbi\/wp-json\/wp\/v2\/media?parent=387"}],"curies":[{"name":"wp","href":"https:\/\/api.w.org\/{rel}","templated":true}]}}

<p><strong>18:00 Mesa experiencias Alumnado.</strong></p>
<ul>
<li><span style="color: #008080;font-size: 14pt"><em>Marta Sellán Paniceres: Red Educativa y Profesora de Secundaria</em></span></li>
<li><span style="color: #008080;font-size: 14pt"><em>Armando Rodríguez González: Red Educativa y Alumno LGTBI+</em></span></li>
<li><span style="color: #008080;font-size: 14pt"><em>Francisca Mª Santiago Urdiales: Alumna LGTBI+</em></span></li>
</ul>
<p style="text-align: center"><a href="https://alojaweb.educastur.es/documents/2281142/10998304/logo02.png/cd310ecc-405c-4591-9fb1-d15605cf35cb?t=1676880274645"><img loading="lazy" decoding="async" class="aligncenter " src="https://alojaweb.educastur.es/documents/2281142/10998304/logo02.png/cd310ecc-405c-4591-9fb1-d15605cf35cb?t=1676880274645" width="269" height="269" /></a></p>
<ul>
<li><span style="font-size: 14pt"><strong><a href="https://docs.google.com/presentation/d/e/2PACX-1vTGdXuaq2CiuY_enKcU7-L_I6kOUt0hYE14LiSi6j-_ixwOGSPHda7MCK-q-mTvbdLTQGfzHw5hnAQa/pub?start=false&amp;loop=false&amp;delayms=3000">Presentación Proyecto Arcoiris</a></strong></span></li>
</ul>
<p style="text-align: center">
<!-- iframe plugin v.6.0 wordpress.org/plugins/iframe/ -->
<iframe loading="lazy" src="https://docs.google.com/presentation/d/e/2PACX-1vRWgvbDucFFBw8SsI0vZRbHndpWdKoiTBry7QDT_xex6eCvXAKK7pqDQ5fZoQ0A8A/embed?start=false&#038;loop=false&#038;delayms=3000" frameborder="0" width="640" height="400" allowfullscreen="true" mozallowfullscreen="true" webkitallowfullscreen="true" 0="/iframe" scrolling="yes" class="iframe-class"></iframe>
</p>
<ul>
<li><a href="https://drive.google.com/file/d/1jmY1m70AAcMDXDxZ0dmDi657lUm06lPr/preview">PDF</a></li>
</ul>
<p style="text-align: center">
<!-- iframe plugin v.6.0 wordpress.org/plugins/iframe/ -->
<iframe loading="lazy" src="https://drive.google.com/file/d/1jmY1m70AAcMDXDxZ0dmDi657lUm06lPr/preview" width="640" height="395" allow="autoplay" 0="/iframe" scrolling="yes" class="iframe-class" frameborder="0"></iframe>
</p>
<ul>
<li><a href="https://drive.google.com/file/d/1Jylv2-uehN5CYY0ajiqi7XID4NR5tUw3/view"><strong>Decálogo para el acompañamiento al alumnado (PuntoArcoiris)</strong></a></li>
</ul>

<!-- iframe plugin v.6.0 wordpress.org/plugins/iframe/ -->
<iframe loading="lazy" src="https://drive.google.com/file/d/1Jylv2-uehN5CYY0ajiqi7XID4NR5tUw3/preview" width="640" height="900" allow="autoplay" 0="/iframe" scrolling="yes" class="iframe-class" frameborder="0"></iframe>

<p>18:00 Mesa experiencias Alumnado. Marta Sellán Paniceres: Red Educativa y Profesora de Secundaria Armando Rodríguez González: Red Educativa y Alumno LGTBI+ Francisca Mª Santiago Urdiales: Alumna LGTBI+ Presentación Proyecto Arcoiris PDF Decálogo para el acompañamiento al alumnado (PuntoArcoiris)</p>
