{"id":538,"date":"2023-10-15T12:41:24","date_gmt":"2023-10-15T12:41:24","guid":{"rendered":"https:\/\/edublog.educastur.es\/edulgtbi\/?page_id=538"},"modified":"2023-10-15T14:17:18","modified_gmt":"2023-10-15T14:17:18","slug":"ods-5","status":"publish","type":"page","link":"https:\/\/edublog.educastur.es\/edulgtbi\/temas\/igualdad-de-genero\/ods-5\/","title":{"rendered":"ODS 5"},"content":{"rendered":"<div class=\"region region-content\">\n<section id=\"block-system-main\" class=\"block block-system clearfix\">\n<div id=\"node-230\" class=\"node node-sdg clearfix\">\n<div class=\"content clearfix\">\n<div class=\"field field-name-field-body field-type-text-long field-label-hidden\">\n<div class=\"field-items\">\n<div class=\"field-item even\">\n<div class=\"section h3Story\">\n<p style=\"text-align: center\"><a href=\"https:\/\/www.un.org\/sustainabledevelopment\/es\/wp-content\/uploads\/sites\/3\/2018\/07\/S_SDG-goals_icons-individual-rgb-05.png\"><img loading=\"lazy\" decoding=\"async\" class=\"aligncenter \" src=\"https:\/\/www.un.org\/sustainabledevelopment\/es\/wp-content\/uploads\/sites\/3\/2018\/07\/S_SDG-goals_icons-individual-rgb-05.png\" width=\"337\" height=\"337\" \/><\/a><\/p>\n<p style=\"text-align: center\"><a href=\"https:\/\/catunescoforum.upv.es\/files\/2023\/03\/sdg-5-grande-es.jpeg\"><img loading=\"lazy\" decoding=\"async\" class=\"aligncenter size-full\" src=\"https:\/\/catunescoforum.upv.es\/files\/2023\/03\/sdg-5-grande-es.jpeg\" width=\"1600\" height=\"756\" \/><\/a><\/p>\n<p style=\"text-align: center\">\n<!-- iframe plugin v.6.0 wordpress.org\/plugins\/iframe\/ -->\n<iframe loading=\"lazy\" width=\"930\" height=\"395\" src=\"https:\/\/www.youtube.com\/embed\/SqT6opRd31U\" title=\"\u00bfDe qu\u00e9 se trata el Objetivo 5- Igualdad de G\u00e9nero? - Objetivos Desarrollo Sostenible\" frameborder=\"0\" allow=\"accelerometer; autoplay; clipboard-write; encrypted-media; gyroscope; picture-in-picture; web-share\" 0=\"allowfullscreen\" 1=\"\/iframe\" scrolling=\"yes\" class=\"iframe-class\"><\/iframe>\n<\/p>\n<p>&nbsp;<\/p>\n<ul>\n<li><a href=\"https:\/\/www.sdgfund.org\/es\/objetivo-5-igualdad-de-g%C3%A9nero\">Fuente: SDGF<\/a><\/li>\n<\/ul>\n<h3 style=\"text-align: center\"><a href=\"https:\/\/www.sdgfund.org\/sites\/all\/themes\/sdgfund\/img\/sdgf-logo-300.png\"><img loading=\"lazy\" decoding=\"async\" class=\"aligncenter size-full\" src=\"https:\/\/www.sdgfund.org\/sites\/all\/themes\/sdgfund\/img\/sdgf-logo-300.png\" width=\"300\" height=\"93\" \/><\/a><\/h3>\n<h3>Lograr la igualdad entre los g\u00e9neros y empoderar a todas las mujeres y ni\u00f1as<\/h3>\n<\/div>\n<div class=\"copy\">\n<p>Empoderar a las mujeres y promover la igualdad de g\u00e9nero es fundamental para acelerar el desarrollo sostenible. Poner fin a todas las formas de discriminaci\u00f3n contra mujeres y ni\u00f1as no es solo un derecho humano b\u00e1sico, sino que adem\u00e1s tiene un efecto multiplicador en todas las dem\u00e1s \u00e1reas del desarrollo.<\/p>\n<p>Desde 2000, la igualdad de g\u00e9nero es un aspecto primordial de la labor del PNUD, sus socios de la ONU y el resto de la comunidad global, y se han registrado algunos avances extraordinarios. M\u00e1s ni\u00f1as asisten hoy a la escuela que hace 15 a\u00f1os y en la mayor\u00eda de las regiones se logr\u00f3 la paridad de g\u00e9nero en educaci\u00f3n primaria. Adem\u00e1s, las mujeres constituyen hoy el 41% de la fuerza laboral remunerada no agr\u00edcola, en comparaci\u00f3n con el 35% en 1990.<\/p>\n<p>Los Objetivos de Desarrollo Sostenible se apoyar\u00e1n en estos logros para garantizar el fin de la discriminaci\u00f3n a mujeres y ni\u00f1as en todo el mundo. Sin embargo, en algunas regiones a\u00fan existen grandes desigualdades en el acceso a empleo remunerado entre hombres y mujeres y enormes brechas en el mercado laboral. Los obst\u00e1culos m\u00e1s dif\u00edciles de superar y que a\u00fan persisten son la violencia y la explotaci\u00f3n sexual, la divisi\u00f3n desigual del trabajo no remunerado -tanto dom\u00e9stico como en el cuidado de otras personas- y la discriminaci\u00f3n en la toma de decisiones en el \u00e1mbito p\u00fablico.<\/p>\n<p>Garantizar el acceso universal a salud reproductiva y sexual y otorgar a la mujer derechos igualitarios en el acceso a recursos econ\u00f3micos, como tierras y propiedades, son metas fundamentales para conseguir este objetivo. Hoy m\u00e1s mujeres que nunca ocupan cargos p\u00fablicos, pero alentar a m\u00e1s mujeres para que se conviertan en l\u00edderes en todas las regiones ayudar\u00e1 a fortalecer las pol\u00edticas y las leyes orientadas a lograr una mayor igualdad entre los g\u00e9neros.<\/p>\n<p>La igualdad de g\u00e9nero es uno de los 17 Objetivos Globales de la nueva <a href=\"http:\/\/www.undp.org\/content\/undp\/es\/home\/mdgoverview\/post-2015-development-agenda\/\">Agenda para el Desarrollo Sostenible<\/a>. Un enfoque integral es crucial para avanzar en los diversos objetivos.<\/p>\n<\/div>\n<\/div>\n<\/div>\n<\/div>\n<div id=\"accordion\" class=\"panel-group\" role=\"tablist\">\n<div class=\"panel panel-default panel-info\">\n<div id=\"headingOne\" class=\"panel-heading\" role=\"tab\">\n<h4 class=\"panel-title\"><a class=\"accordion-toggle\" role=\"button\" href=\"https:\/\/www.sdgfund.org\/es\/objetivo-5-igualdad-de-g%C3%A9nero#collapseOne\" data-toggle=\"collapse\" data-parent=\"#accordion\"> Metas del Objetivo 5 <\/a><\/h4>\n<\/div>\n<\/div>\n<\/div>\n<div class=\"alert alert-warning\">\n<div class=\"field field-name-field-the-sdg-fund-response field-type-text-long field-label-hidden\">\n<div class=\"field-items\">\n<div class=\"field-item even\">\n<p><strong>La respuesta del Fondo ODS<\/strong><\/p>\n<p>El Fondo ODS ha puesto la igualdad de g\u00e9nero y el empoderamiento de las mujeres en el centro de sus esfuerzos para acelerar el progreso hacia los Objetivos de Desarrollo Sostenible. Al potenciar directamente a las mujeres y al incorporar una perspectiva de g\u00e9nero en todos los trabajos de desarrollo, podemos construir un futuro m\u00e1s equitativo y sostenible para todos. Todos los programas del Fondo ODS incorporan el g\u00e9nero en sus planes de implementaci\u00f3n y monitoreo.<\/p>\n<p>Por ejemplo,<\/p>\n<ul>\n<li>En\u00a0<a href=\"http:\/\/www.sdgfund.org\/current-programme\/bangladesh\/strengthening-womens-ability-productive-new-opportunities-swapno\"><strong>Bangladesh<\/strong><\/a>, la participaci\u00f3n de la mano de obra rural de las mujeres rurales es solamente 36,4% comparado a 83,3% de hombres. Crear oportunidades de empleo e ingresos para las mujeres y mejorar su acceso a la protecci\u00f3n social ayudar\u00e1 a reducir las disparidades de g\u00e9nero.<\/li>\n<\/ul>\n<ul>\n<li>En\u00a0<a href=\"http:\/\/www.sdgfund.org\/current-programmes\/ethiopia\/joint-programme-gender-equality-and-women-empowerment-rural-women-economic-empowerment-component\"><strong>Etiop\u00eda<\/strong><\/a>, las mujeres rurales se quedan rezagadas en el acceso a la propiedad de la tierra, las oportunidades econ\u00f3micas, el sistema de justicia y los activos financieros. Las mujeres agricultoras desempe\u00f1an hasta el 75% de la mano de obra agr\u00edcola pero s\u00f3lo poseen el 18,7% de las tierras agr\u00edcolas en el pa\u00eds. El Fondo ODS est\u00e1 utilizando un enfoque multifac\u00e9tico para generar servicios de extensi\u00f3n agr\u00edcola sensibles al g\u00e9nero, apoyar la creaci\u00f3n de cooperativas, promover la expansi\u00f3n del agronegocio de las mujeres y aumentar la participaci\u00f3n de las mujeres rurales en asociaciones de productores rurales, cooperativas financieras y sindicatos.<\/li>\n<\/ul>\n<ul>\n<li>En los\u00a0<a href=\"http:\/\/www.sdgfund.org\/current-programmes\/occupied-palestine-territory\/creating-one-stop-shop-create-sustainable-businesses-inclusive-economic-growth\"><strong>Territorios Palestinos Ocupados<\/strong>,<\/a>\u00a0el programa conjunto del Fondo ODS est\u00e1 ayudando a mejorar los medios de subsistencia de las mujeres palestinas. El programa est\u00e1 construyendo las capacidades de las pymes y cooperativas propiedad de las mujeres y administrando las mismas, preservando los productos culturales y agr\u00edcolas y convirti\u00e9ndolos en productos comercializables y exportables. Adem\u00e1s, el programa protege la producci\u00f3n local y establece incentivos para las cooperativas de mujeres.<\/li>\n<\/ul>\n<\/div>\n<p style=\"text-align: center\"><a href=\"https:\/\/www.expoknews.com\/wp-content\/uploads\/2023\/03\/Alcanzar-el-ODS-5.jpg\"><img loading=\"lazy\" decoding=\"async\" class=\"aligncenter size-full\" src=\"https:\/\/www.expoknews.com\/wp-content\/uploads\/2023\/03\/Alcanzar-el-ODS-5.jpg\" width=\"1200\" height=\"1500\" \/><\/a><\/p>\n<\/div>\n<\/div>\n<\/div>\n<\/div>\n<\/div>\n<\/section>\n<\/div>\n","protected":false},"excerpt":{"rendered":"<p>&nbsp; Fuente: SDGF Lograr la igualdad entre los g\u00e9neros y empoderar a todas las mujeres y ni\u00f1as Empoderar a las mujeres y promover la igualdad de g\u00e9nero es fundamental para acelerar el desarrollo sostenible. Poner fin a todas las formas de discriminaci\u00f3n contra mujeres y ni\u00f1as no es solo un derecho humano b\u00e1sico, sino que [&hellip;]<\/p>\n","protected":false},"author":117,"featured_media":0,"parent":569,"menu_order":0,"comment_status":"closed","ping_status":"closed","template":"","meta":{"footnotes":""},"class_list":["post-538","page","type-page","status-publish","hentry"],"_links":{"self":[{"href":"https:\/\/edublog.educastur.es\/edulgtbi\/wp-json\/wp\/v2\/pages\/538","targetHints":{"allow":["GET"]}}],"collection":[{"href":"https:\/\/edublog.educastur.es\/edulgtbi\/wp-json\/wp\/v2\/pages"}],"about":[{"href":"https:\/\/edublog.educastur.es\/edulgtbi\/wp-json\/wp\/v2\/types\/page"}],"author":[{"embeddable":true,"href":"https:\/\/edublog.educastur.es\/edulgtbi\/wp-json\/wp\/v2\/users\/117"}],"replies":[{"embeddable":true,"href":"https:\/\/edublog.educastur.es\/edulgtbi\/wp-json\/wp\/v2\/comments?post=538"}],"version-history":[{"count":6,"href":"https:\/\/edublog.educastur.es\/edulgtbi\/wp-json\/wp\/v2\/pages\/538\/revisions"}],"predecessor-version":[{"id":544,"href":"https:\/\/edublog.educastur.es\/edulgtbi\/wp-json\/wp\/v2\/pages\/538\/revisions\/544"}],"up":[{"embeddable":true,"href":"https:\/\/edublog.educastur.es\/edulgtbi\/wp-json\/wp\/v2\/pages\/569"}],"wp:attachment":[{"href":"https:\/\/edublog.educastur.es\/edulgtbi\/wp-json\/wp\/v2\/media?parent=538"}],"curies":[{"name":"wp","href":"https:\/\/api.w.org\/{rel}","templated":true}]}}