{"id":573,"date":"2023-10-15T14:29:21","date_gmt":"2023-10-15T14:29:21","guid":{"rendered":"https:\/\/edublog.educastur.es\/edulgtbi\/?page_id=573"},"modified":"2023-10-15T14:38:19","modified_gmt":"2023-10-15T14:38:19","slug":"uniovi_unidad-de-igualdad","status":"publish","type":"page","link":"https:\/\/edublog.educastur.es\/edulgtbi\/temas\/igualdad-de-genero\/uniovi_unidad-de-igualdad\/","title":{"rendered":"UNIOVI_Unidad de igualdad"},"content":{"rendered":"<p><a href=\"https:\/\/igualdad.uniovi.es\/\">https:\/\/igualdad.uniovi.es\/<\/a><\/p>\n<div id=\"tituloSuperior\">\n<div class=\"row\">\n<div id=\"descripcion\">\n<h2 style=\"text-align: center\">Unidad de Igualdad<\/h2>\n<\/div>\n<\/div>\n<\/div>\n<div id=\"contenido\">\n<div id=\"contenidoCentral\" class=\"lfr-column\">\n<div class=\"row\">\n<div id=\"layout-column_column-1\" class=\"lfr-portlet-column\">\n<div id=\"p_p_id_56_INSTANCE_pf2O_\" class=\"portlet-boundary portlet-boundary_56_ portlet-journal-content\">\n<div class=\"portlet-borderless-container\">\n<div>\n<div id=\"article_8173970_8174115_1.5\" class=\"journal-content-article\">\n<p><img decoding=\"async\" class=\"fotoIzquierda aligncenter\" title=\"Unidad de Igualdad\" src=\"https:\/\/igualdad.uniovi.es\/image\/image_gallery?uuid=6ddf48e5-ca87-491e-9ab9-bdd17180af8b&amp;groupId=8173970&amp;t=1643886934441\" alt=\"\" \/><\/p>\n<p>La Universidad de Oviedo, en cumplimiento y ejecuci\u00f3n de uno de los ejes y objetivos del Campus de Excelencia Internacional y de acuerdo con las disposiciones de la Ley\u00a0Org\u00e1ncia 3\/2007 para la igualdad efectiva entre mujeres y hombres y de la propia Ley Org\u00e1nica de Universidades, comenz\u00f3 a principios del curso acad\u00e9mico 2010-2011 a desarrollar las tareas y actuaciones, conducentes a introducir en todas las pol\u00edticas universitarias la perspectiva de g\u00e9nero.<\/p>\n<p>Las actividades de la Unidad de Igualdad son desarrolladas por el \u00c1rea de Igualdad, adscrito al Vicerrectorado de Relaciones Institucionales y Coordinaci\u00f3n.<\/p>\n<p>En este sitio web se puede encontrar informaci\u00f3n sobre las actividades desarrolladas por la Unidad de Igualdad de la Universidad de Oviedo, as\u00ed como materiales, recursos e informaci\u00f3n sobre igualdad entre mujeres y hombres, en diferentes \u00e1mbitos, incluido siempre el universitario.<\/p>\n<\/div>\n<\/div>\n<\/div>\n<\/div>\n<\/div>\n<div id=\"noticias\" class=\"lfr-column\">\n<div class=\"row\">\n<div id=\"layout-column_column-2\" class=\"lfr-portlet-column\">\n<div id=\"p_p_id_56_INSTANCE_m7Tv_\" class=\"portlet-boundary portlet-boundary_56_ portlet-journal-content\"><\/div>\n<\/div>\n<\/div>\n<\/div>\n<\/div>\n<\/div>\n<\/div>\n","protected":false},"excerpt":{"rendered":"<p>https:\/\/igualdad.uniovi.es\/ Unidad de Igualdad La Universidad de Oviedo, en cumplimiento y ejecuci\u00f3n de uno de los ejes y objetivos del Campus de Excelencia Internacional y de acuerdo con las disposiciones de la Ley\u00a0Org\u00e1ncia 3\/2007 para la igualdad efectiva entre mujeres y hombres y de la propia Ley Org\u00e1nica de Universidades, comenz\u00f3 a principios del curso [&hellip;]<\/p>\n","protected":false},"author":117,"featured_media":0,"parent":569,"menu_order":0,"comment_status":"closed","ping_status":"closed","template":"","meta":{"footnotes":""},"class_list":["post-573","page","type-page","status-publish","hentry"],"_links":{"self":[{"href":"https:\/\/edublog.educastur.es\/edulgtbi\/wp-json\/wp\/v2\/pages\/573","targetHints":{"allow":["GET"]}}],"collection":[{"href":"https:\/\/edublog.educastur.es\/edulgtbi\/wp-json\/wp\/v2\/pages"}],"about":[{"href":"https:\/\/edublog.educastur.es\/edulgtbi\/wp-json\/wp\/v2\/types\/page"}],"author":[{"embeddable":true,"href":"https:\/\/edublog.educastur.es\/edulgtbi\/wp-json\/wp\/v2\/users\/117"}],"replies":[{"embeddable":true,"href":"https:\/\/edublog.educastur.es\/edulgtbi\/wp-json\/wp\/v2\/comments?post=573"}],"version-history":[{"count":2,"href":"https:\/\/edublog.educastur.es\/edulgtbi\/wp-json\/wp\/v2\/pages\/573\/revisions"}],"predecessor-version":[{"id":575,"href":"https:\/\/edublog.educastur.es\/edulgtbi\/wp-json\/wp\/v2\/pages\/573\/revisions\/575"}],"up":[{"embeddable":true,"href":"https:\/\/edublog.educastur.es\/edulgtbi\/wp-json\/wp\/v2\/pages\/569"}],"wp:attachment":[{"href":"https:\/\/edublog.educastur.es\/edulgtbi\/wp-json\/wp\/v2\/media?parent=573"}],"curies":[{"name":"wp","href":"https:\/\/api.w.org\/{rel}","templated":true}]}}