{"id":36,"date":"2023-04-20T16:24:00","date_gmt":"2023-04-20T16:24:00","guid":{"rendered":"https:\/\/edublog.educastur.es\/el1recicla\/?page_id=36"},"modified":"2024-04-30T17:20:49","modified_gmt":"2024-04-30T17:20:49","slug":"experiencia-rer","status":"publish","type":"page","link":"https:\/\/edublog.educastur.es\/el1recicla\/experiencia-rer\/","title":{"rendered":"Experiencia RER"},"content":{"rendered":"<h2><img decoding=\"async\" class=\"alignright\" src=\"https:\/\/tse4.mm.bing.net\/th?id=OIP.KVCeAycwuzDvqeluL3EdgwHaHa&amp;pid=Api&amp;P=0&amp;h=180\" \/><\/h2>\n<h2><img decoding=\"async\" class=\"alignright\" src=\"https:\/\/tse1.mm.bing.net\/th?id=OIP.e2L-T9RLptCSXYk4PHz1ygHaE0&amp;pid=Api&amp;P=0&amp;h=180\" \/>Recogida Solidaria Banco de Alimentos<\/h2>\n<div class=\"info\">\n<div class=\"content\">\n<p>Nos informan desde Banco de Alimentos de Asturias que en la recogida solidaria que se hizo en diciembre en nuestro IES, se donaron 96 Kg.<\/p>\n<p>Tanto los beneficiarios de la donaci\u00f3n como los voluntarios de la entidad quieren agradecernos nuestra colaboraci\u00f3n, inter\u00e9s y solidaridad.<\/p>\n<div class=\"portlet-msg-info\">Sin duda seguiremos colaborando y en la pr\u00f3xima recogida \u00a1\u00a1 a por los 100Kg!!<\/div>\n<div><img decoding=\"async\" src=\"https:\/\/alojaweb.educastur.es\/documents\/2281142\/11948303\/IMG20231212133645_ALEJANDRA+RIOPEDRE+C.jpg\/0c7d3daf-db1b-4eb7-82dd-7b65ab29399e?t=1705389037683\" \/><\/div>\n<\/div>\n<\/div>\n<h2>Visitamos una estaci\u00f3n de medici\u00f3n de calidad del aire<\/h2>\n<div class=\"info\">\n<div class=\"content\">\n<p>El alumnado de 2\u00ba curso del ciclo Qu\u00edmica y Salud Ambiental ha visitado una estaci\u00f3n de medici\u00f3n de calidad del aire situada en la Avenida de la Constituci\u00f3n. Para ello ha contado con la experiencia y conocimientos de Antonio Doni, principal responsable de la calidad del aire en el Principado Asturias, que les ha explicado el funcionamiento de cada estaci\u00f3n y de la Red de Control de la Calidad del Aire de nuestra regi\u00f3n.<\/p>\n<\/div>\n<\/div>\n<p><img loading=\"lazy\" decoding=\"async\" class=\"\" src=\"https:\/\/alojaweb.educastur.es\/documents\/2281142\/12039626\/IMG_20240219_101448103_HDR_ELENA+SANCHEZ+FERRER.jpg\/80d5c466-0c99-4004-a7a2-5a10e5963b1f?t=1708354789403\" width=\"585\" height=\"441\" \/><\/p>\n<h2>Red Escuelas Reciclaje 2022-2023<\/h2>\n<div class=\"info\">\n<div class=\"content\">\n<p>Por la implicaci\u00f3n del centro en la Red de Escuelas de Reciclaje, hemos sido galardonados con el diploma Centro 3R.<\/p>\n<p>Este reconocimiento nos motiva a seguir trabajando conjuntamente en las buenas pr\u00e1cticas de gesti\u00f3n de residuos y avanzando hacia la econom\u00eda circular en este curso 2023-2024.<\/p>\n<p>Apostamos por ello, y estamos llevando a cabo distintos proyectos de reducci\u00f3n, reutilizaci\u00f3n y reciclaje de residuos.<\/p>\n<p>Gracias a todas y todos, conseguiremos hacer un mundo mejor.<\/p>\n<p><img decoding=\"async\" src=\"https:\/\/alojaweb.educastur.es\/documents\/2281142\/11866316\/Centro3R.png\/4a036e5d-442b-4b08-a9a3-ec282f4e9961?t=1702538144644\" \/><\/p>\n<\/div>\n<\/div>\n<p>&nbsp;<\/p>\n<p style=\"text-align: center\"><strong>PARTICIPACI\u00d3N EN LA SEMANA EUROPEA DE PREVENCI\u00d3N DE RESIDUOS<\/strong><\/p>\n<p style=\"text-align: center\"><span style=\"color: #000000\"><strong>PREMIO EUROPEO DE PREVENCI\u00d3N DE RESIDUOS (FINALISTAS ASTURIANOS)<\/strong><\/span><\/p>\n<p style=\"text-align: center\"><span style=\"color: #000000\"><strong>PREMIO ELEUTERIO QUINTANILLA<\/strong><\/span><\/p>\n<p>El lunes 19 de diciembre se hizo entrega del XV Premio Eleuterio Quintanilla con el que se reconoce como Buena pr\u00e1ctica al\u00a0<em>Proyecto Un Xix\u00f3n sostenible&#8230;\u00a1Y un planeta!\u00a0<\/em>desarrollado en nuestro centro. Acudieron al acto representantes del profesorado y de la AMPA.<\/p>\n<p style=\"text-align: center\"><span style=\"color: #008000\"><strong><span style=\"font-size: 18pt\">Muchas gracias a quienes hicisteis posible este trabajo.<\/span><\/strong><\/span><\/p>\n<p style=\"text-align: center\"><span style=\"color: #008000\"><strong>OBJETIVOS DE DESARROLLO SOSTENIBLE<\/strong><\/span><\/p>\n<p style=\"text-align: center\"><span style=\"color: #000000\"><strong>ENTREGA DEL PREMIO (BUENAS PR\u00c1CTICAS EDUCATIVAS)<\/strong><\/span><\/p>\n<h2 style=\"text-align: center\"><span style=\"color: #000000\"><strong><span style=\"font-size: 12pt\">PREMIO MEJORA TU ESCUELA P\u00daBLICA<\/span><\/strong><\/span><\/h2>\n<p style=\"text-align: left\"><span style=\"font-size: 12pt\">El pasado viernes 10 de febrero el IES N\u00famero 1 asisti\u00f3 a la entrega de los premios MEP de la asociaci\u00f3n Mejora tu Escuela P\u00fablica, donde recogi\u00f3 la Menci\u00f3n de Honor que recibi\u00f3 nuestro proyecto de innovaci\u00f3n educativa \u00abSomos N\u00fameros Uno\u00bb. Con este proyecto organizamos uno o varios conciertos cada curso con la participaci\u00f3n no solo de alumnado de M\u00fasica y de la optativa de Expresi\u00f3n Musical, sino de otras materias e incluso la valiosa aportaci\u00f3n de los ciclos de la familia de Imagen Personal y de Moda. <\/span><\/p>\n<p style=\"text-align: left\"><span style=\"font-size: 12pt\">En la actualidad estamos trabajando en el montaje de un estudio de grabaci\u00f3n que incorporaremos a las instalaciones de nuestro centro.<\/span><\/p>\n<div><\/div>\n<div><\/div>\n<p>&nbsp;<\/p>\n","protected":false},"excerpt":{"rendered":"<p>Recogida Solidaria Banco de Alimentos Nos informan desde Banco de Alimentos de Asturias que en la recogida solidaria que se hizo en diciembre en nuestro IES, se donaron 96 Kg. Tanto los beneficiarios de la donaci\u00f3n como los voluntarios de [&hellip;]<\/p>\n","protected":false},"author":1220,"featured_media":0,"parent":0,"menu_order":0,"comment_status":"closed","ping_status":"closed","template":"","meta":{"footnotes":""},"class_list":["post-36","page","type-page","status-publish","hentry"],"_links":{"self":[{"href":"https:\/\/edublog.educastur.es\/el1recicla\/wp-json\/wp\/v2\/pages\/36","targetHints":{"allow":["GET"]}}],"collection":[{"href":"https:\/\/edublog.educastur.es\/el1recicla\/wp-json\/wp\/v2\/pages"}],"about":[{"href":"https:\/\/edublog.educastur.es\/el1recicla\/wp-json\/wp\/v2\/types\/page"}],"author":[{"embeddable":true,"href":"https:\/\/edublog.educastur.es\/el1recicla\/wp-json\/wp\/v2\/users\/1220"}],"replies":[{"embeddable":true,"href":"https:\/\/edublog.educastur.es\/el1recicla\/wp-json\/wp\/v2\/comments?post=36"}],"version-history":[{"count":30,"href":"https:\/\/edublog.educastur.es\/el1recicla\/wp-json\/wp\/v2\/pages\/36\/revisions"}],"predecessor-version":[{"id":1063,"href":"https:\/\/edublog.educastur.es\/el1recicla\/wp-json\/wp\/v2\/pages\/36\/revisions\/1063"}],"wp:attachment":[{"href":"https:\/\/edublog.educastur.es\/el1recicla\/wp-json\/wp\/v2\/media?parent=36"}],"curies":[{"name":"wp","href":"https:\/\/api.w.org\/{rel}","templated":true}]}}

<h2><img decoding="async" class="alignright" src="https://tse4.mm.bing.net/th?id=OIP.KVCeAycwuzDvqeluL3EdgwHaHa&amp;pid=Api&amp;P=0&amp;h=180" /></h2>
<h2><img decoding="async" class="alignright" src="https://tse1.mm.bing.net/th?id=OIP.e2L-T9RLptCSXYk4PHz1ygHaE0&amp;pid=Api&amp;P=0&amp;h=180" />Recogida Solidaria Banco de Alimentos</h2>
<div class="info">
<div class="content">
<p>Nos informan desde Banco de Alimentos de Asturias que en la recogida solidaria que se hizo en diciembre en nuestro IES, se donaron 96 Kg.</p>
<p>Tanto los beneficiarios de la donación como los voluntarios de la entidad quieren agradecernos nuestra colaboración, interés y solidaridad.</p>
<div class="portlet-msg-info">Sin duda seguiremos colaborando y en la próxima recogida ¡¡ a por los 100Kg!!</div>
<div><img decoding="async" src="https://alojaweb.educastur.es/documents/2281142/11948303/IMG20231212133645_ALEJANDRA+RIOPEDRE+C.jpg/0c7d3daf-db1b-4eb7-82dd-7b65ab29399e?t=1705389037683" /></div>
</div>
</div>
<h2>Visitamos una estación de medición de calidad del aire</h2>
<div class="info">
<div class="content">
<p>El alumnado de 2º curso del ciclo Química y Salud Ambiental ha visitado una estación de medición de calidad del aire situada en la Avenida de la Constitución. Para ello ha contado con la experiencia y conocimientos de Antonio Doni, principal responsable de la calidad del aire en el Principado Asturias, que les ha explicado el funcionamiento de cada estación y de la Red de Control de la Calidad del Aire de nuestra región.</p>
</div>
</div>
<p><img loading="lazy" decoding="async" class="" src="https://alojaweb.educastur.es/documents/2281142/12039626/IMG_20240219_101448103_HDR_ELENA+SANCHEZ+FERRER.jpg/80d5c466-0c99-4004-a7a2-5a10e5963b1f?t=1708354789403" width="585" height="441" /></p>
<h2>Red Escuelas Reciclaje 2022-2023</h2>
<div class="info">
<div class="content">
<p>Por la implicación del centro en la Red de Escuelas de Reciclaje, hemos sido galardonados con el diploma Centro 3R.</p>
<p>Este reconocimiento nos motiva a seguir trabajando conjuntamente en las buenas prácticas de gestión de residuos y avanzando hacia la economía circular en este curso 2023-2024.</p>
<p>Apostamos por ello, y estamos llevando a cabo distintos proyectos de reducción, reutilización y reciclaje de residuos.</p>
<p>Gracias a todas y todos, conseguiremos hacer un mundo mejor.</p>
<p><img decoding="async" src="https://alojaweb.educastur.es/documents/2281142/11866316/Centro3R.png/4a036e5d-442b-4b08-a9a3-ec282f4e9961?t=1702538144644" /></p>
</div>
</div>
<p>&nbsp;</p>
<p style="text-align: center"><strong>PARTICIPACIÓN EN LA SEMANA EUROPEA DE PREVENCIÓN DE RESIDUOS</strong></p>
<p style="text-align: center"><span style="color: #000000"><strong>PREMIO EUROPEO DE PREVENCIÓN DE RESIDUOS (FINALISTAS ASTURIANOS)</strong></span></p>
<p style="text-align: center"><span style="color: #000000"><strong>PREMIO ELEUTERIO QUINTANILLA</strong></span></p>
<p>El lunes 19 de diciembre se hizo entrega del XV Premio Eleuterio Quintanilla con el que se reconoce como Buena práctica al <em>Proyecto Un Xixón sostenible&#8230;¡Y un planeta! </em>desarrollado en nuestro centro. Acudieron al acto representantes del profesorado y de la AMPA.</p>
<p style="text-align: center"><span style="color: #008000"><strong><span style="font-size: 18pt">Muchas gracias a quienes hicisteis posible este trabajo.</span></strong></span></p>
<p style="text-align: center"><span style="color: #008000"><strong>OBJETIVOS DE DESARROLLO SOSTENIBLE</strong></span></p>
<p style="text-align: center"><span style="color: #000000"><strong>ENTREGA DEL PREMIO (BUENAS PRÁCTICAS EDUCATIVAS)</strong></span></p>
<h2 style="text-align: center"><span style="color: #000000"><strong><span style="font-size: 12pt">PREMIO MEJORA TU ESCUELA PÚBLICA</span></strong></span></h2>
<p style="text-align: left"><span style="font-size: 12pt">El pasado viernes 10 de febrero el IES Número 1 asistió a la entrega de los premios MEP de la asociación Mejora tu Escuela Pública, donde recogió la Mención de Honor que recibió nuestro proyecto de innovación educativa «Somos Números Uno». Con este proyecto organizamos uno o varios conciertos cada curso con la participación no solo de alumnado de Música y de la optativa de Expresión Musical, sino de otras materias e incluso la valiosa aportación de los ciclos de la familia de Imagen Personal y de Moda. </span></p>
<p style="text-align: left"><span style="font-size: 12pt">En la actualidad estamos trabajando en el montaje de un estudio de grabación que incorporaremos a las instalaciones de nuestro centro.</span></p>
<div></div>
<div></div>
<p>&nbsp;</p>

<p>Recogida Solidaria Banco de Alimentos Nos informan desde Banco de Alimentos de Asturias que en la recogida solidaria que se hizo en diciembre en nuestro IES, se donaron 96 Kg. Tanto los beneficiarios de la donación como los voluntarios de [&hellip;]</p>
