{"id":40,"date":"2023-04-25T08:45:26","date_gmt":"2023-04-25T08:45:26","guid":{"rendered":"https:\/\/edublog.educastur.es\/el1recicla\/?page_id=40"},"modified":"2024-04-26T15:46:02","modified_gmt":"2024-04-26T15:46:02","slug":"reducir","status":"publish","type":"page","link":"https:\/\/edublog.educastur.es\/el1recicla\/reducir\/","title":{"rendered":"Reducir"},"content":{"rendered":"<div class=\"page\" title=\"Page 3\">\n<div class=\"layoutArea\">\n<div class=\"column\">\n<p style=\"text-align: center\"><strong><span style=\"color: #008000\">REDUCIR LA HUELLA DE CARBONO<\/span><\/strong><\/p>\n<p>Cada vez m\u00e1s alumnado y profesorado viene en bici al numero uno.<\/p>\n<p style=\"text-align: center\"><strong><em>QUEREMOS VER EL PARKING LLENO<\/em>. <span style=\"color: #008000\">Dos ruedas reducen m\u00e1s que cuatro.<\/span><\/strong><\/p>\n<p><img loading=\"lazy\" decoding=\"async\" class=\"alignnone wp-image-394 size-full\" src=\"http:\/\/edublog.educastur.es\/el1recicla\/files\/2023\/04\/copia-bici.jpg\" alt=\"\" width=\"1200\" height=\"900\" srcset=\"https:\/\/edublog.educastur.es\/el1recicla\/files\/2023\/04\/copia-bici.jpg 1200w, https:\/\/edublog.educastur.es\/el1recicla\/files\/2023\/04\/copia-bici-300x225.jpg 300w, https:\/\/edublog.educastur.es\/el1recicla\/files\/2023\/04\/copia-bici-1024x768.jpg 1024w, https:\/\/edublog.educastur.es\/el1recicla\/files\/2023\/04\/copia-bici-768x576.jpg 768w, https:\/\/edublog.educastur.es\/el1recicla\/files\/2023\/04\/copia-bici-1080x810.jpg 1080w\" sizes=\"auto, (max-width: 1200px) 100vw, 1200px\" \/><\/p>\n<p>En poco tiempo la bici se ha convertido en un medio de transporte estrat\u00e9gico para la vida en las ciudades Gij\u00f3n incluida.<\/p>\n<p>Se libera espacio p\u00fablico reduce la contaminaci\u00f3n del aire y la contaminaci\u00f3n ac\u00fastica de nuestras calles que por cierto <strong><span style=\"color: #008000\">FALTA NOS HACE.<\/span><\/strong><\/p>\n<p style=\"text-align: center\"><strong><span style=\"color: #ff9900\">CARBON FOOTPRINT<\/span><\/strong><\/p>\n<p>Reciclar nuestros residuos es importante, pero no lo es menos ser conscientes de la huella que deja nuestra actividad cotidiana sobre el planeta. Desde el Departamento de Ingl\u00e9s se llev\u00f3 a cabo una investigaci\u00f3n sobre la huella de carbono, en la que se revelaron datos sorprendentes sobre el impacto de actividades tan simples como el uso de electrodom\u00e9sticos habituales. De forma cooperativa, se organizaron los datos y los diferentes equipos de trabajo crearon infograf\u00edas que sirvieron de base a las exposiciones orales con las que compartieron el resultado de sus pesquisas con sus compa\u00f1eros.<\/p>\n<p style=\"text-align: center\"><strong><span style=\"color: #ff9900\">REDUCIR ENVASE SE PL\u00c1STICO<\/span><\/strong><\/p>\n<p>El centro educativo cuenta con una m\u00e1quina de caf\u00e9 que da la opci\u00f3n de usas cada uno NUESTRA TAZA.<\/p>\n<p>&nbsp;<\/p>\n<p>&nbsp;<\/p>\n<\/div>\n<\/div>\n<\/div>\n","protected":false},"excerpt":{"rendered":"<p>REDUCIR LA HUELLA DE CARBONO Cada vez m\u00e1s alumnado y profesorado viene en bici al numero uno. QUEREMOS VER EL PARKING LLENO. Dos ruedas reducen m\u00e1s que cuatro. En poco tiempo la bici se ha convertido en un medio de [&hellip;]<\/p>\n","protected":false},"author":1220,"featured_media":0,"parent":0,"menu_order":0,"comment_status":"closed","ping_status":"closed","template":"","meta":{"footnotes":""},"class_list":["post-40","page","type-page","status-publish","hentry"],"_links":{"self":[{"href":"https:\/\/edublog.educastur.es\/el1recicla\/wp-json\/wp\/v2\/pages\/40","targetHints":{"allow":["GET"]}}],"collection":[{"href":"https:\/\/edublog.educastur.es\/el1recicla\/wp-json\/wp\/v2\/pages"}],"about":[{"href":"https:\/\/edublog.educastur.es\/el1recicla\/wp-json\/wp\/v2\/types\/page"}],"author":[{"embeddable":true,"href":"https:\/\/edublog.educastur.es\/el1recicla\/wp-json\/wp\/v2\/users\/1220"}],"replies":[{"embeddable":true,"href":"https:\/\/edublog.educastur.es\/el1recicla\/wp-json\/wp\/v2\/comments?post=40"}],"version-history":[{"count":16,"href":"https:\/\/edublog.educastur.es\/el1recicla\/wp-json\/wp\/v2\/pages\/40\/revisions"}],"predecessor-version":[{"id":932,"href":"https:\/\/edublog.educastur.es\/el1recicla\/wp-json\/wp\/v2\/pages\/40\/revisions\/932"}],"wp:attachment":[{"href":"https:\/\/edublog.educastur.es\/el1recicla\/wp-json\/wp\/v2\/media?parent=40"}],"curies":[{"name":"wp","href":"https:\/\/api.w.org\/{rel}","templated":true}]}}

<div class="page" title="Page 3">
<div class="layoutArea">
<div class="column">
<p style="text-align: center"><strong><span style="color: #008000">REDUCIR LA HUELLA DE CARBONO</span></strong></p>
<p>Cada vez más alumnado y profesorado viene en bici al numero uno.</p>
<p style="text-align: center"><strong><em>QUEREMOS VER EL PARKING LLENO</em>. <span style="color: #008000">Dos ruedas reducen más que cuatro.</span></strong></p>
<p><img loading="lazy" decoding="async" class="alignnone wp-image-394 size-full" src="http://edublog.educastur.es/el1recicla/files/2023/04/copia-bici.jpg" alt="" width="1200" height="900" srcset="https://edublog.educastur.es/el1recicla/files/2023/04/copia-bici.jpg 1200w, https://edublog.educastur.es/el1recicla/files/2023/04/copia-bici-300x225.jpg 300w, https://edublog.educastur.es/el1recicla/files/2023/04/copia-bici-1024x768.jpg 1024w, https://edublog.educastur.es/el1recicla/files/2023/04/copia-bici-768x576.jpg 768w, https://edublog.educastur.es/el1recicla/files/2023/04/copia-bici-1080x810.jpg 1080w" sizes="auto, (max-width: 1200px) 100vw, 1200px" /></p>
<p>En poco tiempo la bici se ha convertido en un medio de transporte estratégico para la vida en las ciudades Gijón incluida.</p>
<p>Se libera espacio público reduce la contaminación del aire y la contaminación acústica de nuestras calles que por cierto <strong><span style="color: #008000">FALTA NOS HACE.</span></strong></p>
<p style="text-align: center"><strong><span style="color: #ff9900">CARBON FOOTPRINT</span></strong></p>
<p>Reciclar nuestros residuos es importante, pero no lo es menos ser conscientes de la huella que deja nuestra actividad cotidiana sobre el planeta. Desde el Departamento de Inglés se llevó a cabo una investigación sobre la huella de carbono, en la que se revelaron datos sorprendentes sobre el impacto de actividades tan simples como el uso de electrodomésticos habituales. De forma cooperativa, se organizaron los datos y los diferentes equipos de trabajo crearon infografías que sirvieron de base a las exposiciones orales con las que compartieron el resultado de sus pesquisas con sus compañeros.</p>
<p style="text-align: center"><strong><span style="color: #ff9900">REDUCIR ENVASE SE PLÁSTICO</span></strong></p>
<p>El centro educativo cuenta con una máquina de café que da la opción de usas cada uno NUESTRA TAZA.</p>
<p>&nbsp;</p>
<p>&nbsp;</p>
</div>
</div>
</div>

<p>REDUCIR LA HUELLA DE CARBONO Cada vez más alumnado y profesorado viene en bici al numero uno. QUEREMOS VER EL PARKING LLENO. Dos ruedas reducen más que cuatro. En poco tiempo la bici se ha convertido en un medio de [&hellip;]</p>
