{"id":480,"date":"2023-04-28T11:29:42","date_gmt":"2023-04-28T11:29:42","guid":{"rendered":"https:\/\/edublog.educastur.es\/el1recicla\/?page_id=480"},"modified":"2024-04-26T16:35:24","modified_gmt":"2024-04-26T16:35:24","slug":"rrr","status":"publish","type":"page","link":"https:\/\/edublog.educastur.es\/el1recicla\/rrr\/","title":{"rendered":"RRR"},"content":{"rendered":"<p>ASISTIMOS A LOS SEMINARIOS DE INAGURACI\u00d3N.<\/p>\n<p><img loading=\"lazy\" decoding=\"async\" class=\"size-medium wp-image-28 alignleft\" src=\"http:\/\/edublog.educastur.es\/el1recicla\/files\/2022\/11\/IMG_8573-300x225.jpg\" alt=\"\" width=\"300\" height=\"225\" srcset=\"https:\/\/edublog.educastur.es\/el1recicla\/files\/2022\/11\/IMG_8573-300x225.jpg 300w, https:\/\/edublog.educastur.es\/el1recicla\/files\/2022\/11\/IMG_8573-1024x768.jpg 1024w, https:\/\/edublog.educastur.es\/el1recicla\/files\/2022\/11\/IMG_8573-768x576.jpg 768w, https:\/\/edublog.educastur.es\/el1recicla\/files\/2022\/11\/IMG_8573-1536x1152.jpg 1536w, https:\/\/edublog.educastur.es\/el1recicla\/files\/2022\/11\/IMG_8573-2048x1536.jpg 2048w, https:\/\/edublog.educastur.es\/el1recicla\/files\/2022\/11\/IMG_8573-1080x810.jpg 1080w\" sizes=\"auto, (max-width: 300px) 100vw, 300px\" \/><img loading=\"lazy\" decoding=\"async\" class=\"size-medium wp-image-661 alignleft\" src=\"http:\/\/edublog.educastur.es\/el1recicla\/files\/2024\/04\/IMG-20230424-WA0017-300x225.jpg\" alt=\"\" width=\"300\" height=\"225\" srcset=\"https:\/\/edublog.educastur.es\/el1recicla\/files\/2024\/04\/IMG-20230424-WA0017-300x225.jpg 300w, https:\/\/edublog.educastur.es\/el1recicla\/files\/2024\/04\/IMG-20230424-WA0017.jpg 502w\" sizes=\"auto, (max-width: 300px) 100vw, 300px\" \/><\/p>\n<p><img loading=\"lazy\" decoding=\"async\" class=\"size-medium wp-image-11 alignleft\" src=\"http:\/\/edublog.educastur.es\/el1recicla\/files\/2022\/10\/24823394-300x225.jpg\" alt=\"\" width=\"300\" height=\"225\" \/><\/p>\n<p><img loading=\"lazy\" decoding=\"async\" class=\"size-medium wp-image-663 alignleft\" src=\"http:\/\/edublog.educastur.es\/el1recicla\/files\/2024\/04\/IMG-20230424-WA0016-300x225.jpg\" alt=\"\" width=\"300\" height=\"225\" \/><\/p>\n<p><img loading=\"lazy\" decoding=\"async\" class=\"wp-image-563 alignleft\" src=\"http:\/\/edublog.educastur.es\/el1recicla\/files\/2024\/03\/24-300x265.png\" alt=\"\" width=\"155\" height=\"137\" srcset=\"https:\/\/edublog.educastur.es\/el1recicla\/files\/2024\/03\/24-300x265.png 300w, https:\/\/edublog.educastur.es\/el1recicla\/files\/2024\/03\/24.png 678w\" sizes=\"auto, (max-width: 155px) 100vw, 155px\" \/><\/p>\n<p style=\"text-align: center\"><span style=\"font-size: 10pt\">Los miembros de la com<\/span><span style=\"font-size: 10pt\">unidad educativa del<strong> IES N<\/strong><\/span><strong style=\"font-size: 10pt\">\u00famero 1<\/strong><span style=\"font-size: 10pt\"> de <\/span><strong style=\"font-size: 10pt\">Gij\u00f3n <\/strong><span style=\"font-size: 10pt\">te damos la bienvenida a este BLOG mediante el cual nos proponemos ofrecer informaci\u00f3n y recursos relacionados con nuestro centro en relaci\u00f3n a proyectos y actividades sobre <\/span><\/p>\n<p>&nbsp;<\/p>\n<p>&nbsp;<\/p>\n<p style=\"text-align: center\"><span style=\"color: #008000\"><strong>EL MEDIO<\/strong><\/span><span style=\"font-size: 10pt\"><span style=\"color: #008000\"><strong>\u00a0AMBIEN<\/strong><\/span><\/span><strong style=\"color: #008000;font-size: 10pt\">TE Y LA SOSTENIBI<\/strong><strong style=\"color: #008000;font-size: 10pt\">LIDAD<\/strong><\/p>\n<p><span style=\"font-size: 10pt\">Somos una comunidad educativa de un centro urbano, perteneciente a un barrio gijon\u00e9s muy vivo y con unas caracter\u00edsticas bien definidas, ese es nuestro entorno, el que nuestro alumnado conoce y recorre cada d\u00eda, y ese fue nuestro punto de partida.<\/span><\/p>\n<p><span style=\"font-size: 10pt\">Convertimos a los alumnos y alumnas en ciudadanos, les ofrecimos la oportunidad de conocer y poner en valor su ciudad, d\u00e1ndoles herramientas para ponerse manos a la obra en el empe\u00f1o de una ciudad sostenible, acorde con los objetivos de la Agenda 2030.<\/span><\/p>\n<p><span style=\"font-size: 10pt\"><strong>El IES N\u00famero 1 <\/strong>se caracteriza por su heterogeneidad; cuenta con gran n\u00famero de alumnado ya que aloja estudios de Secundaria, Bachillerato, seis familias profesionales de ciclos de For<\/span><span style=\"font-size: 10pt\">maci\u00f3n Profesional, presencial y a distancia y en reg\u00edmenes<\/span><span style=\"font-size: 10pt\">\u00a0diurno y vespertino distribuidos en casi 80 grupos.<\/span><\/p>\n<p><span style=\"font-size: 10pt\">Cuenta con una larga tradici\u00f3n en cuanto a participaci\u00f3n en programas institucionales, lo que ha fomentado el h\u00e1bito de promover <\/span><span style=\"font-size: 10pt\">\u00a0la innovaci\u00f3n y los grupos de trabajo como modelo de formaci\u00f3n del profesorado.<\/span><\/p>\n<p><img loading=\"lazy\" decoding=\"async\" class=\"wp-image-567 alignright\" style=\"font-size: 13.3333px\" src=\"http:\/\/edublog.educastur.es\/el1recicla\/files\/2024\/03\/odsN1-300x300.png\" alt=\"\" width=\"127\" height=\"127\" \/><strong><span style=\"font-size: 10pt\">Los Objetivos d<\/span><\/strong><strong><span style=\"font-size: 10pt\">e Desarrollo Sostenible y la Agenda 2030 son nuestro punto de partida en este proyecto.<\/span><\/strong><\/p>\n<p><span style=\"font-size: 10pt\">Desde las dis<\/span><span style=\"font-size: 10pt\">tintas materias abordamos este tema\u00a0, como el caso de <strong>Biolog\u00eda y Geolog\u00eda<\/strong>, que tiene un papel destacado al contribuir al logro de varios Objetivos de Desarrollo Sostenible (ODS) marcados en la Agenda 2030, como son \u00abHambre cero\u00bb, \u00abSalud y bienestar\u00bb, \u00abIgualdad de g\u00e9nero\u00bb, \u00abAgua limpia y saneamiento\u00bb, \u00abEnerg\u00eda asequible y no contaminante\u00bb, \u00abCiudades y comunidades sostenibles\u00bb, \u00abProducci\u00f3n y consumo responsables\u00bb, \u00abAcci\u00f3n por el clima\u00bb, \u00abVida submarina\u00bb y \u00abVida de ecosistemas terrestres\u00bb.<\/span><\/p>\n<p><span style=\"font-size: 10pt\">En <strong>Educaci\u00f3n F\u00edsica<\/strong> se recomienda apostar por una did\u00e1ctica alineada con los retos del siglo XXI y los Objetivos de Desarrollo Sostenible de la Agenda2030.<\/span><\/p>\n<p><span style=\"font-size: 10pt\">Tambi\u00e9n se menciona en <strong>Educaci\u00f3n Pl\u00e1stica y Visual<\/strong>, recomendando promover una reflexi\u00f3n \u00e9tica sobre las problem\u00e1ticas sociales actuales que nos rodean y comprometi\u00e9ndose con la sostenibilidad y con la Agenda 2030.<\/span><\/p>\n<p><span style=\"font-size: 10pt\">Se menciona en <strong>Geograf\u00eda e Historia <\/strong>utilizando herramientas\u00a0 para la consecuci\u00f3n de dichos objetivos.<\/span><\/p>\n<p><span style=\"font-size: 10pt\">Y en las <strong>disciplinas ling\u00fc\u00edsticas<\/strong>\u00a0han de estar en consonancia con el Objetivo de Desarrollo Sostenible.<\/span><\/p>\n<p style=\"text-align: center\"><span style=\"font-size: 10pt\"><strong><span style=\"color: #008000\">\u00abGarantizar una educaci\u00f3n inclusiva, equitativa y de calidad y promover oportunidades de aprendizaje durante toda la vida para todos\u00bb).\u00a0<\/span><\/strong><\/span><\/p>\n<p style=\"text-align: center\"><span style=\"font-size: 10pt\"><strong><span style=\"color: #008000\">IES N1 RECICLA<\/span><\/strong><\/span><\/p>\n<p style=\"text-align: center\"><span style=\"font-size: 10pt\">En este <strong><span style=\"color: #008000\"><em>proyecto<\/em><\/span><\/strong> participa todo el centro, profesorado, alumnado y, de forma muy especial, el personal de limpieza. <strong><span style=\"color: #008000\">Se ha conseguido integrar en el d\u00eda a d\u00eda del instituto.<\/span><\/strong><\/span><\/p>\n<p><span style=\"font-size: 10pt\">El proyecto cuenta\u00a0 con la participaci\u00f3n de profesorado perteneciente a todos los departamentos did\u00e1cticos. Cuenta con la participaci\u00f3n directa de ocho Departamentos y se est\u00e1 implementado en aulas de todos los niveles de ESO y 1\u00ba de Bachillerato.<\/span><\/p>\n<p><span style=\"font-size: 10pt\"><span style=\"color: #008000\"><strong>Decidimos <\/strong><\/span>poner en valor nuestra ciudad, Gij\u00f3n, propiciando una reflexi\u00f3n cr\u00edtica desdelas diferentes materias en las que ellos y ellas fueran conscientes de su responsabilidad como ciudadan\u00eda activa, de su papel en la sociedad.<\/span><\/p>\n<p><span style=\"font-size: 10pt\"><span style=\"color: #008000\"><strong>Decidimos<\/strong> <\/span>proponer a nuestro alumnado este <strong>reto<\/strong>: vivimos en una ciudad maravillosa que debemos cuidar. Es nuestra responsabilidad conocerla y protegerla.<\/span><\/p>\n<p><span style=\"font-size: 10pt\">As\u00ed, el eje central del proyecto es la propia ciudad de Gij\u00f3n, que se convierte en objeto de investigaci\u00f3n con el objetivo de conocer su pasado y su identidad para ponerlos en valor y con ello proyectar una idea de ciudad acorde con los compromisos de la Agenda 2030, sostenible, acogedora y abierta, culta e innovadora.<\/span><\/p>\n<p><span style=\"font-size: 10pt\">Es imprescindible proyectar el conocimiento en el entorno para lograr que nuestro alumnado sea competente y est\u00e9 preparado para ejercer una ciudadan\u00eda responsable.<\/span><\/p>\n<p><span style=\"font-size: 10pt\">Acercarnos a aspectos de la historia de la ciudad y valorar su patrimonio es la base sobre la que se podr\u00e1 trabajar por un desarrollo arm\u00f3nico que la convierta en el sitio donde deseamos vivir.<\/span><\/p>\n<p><span style=\"font-size: 10pt\">A menudo desconocemos la ciudad donde hemos nacido o donde vivimos, de ah\u00ed que ese sea el punto de partida necesario para ensanchar la mirada de nuestro alumnado, para generar su curiosidad y llevarlos a reflexionar de forma cr\u00edtica sobre nuestra responsabilidad en los cambios que acontecen a nuestro alrededor.<\/span><\/p>\n<p style=\"text-align: center\"><span style=\"font-size: 24pt\">ECOAUDITORIA<\/span><\/p>\n<p style=\"text-align: center\"><span style=\"color: #008000\"><strong>QU\u00c9 NERVIOS. LO TENEMOS TODO PREPARADO PARA LA <span style=\"font-size: 18pt\">ECOAUDITORIA<\/span><\/strong><\/span><\/p>\n<table class=\"visualLinkTable\" role=\"group\" border=\"0\" cellspacing=\"0\" cellpadding=\"0\" aria-label=\"&quot;R,R,R&quot; IES num 1\">\n<tbody>\n<tr class=\"visualLinkImageRow\" aria-hidden=\"true\">\n<td align=\"center\"><a href=\"https:\/\/sway.office.com\/RZiPUkDfMCyHpAMo?ref=email\" target=\"_blank\" rel=\"nofollow noopener noreferrer\"><img loading=\"lazy\" decoding=\"async\" class=\"visualLinkImage\" src=\"https:\/\/neu-www.sway-cdn.com\/\/sway\/v1.0\/RZiPUkDfMCyHpAMo\/thumbnailImage?imageId=Ww1vx7F2WJuZca&amp;width=600&amp;height=180&amp;isPreview=false\" width=\"600\" height=\"180\" \/><\/a><\/td>\n<\/tr>\n<tr class=\"visualLinkTitleRow\" aria-labelledby=\"visualLinkTitle\">\n<td class=\"visualLinkTitleCell\" aria-hidden=\"true\"><a href=\"https:\/\/sway.office.com\/RZiPUkDfMCyHpAMo?ref=email\" target=\"_blank\" rel=\"nofollow noopener noreferrer\"><span class=\"visualLinkTitle\" dir=\"ltr\">\u00abR,R,R\u00bb IES num 1<\/span><\/a><\/td>\n<\/tr>\n<tr class=\"visualLinkDescriptionRow\" aria-labelledby=\"visualLinkDescription\">\n<td class=\"visualLinkDescriptionCell\" aria-hidden=\"true\"><span class=\"visualLinkDescription\" dir=\"ltr\">Con este sway resumimos un poco la organizaci\u00f3n dentro del centro de la ubicaci\u00f3n de papeleras, contenedores etc para un mejor control del reciclaje.<\/span><\/td>\n<\/tr>\n<tr class=\"visualLinkButtonRow\">\n<td align=\"center\">\n<table border=\"0\" cellspacing=\"0\" cellpadding=\"0\">\n<tbody>\n<tr>\n<td align=\"center\"><a href=\"https:\/\/sway.office.com\/RZiPUkDfMCyHpAMo?ref=email\" target=\"_blank\" rel=\"nofollow noopener noreferrer\">Ir a este Sway<\/a><\/td>\n<\/tr>\n<\/tbody>\n<\/table>\n<\/td>\n<\/tr>\n<\/tbody>\n<\/table>\n<p style=\"text-align: center\">FICHA DIAGN\u00d3STICO<\/p>\n<p><a href=\"https:\/\/educastur-my.sharepoint.com\/:b:\/r\/personal\/lorenael_educastur_org\/Documents\/Attachments\/FICHA%20DIAGN%C3%93STICO%20IES%20N%201.pdf?csf=1&amp;web=1&amp;e=xCIMaX\">https:\/\/educastur-my.sharepoint.com\/:b:\/r\/personal\/lorenael_educastur_org\/Documents\/Attachments\/FICHA%20DIAGN%C3%93STICO%20IES%20N%201.pdf?csf=1&amp;web=1&amp;e=xCIMaX<\/a><\/p>\n<p>&nbsp;<\/p>\n","protected":false},"excerpt":{"rendered":"<p>ASISTIMOS A LOS SEMINARIOS DE INAGURACI\u00d3N. Los miembros de la comunidad educativa del IES N\u00famero 1 de Gij\u00f3n te damos la bienvenida a este BLOG mediante el cual nos proponemos ofrecer informaci\u00f3n y recursos relacionados con nuestro centro en relaci\u00f3n [&hellip;]<\/p>\n","protected":false},"author":1764,"featured_media":0,"parent":0,"menu_order":0,"comment_status":"closed","ping_status":"closed","template":"","meta":{"footnotes":""},"class_list":["post-480","page","type-page","status-publish","hentry"],"_links":{"self":[{"href":"https:\/\/edublog.educastur.es\/el1recicla\/wp-json\/wp\/v2\/pages\/480","targetHints":{"allow":["GET"]}}],"collection":[{"href":"https:\/\/edublog.educastur.es\/el1recicla\/wp-json\/wp\/v2\/pages"}],"about":[{"href":"https:\/\/edublog.educastur.es\/el1recicla\/wp-json\/wp\/v2\/types\/page"}],"author":[{"embeddable":true,"href":"https:\/\/edublog.educastur.es\/el1recicla\/wp-json\/wp\/v2\/users\/1764"}],"replies":[{"embeddable":true,"href":"https:\/\/edublog.educastur.es\/el1recicla\/wp-json\/wp\/v2\/comments?post=480"}],"version-history":[{"count":22,"href":"https:\/\/edublog.educastur.es\/el1recicla\/wp-json\/wp\/v2\/pages\/480\/revisions"}],"predecessor-version":[{"id":482,"href":"https:\/\/edublog.educastur.es\/el1recicla\/wp-json\/wp\/v2\/pages\/480\/revisions\/482"}],"wp:attachment":[{"href":"https:\/\/edublog.educastur.es\/el1recicla\/wp-json\/wp\/v2\/media?parent=480"}],"curies":[{"name":"wp","href":"https:\/\/api.w.org\/{rel}","templated":true}]}}

<p>ASISTIMOS A LOS SEMINARIOS DE INAGURACIÓN.</p>
<p><img loading="lazy" decoding="async" class="size-medium wp-image-28 alignleft" src="http://edublog.educastur.es/el1recicla/files/2022/11/IMG_8573-300x225.jpg" alt="" width="300" height="225" srcset="https://edublog.educastur.es/el1recicla/files/2022/11/IMG_8573-300x225.jpg 300w, https://edublog.educastur.es/el1recicla/files/2022/11/IMG_8573-1024x768.jpg 1024w, https://edublog.educastur.es/el1recicla/files/2022/11/IMG_8573-768x576.jpg 768w, https://edublog.educastur.es/el1recicla/files/2022/11/IMG_8573-1536x1152.jpg 1536w, https://edublog.educastur.es/el1recicla/files/2022/11/IMG_8573-2048x1536.jpg 2048w, https://edublog.educastur.es/el1recicla/files/2022/11/IMG_8573-1080x810.jpg 1080w" sizes="auto, (max-width: 300px) 100vw, 300px" /><img loading="lazy" decoding="async" class="size-medium wp-image-661 alignleft" src="http://edublog.educastur.es/el1recicla/files/2024/04/IMG-20230424-WA0017-300x225.jpg" alt="" width="300" height="225" srcset="https://edublog.educastur.es/el1recicla/files/2024/04/IMG-20230424-WA0017-300x225.jpg 300w, https://edublog.educastur.es/el1recicla/files/2024/04/IMG-20230424-WA0017.jpg 502w" sizes="auto, (max-width: 300px) 100vw, 300px" /></p>
<p><img loading="lazy" decoding="async" class="size-medium wp-image-11 alignleft" src="http://edublog.educastur.es/el1recicla/files/2022/10/24823394-300x225.jpg" alt="" width="300" height="225" /></p>
<p><img loading="lazy" decoding="async" class="size-medium wp-image-663 alignleft" src="http://edublog.educastur.es/el1recicla/files/2024/04/IMG-20230424-WA0016-300x225.jpg" alt="" width="300" height="225" /></p>
<p><img loading="lazy" decoding="async" class="wp-image-563 alignleft" src="http://edublog.educastur.es/el1recicla/files/2024/03/24-300x265.png" alt="" width="155" height="137" srcset="https://edublog.educastur.es/el1recicla/files/2024/03/24-300x265.png 300w, https://edublog.educastur.es/el1recicla/files/2024/03/24.png 678w" sizes="auto, (max-width: 155px) 100vw, 155px" /></p>
<p style="text-align: center"><span style="font-size: 10pt">Los miembros de la com</span><span style="font-size: 10pt">unidad educativa del<strong> IES N</strong></span><strong style="font-size: 10pt">úmero 1</strong><span style="font-size: 10pt"> de </span><strong style="font-size: 10pt">Gijón </strong><span style="font-size: 10pt">te damos la bienvenida a este BLOG mediante el cual nos proponemos ofrecer información y recursos relacionados con nuestro centro en relación a proyectos y actividades sobre </span></p>
<p>&nbsp;</p>
<p>&nbsp;</p>
<p style="text-align: center"><span style="color: #008000"><strong>EL MEDIO</strong></span><span style="font-size: 10pt"><span style="color: #008000"><strong> AMBIEN</strong></span></span><strong style="color: #008000;font-size: 10pt">TE Y LA SOSTENIBI</strong><strong style="color: #008000;font-size: 10pt">LIDAD</strong></p>
<p><span style="font-size: 10pt">Somos una comunidad educativa de un centro urbano, perteneciente a un barrio gijonés muy vivo y con unas características bien definidas, ese es nuestro entorno, el que nuestro alumnado conoce y recorre cada día, y ese fue nuestro punto de partida.</span></p>
<p><span style="font-size: 10pt">Convertimos a los alumnos y alumnas en ciudadanos, les ofrecimos la oportunidad de conocer y poner en valor su ciudad, dándoles herramientas para ponerse manos a la obra en el empeño de una ciudad sostenible, acorde con los objetivos de la Agenda 2030.</span></p>
<p><span style="font-size: 10pt"><strong>El IES Número 1 </strong>se caracteriza por su heterogeneidad; cuenta con gran número de alumnado ya que aloja estudios de Secundaria, Bachillerato, seis familias profesionales de ciclos de For</span><span style="font-size: 10pt">mación Profesional, presencial y a distancia y en regímenes</span><span style="font-size: 10pt"> diurno y vespertino distribuidos en casi 80 grupos.</span></p>
<p><span style="font-size: 10pt">Cuenta con una larga tradición en cuanto a participación en programas institucionales, lo que ha fomentado el hábito de promover </span><span style="font-size: 10pt"> la innovación y los grupos de trabajo como modelo de formación del profesorado.</span></p>
<p><img loading="lazy" decoding="async" class="wp-image-567 alignright" style="font-size: 13.3333px" src="http://edublog.educastur.es/el1recicla/files/2024/03/odsN1-300x300.png" alt="" width="127" height="127" /><strong><span style="font-size: 10pt">Los Objetivos d</span></strong><strong><span style="font-size: 10pt">e Desarrollo Sostenible y la Agenda 2030 son nuestro punto de partida en este proyecto.</span></strong></p>
<p><span style="font-size: 10pt">Desde las dis</span><span style="font-size: 10pt">tintas materias abordamos este tema , como el caso de <strong>Biología y Geología</strong>, que tiene un papel destacado al contribuir al logro de varios Objetivos de Desarrollo Sostenible (ODS) marcados en la Agenda 2030, como son «Hambre cero», «Salud y bienestar», «Igualdad de género», «Agua limpia y saneamiento», «Energía asequible y no contaminante», «Ciudades y comunidades sostenibles», «Producción y consumo responsables», «Acción por el clima», «Vida submarina» y «Vida de ecosistemas terrestres».</span></p>
<p><span style="font-size: 10pt">En <strong>Educación Física</strong> se recomienda apostar por una didáctica alineada con los retos del siglo XXI y los Objetivos de Desarrollo Sostenible de la Agenda2030.</span></p>
<p><span style="font-size: 10pt">También se menciona en <strong>Educación Plástica y Visual</strong>, recomendando promover una reflexión ética sobre las problemáticas sociales actuales que nos rodean y comprometiéndose con la sostenibilidad y con la Agenda 2030.</span></p>
<p><span style="font-size: 10pt">Se menciona en <strong>Geografía e Historia </strong>utilizando herramientas  para la consecución de dichos objetivos.</span></p>
<p><span style="font-size: 10pt">Y en las <strong>disciplinas lingüísticas</strong> han de estar en consonancia con el Objetivo de Desarrollo Sostenible.</span></p>
<p style="text-align: center"><span style="font-size: 10pt"><strong><span style="color: #008000">«Garantizar una educación inclusiva, equitativa y de calidad y promover oportunidades de aprendizaje durante toda la vida para todos»). </span></strong></span></p>
<p style="text-align: center"><span style="font-size: 10pt"><strong><span style="color: #008000">IES N1 RECICLA</span></strong></span></p>
<p style="text-align: center"><span style="font-size: 10pt">En este <strong><span style="color: #008000"><em>proyecto</em></span></strong> participa todo el centro, profesorado, alumnado y, de forma muy especial, el personal de limpieza. <strong><span style="color: #008000">Se ha conseguido integrar en el día a día del instituto.</span></strong></span></p>
<p><span style="font-size: 10pt">El proyecto cuenta  con la participación de profesorado perteneciente a todos los departamentos didácticos. Cuenta con la participación directa de ocho Departamentos y se está implementado en aulas de todos los niveles de ESO y 1º de Bachillerato.</span></p>
<p><span style="font-size: 10pt"><span style="color: #008000"><strong>Decidimos </strong></span>poner en valor nuestra ciudad, Gijón, propiciando una reflexión crítica desdelas diferentes materias en las que ellos y ellas fueran conscientes de su responsabilidad como ciudadanía activa, de su papel en la sociedad.</span></p>
<p><span style="font-size: 10pt"><span style="color: #008000"><strong>Decidimos</strong> </span>proponer a nuestro alumnado este <strong>reto</strong>: vivimos en una ciudad maravillosa que debemos cuidar. Es nuestra responsabilidad conocerla y protegerla.</span></p>
<p><span style="font-size: 10pt">Así, el eje central del proyecto es la propia ciudad de Gijón, que se convierte en objeto de investigación con el objetivo de conocer su pasado y su identidad para ponerlos en valor y con ello proyectar una idea de ciudad acorde con los compromisos de la Agenda 2030, sostenible, acogedora y abierta, culta e innovadora.</span></p>
<p><span style="font-size: 10pt">Es imprescindible proyectar el conocimiento en el entorno para lograr que nuestro alumnado sea competente y esté preparado para ejercer una ciudadanía responsable.</span></p>
<p><span style="font-size: 10pt">Acercarnos a aspectos de la historia de la ciudad y valorar su patrimonio es la base sobre la que se podrá trabajar por un desarrollo armónico que la convierta en el sitio donde deseamos vivir.</span></p>
<p><span style="font-size: 10pt">A menudo desconocemos la ciudad donde hemos nacido o donde vivimos, de ahí que ese sea el punto de partida necesario para ensanchar la mirada de nuestro alumnado, para generar su curiosidad y llevarlos a reflexionar de forma crítica sobre nuestra responsabilidad en los cambios que acontecen a nuestro alrededor.</span></p>
<p style="text-align: center"><span style="font-size: 24pt">ECOAUDITORIA</span></p>
<p style="text-align: center"><span style="color: #008000"><strong>QUÉ NERVIOS. LO TENEMOS TODO PREPARADO PARA LA <span style="font-size: 18pt">ECOAUDITORIA</span></strong></span></p>
<table class="visualLinkTable" role="group" border="0" cellspacing="0" cellpadding="0" aria-label="&quot;R,R,R&quot; IES num 1">
<tbody>
<tr class="visualLinkImageRow" aria-hidden="true">
<td align="center"><a href="https://sway.office.com/RZiPUkDfMCyHpAMo?ref=email" target="_blank" rel="nofollow noopener noreferrer"><img loading="lazy" decoding="async" class="visualLinkImage" src="https://neu-www.sway-cdn.com//sway/v1.0/RZiPUkDfMCyHpAMo/thumbnailImage?imageId=Ww1vx7F2WJuZca&amp;width=600&amp;height=180&amp;isPreview=false" width="600" height="180" /></a></td>
</tr>
<tr class="visualLinkTitleRow" aria-labelledby="visualLinkTitle">
<td class="visualLinkTitleCell" aria-hidden="true"><a href="https://sway.office.com/RZiPUkDfMCyHpAMo?ref=email" target="_blank" rel="nofollow noopener noreferrer"><span class="visualLinkTitle" dir="ltr">«R,R,R» IES num 1</span></a></td>
</tr>
<tr class="visualLinkDescriptionRow" aria-labelledby="visualLinkDescription">
<td class="visualLinkDescriptionCell" aria-hidden="true"><span class="visualLinkDescription" dir="ltr">Con este sway resumimos un poco la organización dentro del centro de la ubicación de papeleras, contenedores etc para un mejor control del reciclaje.</span></td>
</tr>
<tr class="visualLinkButtonRow">
<td align="center">
<table border="0" cellspacing="0" cellpadding="0">
<tbody>
<tr>
<td align="center"><a href="https://sway.office.com/RZiPUkDfMCyHpAMo?ref=email" target="_blank" rel="nofollow noopener noreferrer">Ir a este Sway</a></td>
</tr>
</tbody>
</table>
</td>
</tr>
</tbody>
</table>
<p style="text-align: center">FICHA DIAGNÓSTICO</p>
<p><a href="https://educastur-my.sharepoint.com/:b:/r/personal/lorenael_educastur_org/Documents/Attachments/FICHA%20DIAGN%C3%93STICO%20IES%20N%201.pdf?csf=1&amp;web=1&amp;e=xCIMaX">https://educastur-my.sharepoint.com/:b:/r/personal/lorenael_educastur_org/Documents/Attachments/FICHA%20DIAGN%C3%93STICO%20IES%20N%201.pdf?csf=1&amp;web=1&amp;e=xCIMaX</a></p>
<p>&nbsp;</p>

<p>ASISTIMOS A LOS SEMINARIOS DE INAGURACIÓN. Los miembros de la comunidad educativa del IES Número 1 de Gijón te damos la bienvenida a este BLOG mediante el cual nos proponemos ofrecer información y recursos relacionados con nuestro centro en relación [&hellip;]</p>
