{"id":6,"date":"2024-10-22T18:40:00","date_gmt":"2024-10-22T16:40:00","guid":{"rendered":"https:\/\/edublog.educastur.es\/elenamariaalvarezdiaz1\/?page_id=6"},"modified":"2024-10-22T23:59:31","modified_gmt":"2024-10-22T21:59:31","slug":"acerca-del-blog","status":"publish","type":"page","link":"https:\/\/edublog.educastur.es\/elenamariaalvarezdiaz1\/acerca-del-blog\/","title":{"rendered":"Acerca del blog"},"content":{"rendered":"<p style=\"text-align: left\"><span style=\"font-family: arial, helvetica, sans-serif\">Mi nombre es Elena M\u00aa \u00c1lvarez D\u00edaz y soy logopeda en el CEE \u00c1ngel de la Guarda (Gij\u00f3n). <\/span><span style=\"font-family: arial, helvetica, sans-serif\">Utilizar\u00e9 mi primer Blog como Diario de aprendizaje durante la formaci\u00f3n de Competencia Digital Docente B1.<\/span><\/p>\n<p style=\"text-align: left\">Todo el contenido se encuentra bajo licencia de Creative Commons<\/p>\n<p style=\"text-align: left\"><a href=\"https:\/\/edublog.educastur.es\/elenamariaalvarezdiaz1\/\" target=\"_blank\" rel=\"cc:attributionURL noopener noreferrer\">Competencia Digital B1: Diario de aprendizaje\u00a0<\/a>\u00a9 2024\u00a0by\u00a0Elena M\u00aa \u00c1lvarez D\u00edaz\u00a0is licensed under\u00a0<a href=\"https:\/\/creativecommons.org\/licenses\/by-nc-nd\/4.0\/?ref=chooser-v1\" target=\"_blank\" rel=\"license noopener noreferrer\">CC BY-NC-ND 4.0\u00a0<\/a><\/p>\n<p><a href=\"https:\/\/creativecommons.org\/licenses\/by-nc-nd\/4.0\/?ref=chooser-v1\" target=\"_blank\" rel=\"license noopener noreferrer\"><span class=\"icon\" data-v-a0d4e8a8=\"\"><img loading=\"lazy\" decoding=\"async\" class=\"alignleft\" src=\"https:\/\/chooser-beta.creativecommons.org\/img\/cc-logo.f0ab4ebe.svg\" width=\"30\" height=\"30\" data-v-a0d4e8a8=\"\" \/><img loading=\"lazy\" decoding=\"async\" class=\"alignleft\" src=\"https:\/\/chooser-beta.creativecommons.org\/img\/cc-by.21b728bb.svg\" width=\"30\" height=\"30\" data-v-a0d4e8a8=\"\" \/><img loading=\"lazy\" decoding=\"async\" class=\"alignleft\" src=\"https:\/\/chooser-beta.creativecommons.org\/img\/cc-nc.218f18fc.svg\" width=\"30\" height=\"30\" data-v-a0d4e8a8=\"\" \/><img loading=\"lazy\" decoding=\"async\" class=\"alignleft\" src=\"https:\/\/chooser-beta.creativecommons.org\/img\/cc-nd.de89fdeb.svg\" width=\"30\" height=\"30\" data-v-a0d4e8a8=\"\" \/><\/span><\/a><\/p>\n","protected":false},"excerpt":{"rendered":"<p>Mi nombre es Elena M\u00aa \u00c1lvarez D\u00edaz y soy logopeda en el CEE \u00c1ngel de la Guarda (Gij\u00f3n). Utilizar\u00e9 mi primer Blog como Diario de aprendizaje durante la formaci\u00f3n de Competencia Digital Docente B1. Todo el contenido se encuentra bajo licencia de Creative Commons Competencia Digital B1: Diario de aprendizaje\u00a0\u00a9 2024\u00a0by\u00a0Elena M\u00aa \u00c1lvarez D\u00edaz\u00a0is licensed [&hellip;]<\/p>\n","protected":false},"author":6101,"featured_media":0,"parent":0,"menu_order":0,"comment_status":"closed","ping_status":"closed","template":"","meta":{"footnotes":""},"class_list":["post-6","page","type-page","status-publish","hentry","post-preview"],"_links":{"self":[{"href":"https:\/\/edublog.educastur.es\/elenamariaalvarezdiaz1\/wp-json\/wp\/v2\/pages\/6","targetHints":{"allow":["GET"]}}],"collection":[{"href":"https:\/\/edublog.educastur.es\/elenamariaalvarezdiaz1\/wp-json\/wp\/v2\/pages"}],"about":[{"href":"https:\/\/edublog.educastur.es\/elenamariaalvarezdiaz1\/wp-json\/wp\/v2\/types\/page"}],"author":[{"embeddable":true,"href":"https:\/\/edublog.educastur.es\/elenamariaalvarezdiaz1\/wp-json\/wp\/v2\/users\/6101"}],"replies":[{"embeddable":true,"href":"https:\/\/edublog.educastur.es\/elenamariaalvarezdiaz1\/wp-json\/wp\/v2\/comments?post=6"}],"version-history":[{"count":10,"href":"https:\/\/edublog.educastur.es\/elenamariaalvarezdiaz1\/wp-json\/wp\/v2\/pages\/6\/revisions"}],"predecessor-version":[{"id":54,"href":"https:\/\/edublog.educastur.es\/elenamariaalvarezdiaz1\/wp-json\/wp\/v2\/pages\/6\/revisions\/54"}],"wp:attachment":[{"href":"https:\/\/edublog.educastur.es\/elenamariaalvarezdiaz1\/wp-json\/wp\/v2\/media?parent=6"}],"curies":[{"name":"wp","href":"https:\/\/api.w.org\/{rel}","templated":true}]}}

<p style="text-align: left"><span style="font-family: arial, helvetica, sans-serif">Mi nombre es Elena Mª Álvarez Díaz y soy logopeda en el CEE Ángel de la Guarda (Gijón). </span><span style="font-family: arial, helvetica, sans-serif">Utilizaré mi primer Blog como Diario de aprendizaje durante la formación de Competencia Digital Docente B1.</span></p>
<p style="text-align: left">Todo el contenido se encuentra bajo licencia de Creative Commons</p>
<p style="text-align: left"><a href="https://edublog.educastur.es/elenamariaalvarezdiaz1/" target="_blank" rel="cc:attributionURL noopener noreferrer">Competencia Digital B1: Diario de aprendizaje </a>© 2024 by Elena Mª Álvarez Díaz is licensed under <a href="https://creativecommons.org/licenses/by-nc-nd/4.0/?ref=chooser-v1" target="_blank" rel="license noopener noreferrer">CC BY-NC-ND 4.0 </a></p>
<p><a href="https://creativecommons.org/licenses/by-nc-nd/4.0/?ref=chooser-v1" target="_blank" rel="license noopener noreferrer"><span class="icon" data-v-a0d4e8a8=""><img loading="lazy" decoding="async" class="alignleft" src="https://chooser-beta.creativecommons.org/img/cc-logo.f0ab4ebe.svg" width="30" height="30" data-v-a0d4e8a8="" /><img loading="lazy" decoding="async" class="alignleft" src="https://chooser-beta.creativecommons.org/img/cc-by.21b728bb.svg" width="30" height="30" data-v-a0d4e8a8="" /><img loading="lazy" decoding="async" class="alignleft" src="https://chooser-beta.creativecommons.org/img/cc-nc.218f18fc.svg" width="30" height="30" data-v-a0d4e8a8="" /><img loading="lazy" decoding="async" class="alignleft" src="https://chooser-beta.creativecommons.org/img/cc-nd.de89fdeb.svg" width="30" height="30" data-v-a0d4e8a8="" /></span></a></p>

<p>Mi nombre es Elena Mª Álvarez Díaz y soy logopeda en el CEE Ángel de la Guarda (Gijón). Utilizaré mi primer Blog como Diario de aprendizaje durante la formación de Competencia Digital Docente B1. Todo el contenido se encuentra bajo licencia de Creative Commons Competencia Digital B1: Diario de aprendizaje © 2024 by Elena Mª Álvarez Díaz is licensed [&hellip;]</p>
