{"id":205,"date":"2023-01-24T21:44:34","date_gmt":"2023-01-24T21:44:34","guid":{"rendered":"https:\/\/edublog.educastur.es\/entornosanpedro2223\/?page_id=205"},"modified":"2023-05-29T17:41:33","modified_gmt":"2023-05-29T17:41:33","slug":"una-escuela-que-rompe-barreras","status":"publish","type":"page","link":"https:\/\/edublog.educastur.es\/entornosanpedro2223\/una-escuela-que-rompe-barreras\/","title":{"rendered":"UNA ESCUELA QUE ROMPE BARRERAS"},"content":{"rendered":"<p><a href=\"http:\/\/edublog.educastur.es\/entornosanpedro2223\/files\/2023\/02\/Imagotipo-Asturias-naranja-ayuda-pantone-pantalla-4000x.png\"><img loading=\"lazy\" decoding=\"async\" class=\"aligncenter size-full wp-image-262\" src=\"http:\/\/edublog.educastur.es\/entornosanpedro2223\/files\/2023\/02\/Imagotipo-Asturias-naranja-ayuda-pantone-pantalla-4000x.png\" alt=\"\" width=\"4000\" height=\"615\" srcset=\"https:\/\/edublog.educastur.es\/entornosanpedro2223\/files\/2023\/02\/Imagotipo-Asturias-naranja-ayuda-pantone-pantalla-4000x.png 4000w, https:\/\/edublog.educastur.es\/entornosanpedro2223\/files\/2023\/02\/Imagotipo-Asturias-naranja-ayuda-pantone-pantalla-4000x-300x46.png 300w, https:\/\/edublog.educastur.es\/entornosanpedro2223\/files\/2023\/02\/Imagotipo-Asturias-naranja-ayuda-pantone-pantalla-4000x-1024x157.png 1024w, https:\/\/edublog.educastur.es\/entornosanpedro2223\/files\/2023\/02\/Imagotipo-Asturias-naranja-ayuda-pantone-pantalla-4000x-768x118.png 768w, https:\/\/edublog.educastur.es\/entornosanpedro2223\/files\/2023\/02\/Imagotipo-Asturias-naranja-ayuda-pantone-pantalla-4000x-1536x236.png 1536w, https:\/\/edublog.educastur.es\/entornosanpedro2223\/files\/2023\/02\/Imagotipo-Asturias-naranja-ayuda-pantone-pantalla-4000x-2048x315.png 2048w, https:\/\/edublog.educastur.es\/entornosanpedro2223\/files\/2023\/02\/Imagotipo-Asturias-naranja-ayuda-pantone-pantalla-4000x-676x104.png 676w\" sizes=\"auto, (max-width: 4000px) 100vw, 4000px\" \/><\/a><br \/>\n\n<!-- iframe plugin v.6.0 wordpress.org\/plugins\/iframe\/ -->\n<iframe loading=\"lazy\" width=\"90%\" height=\"450\" src=\"https:\/\/www.youtube.com\/embed\/0lp_liQ5gtw\" scrolling=\"yes\" class=\"iframe-class\" frameborder=\"0\"><\/iframe>\n<\/p>\n<p>&nbsp;<\/p>\n<p><strong>Arranque de una particular Escuela de Familias <\/strong><\/p>\n<p>El pasado 24 de febrero, se inici\u00f3 en el colegio el trabajo con las familias de alumnado. Se ha creado este espacio para favorecer su participaci\u00f3n en actividades del colegio, promoviendo su presencia y su colaboraci\u00f3n. Se lleva a cabo con el apoyo de Ayuda en Acci\u00f3n, que cada viernes nos acompa\u00f1ar\u00e1n en horario de 10h a 11.30h aproximadamente. Se abre la invitaci\u00f3n a todas las familias que os quer\u00e1is unir a este espacio, en el que tambi\u00e9n se podr\u00e1n abordar contenidos de inter\u00e9s tem\u00e1tico que quer\u00e1is proponer.<\/p>\n<p>La primera de las sesiones de trabajo fue una salida al Parque San Francisco, de la que han salido ya muchas intenciones de colaboraci\u00f3n y grandes ideas.<\/p>\n<p>\u00a1\u00a1\u00a1\u00a1\u00a1\u00a1Animaros!!!!!<\/p>\n<p><a href=\"http:\/\/edublog.educastur.es\/entornosanpedro2223\/files\/2023\/02\/WhatsApp-Image-2023-02-24-at-12.00.37-1.jpeg\"><img loading=\"lazy\" decoding=\"async\" class=\"wp-image-261 alignnone\" src=\"http:\/\/edublog.educastur.es\/entornosanpedro2223\/files\/2023\/02\/WhatsApp-Image-2023-02-24-at-12.00.37-1-225x300.jpeg\" alt=\"\" width=\"172\" height=\"229\" srcset=\"https:\/\/edublog.educastur.es\/entornosanpedro2223\/files\/2023\/02\/WhatsApp-Image-2023-02-24-at-12.00.37-1-225x300.jpeg 225w, https:\/\/edublog.educastur.es\/entornosanpedro2223\/files\/2023\/02\/WhatsApp-Image-2023-02-24-at-12.00.37-1-676x901.jpeg 676w, https:\/\/edublog.educastur.es\/entornosanpedro2223\/files\/2023\/02\/WhatsApp-Image-2023-02-24-at-12.00.37-1.jpeg 768w\" sizes=\"auto, (max-width: 172px) 100vw, 172px\" \/><\/a><\/p>\n<p class=\"x_MsoNormal\"><b>D\u00eda de la mujer \u00a0y lectura compartida<\/b><\/p>\n<p class=\"x_MsoNormal\">La sesi\u00f3n de la Escuela de Familias del viernes 10 de marzo, con 7 mujeres muy comprometidas, se centr\u00f3 en descubrir, con motivo de la semana de celebraci\u00f3n del\u00a0<b>D\u00eda de la Mujer<\/b>, cuales son nuestras mujeres de referencia, importantes para nosotras en la vida. La respuesta fue un\u00e1nime, llegando todas a compartir que eran nuestras madres, las referentes de nuestra historia, por su apoyo hacia nosotras y su lucha en la vida.<\/p>\n<p class=\"x_MsoNormal\">Hubo tiempo tambi\u00e9n de compartir una lectura, que aunque cuesta un poco, permite poner en valor la motivaci\u00f3n y actitud por seguir aprendiendo, y adem\u00e1s con la mirada puesta en leer alg\u00fan d\u00eda en clase en el cole.<\/p>\n<p class=\"x_MsoNormal\">\u00a1\u00a1\u00a1Seguiremos cada semana!!!!<\/p>\n<p class=\"x_MsoNormal\">Recordamos a todas las familias que es el espacio est\u00e1 abierto todos los viernes de 10h a 11h en el propio colegio<\/p>\n<p>&nbsp;<\/p>\n<p style=\"font-weight: 400\"><strong>Varias actividades con familias del colegio<\/strong><\/p>\n<p style=\"font-weight: 400\">Desde el espacio de la Escuela de Familias del colegio, seguimos trabajando para favorecer la participaci\u00f3n de las mam\u00e1s y pap\u00e1s en las actividades del cole.<\/p>\n<p style=\"font-weight: 400\">Tenemos dos actividades bonitas que os compartimos por si fuera de vuestro inter\u00e9s participar junto a las familias que ya han confirmado:<\/p>\n<p style=\"font-weight: 400\">&#8211;\u00a0\u00a0\u00a0\u00a0\u00a0\u00a0 Una <strong>tertulia literaria<\/strong> dial\u00f3gica sobre el cuento ALADINO Y LA L\u00c1MPARA MARAVILLOSA, con alumnado de 2\u00ba de Educaci\u00f3n Primaria, los lunes 15-22 y 29 de mayo a las 13h.<\/p>\n<p style=\"font-weight: 400\">&#8211;\u00a0\u00a0\u00a0\u00a0\u00a0\u00a0 La colaboraci\u00f3n para la <strong>fiesta de graduaci\u00f3n<\/strong>: lunes 15 de mayo a las 15h y viernes 19 de mayo a las 9h.<\/p>\n<p style=\"font-weight: 400\">Trabajamos tambi\u00e9n en el espacio para reforzar la <strong>alfabetizaci\u00f3n del espa\u00f1ol<\/strong> para mam\u00e1s que lo necesitan: siempre predispuestas y con muchas ganas de aprender.<\/p>\n<p style=\"font-weight: 400\">Nos vemos siempre los viernes a las 10h.<\/p>\n<p style=\"font-weight: 400\">\u00a1\u00a1\u00a1Os animamos a venir!!!<\/p>\n<p><a href=\"http:\/\/edublog.educastur.es\/entornosanpedro2223\/files\/2023\/05\/alfabetizacion-con-familias-rotated.jpeg\"><img loading=\"lazy\" decoding=\"async\" class=\"aligncenter size-full wp-image-314\" src=\"http:\/\/edublog.educastur.es\/entornosanpedro2223\/files\/2023\/05\/alfabetizacion-con-familias-rotated.jpeg\" alt=\"\" width=\"2000\" height=\"1500\" srcset=\"https:\/\/edublog.educastur.es\/entornosanpedro2223\/files\/2023\/05\/alfabetizacion-con-familias-rotated.jpeg 2000w, https:\/\/edublog.educastur.es\/entornosanpedro2223\/files\/2023\/05\/alfabetizacion-con-familias-300x225.jpeg 300w, https:\/\/edublog.educastur.es\/entornosanpedro2223\/files\/2023\/05\/alfabetizacion-con-familias-1024x768.jpeg 1024w, https:\/\/edublog.educastur.es\/entornosanpedro2223\/files\/2023\/05\/alfabetizacion-con-familias-768x576.jpeg 768w, https:\/\/edublog.educastur.es\/entornosanpedro2223\/files\/2023\/05\/alfabetizacion-con-familias-1536x1152.jpeg 1536w, https:\/\/edublog.educastur.es\/entornosanpedro2223\/files\/2023\/05\/alfabetizacion-con-familias-676x507.jpeg 676w\" sizes=\"auto, (max-width: 2000px) 100vw, 2000px\" \/><\/a><\/p>\n<p><a href=\"http:\/\/edublog.educastur.es\/entornosanpedro2223\/files\/2023\/05\/Captura-de-pantalla-2023-05-14-a-las-11.33.07.png\"><img loading=\"lazy\" decoding=\"async\" class=\"aligncenter size-full wp-image-316\" src=\"http:\/\/edublog.educastur.es\/entornosanpedro2223\/files\/2023\/05\/Captura-de-pantalla-2023-05-14-a-las-11.33.07.png\" alt=\"\" width=\"938\" height=\"328\" srcset=\"https:\/\/edublog.educastur.es\/entornosanpedro2223\/files\/2023\/05\/Captura-de-pantalla-2023-05-14-a-las-11.33.07.png 938w, https:\/\/edublog.educastur.es\/entornosanpedro2223\/files\/2023\/05\/Captura-de-pantalla-2023-05-14-a-las-11.33.07-300x105.png 300w, https:\/\/edublog.educastur.es\/entornosanpedro2223\/files\/2023\/05\/Captura-de-pantalla-2023-05-14-a-las-11.33.07-768x269.png 768w, https:\/\/edublog.educastur.es\/entornosanpedro2223\/files\/2023\/05\/Captura-de-pantalla-2023-05-14-a-las-11.33.07-676x236.png 676w\" sizes=\"auto, (max-width: 938px) 100vw, 938px\" \/><\/a><\/p>\n<p>&nbsp;<\/p>\n<p>&nbsp;<\/p>\n<p style=\"font-weight: 400\"><strong>Tertulias literarias con la participaci\u00f3n de las familias del colegio.<\/strong><\/p>\n<p style=\"font-weight: 400\"><strong>\u00a0<\/strong><\/p>\n<p style=\"font-weight: 400\">A lo largo de tres sesiones de trabajo, el alumnado de 2\u00ba de Educaci\u00f3n Primaria del colegio ha participado en las tertulias literarias dial\u00f3gicas, un encuentro abierto a la comunidad educativa para compartir una obra literaria y reflexionar sobre ella siguiendo los principios del aprendizaje dial\u00f3gico. En este caso, hicimos la lectura del cuento <strong><em>Aladino y la l\u00e1mpara maravillosa<\/em><\/strong>. Fue un lugar de encuentro con profesorado, pap\u00e1s y mam\u00e1s de alumnado y estuvo coordinado por Ayuda en Acci\u00f3n dentro de las acciones de Una Estrategia que Rompe Barreras, que desde enero desarrolla en el colegio. A lo largo de 3 semanas el alumnado comparti\u00f3 las p\u00e1ginas y la reflexi\u00f3n que el cuento les generaba: compartimos magia, magos y genios, pr\u00edncipe y princesa, ilusiones, miedos, supersticiones, culturas, tradiciones, pa\u00edses, amor, esperanza y un final bien feliz. Se desarroll\u00f3 en un ambiente muy participativo y cooperativo por parte del alumnado y familias y ha sido una experiencia inolvidable que esperamos poder repetir.<\/p>\n<p style=\"font-weight: 400\">Muchas gracias a las m\u00e1s de diez familias que participaron en el aula. Gracias, a los ni\u00f1os y ni\u00f1as en el aula por vuestro entusiasmo y motivaci\u00f3n y gracias a Laura, por confiar en una metodolog\u00eda de trabajo nueva que tan bien funcion\u00f3. Gracias tambi\u00e9n al AMPA del CP San Pedro de los Arcos por su implicaci\u00f3n y la <strong>l\u00e1mpara maravillosa<\/strong> que pudimos frotar en la \u00faltima de las sesiones pidiendo nuestros deseos m\u00e1s honrados.<\/p>\n<p style=\"font-weight: 400\">Un placer<\/p>\n<p>&nbsp;<\/p>\n<p><a href=\"http:\/\/edublog.educastur.es\/entornosanpedro2223\/files\/2023\/05\/20230529_130516-en-taman\u0303o-mediano.jpeg\"><img loading=\"lazy\" decoding=\"async\" class=\"wp-image-323 alignright\" src=\"http:\/\/edublog.educastur.es\/entornosanpedro2223\/files\/2023\/05\/20230529_130516-en-taman\u0303o-mediano.jpeg\" alt=\"\" width=\"357\" height=\"268\" srcset=\"https:\/\/edublog.educastur.es\/entornosanpedro2223\/files\/2023\/05\/20230529_130516-en-taman\u0303o-mediano.jpeg 640w, https:\/\/edublog.educastur.es\/entornosanpedro2223\/files\/2023\/05\/20230529_130516-en-taman\u0303o-mediano-300x225.jpeg 300w\" sizes=\"auto, (max-width: 357px) 100vw, 357px\" \/><\/a><\/p>\n<p><a href=\"http:\/\/edublog.educastur.es\/entornosanpedro2223\/files\/2023\/05\/lampara-maravillosa.jpeg\"><img loading=\"lazy\" decoding=\"async\" class=\"wp-image-319 alignleft\" src=\"http:\/\/edublog.educastur.es\/entornosanpedro2223\/files\/2023\/05\/lampara-maravillosa.jpeg\" alt=\"\" width=\"468\" height=\"351\" srcset=\"https:\/\/edublog.educastur.es\/entornosanpedro2223\/files\/2023\/05\/lampara-maravillosa.jpeg 2000w, https:\/\/edublog.educastur.es\/entornosanpedro2223\/files\/2023\/05\/lampara-maravillosa-300x225.jpeg 300w, https:\/\/edublog.educastur.es\/entornosanpedro2223\/files\/2023\/05\/lampara-maravillosa-1024x768.jpeg 1024w, https:\/\/edublog.educastur.es\/entornosanpedro2223\/files\/2023\/05\/lampara-maravillosa-768x576.jpeg 768w, https:\/\/edublog.educastur.es\/entornosanpedro2223\/files\/2023\/05\/lampara-maravillosa-1536x1152.jpeg 1536w, https:\/\/edublog.educastur.es\/entornosanpedro2223\/files\/2023\/05\/lampara-maravillosa-676x507.jpeg 676w\" sizes=\"auto, (max-width: 468px) 100vw, 468px\" \/><\/a> <a href=\"http:\/\/edublog.educastur.es\/entornosanpedro2223\/files\/2023\/05\/terulia.jpeg\"><img loading=\"lazy\" decoding=\"async\" class=\"wp-image-320 alignright\" src=\"http:\/\/edublog.educastur.es\/entornosanpedro2223\/files\/2023\/05\/terulia.jpeg\" alt=\"\" width=\"464\" height=\"348\" srcset=\"https:\/\/edublog.educastur.es\/entornosanpedro2223\/files\/2023\/05\/terulia.jpeg 2000w, https:\/\/edublog.educastur.es\/entornosanpedro2223\/files\/2023\/05\/terulia-300x225.jpeg 300w, https:\/\/edublog.educastur.es\/entornosanpedro2223\/files\/2023\/05\/terulia-1024x768.jpeg 1024w, https:\/\/edublog.educastur.es\/entornosanpedro2223\/files\/2023\/05\/terulia-768x576.jpeg 768w, https:\/\/edublog.educastur.es\/entornosanpedro2223\/files\/2023\/05\/terulia-1536x1152.jpeg 1536w, https:\/\/edublog.educastur.es\/entornosanpedro2223\/files\/2023\/05\/terulia-676x507.jpeg 676w\" sizes=\"auto, (max-width: 464px) 100vw, 464px\" \/><\/a><\/p>\n<p><a href=\"http:\/\/edublog.educastur.es\/entornosanpedro2223\/files\/2023\/05\/20230529_130449-en-taman\u0303o-mediano.jpeg\"><img loading=\"lazy\" decoding=\"async\" class=\"wp-image-322 alignleft\" src=\"http:\/\/edublog.educastur.es\/entornosanpedro2223\/files\/2023\/05\/20230529_130449-en-taman\u0303o-mediano.jpeg\" alt=\"\" width=\"437\" height=\"328\" srcset=\"https:\/\/edublog.educastur.es\/entornosanpedro2223\/files\/2023\/05\/20230529_130449-en-taman\u0303o-mediano.jpeg 640w, https:\/\/edublog.educastur.es\/entornosanpedro2223\/files\/2023\/05\/20230529_130449-en-taman\u0303o-mediano-300x225.jpeg 300w\" sizes=\"auto, (max-width: 437px) 100vw, 437px\" \/><\/a><\/p>\n","protected":false},"excerpt":{"rendered":"<p>&nbsp; Arranque de una particular Escuela de Familias El pasado 24 de febrero, se inici\u00f3 en el colegio el trabajo con las familias de alumnado. Se ha creado este espacio para favorecer su participaci\u00f3n en actividades del colegio, promoviendo su presencia y su colaboraci\u00f3n. Se lleva a cabo con el apoyo de Ayuda en Acci\u00f3n, [&hellip;]<\/p>\n","protected":false},"author":102,"featured_media":0,"parent":0,"menu_order":0,"comment_status":"closed","ping_status":"closed","template":"","meta":{"footnotes":""},"class_list":["post-205","page","type-page","status-publish","hentry","post-preview"],"_links":{"self":[{"href":"https:\/\/edublog.educastur.es\/entornosanpedro2223\/wp-json\/wp\/v2\/pages\/205","targetHints":{"allow":["GET"]}}],"collection":[{"href":"https:\/\/edublog.educastur.es\/entornosanpedro2223\/wp-json\/wp\/v2\/pages"}],"about":[{"href":"https:\/\/edublog.educastur.es\/entornosanpedro2223\/wp-json\/wp\/v2\/types\/page"}],"author":[{"embeddable":true,"href":"https:\/\/edublog.educastur.es\/entornosanpedro2223\/wp-json\/wp\/v2\/users\/102"}],"replies":[{"embeddable":true,"href":"https:\/\/edublog.educastur.es\/entornosanpedro2223\/wp-json\/wp\/v2\/comments?post=205"}],"version-history":[{"count":10,"href":"https:\/\/edublog.educastur.es\/entornosanpedro2223\/wp-json\/wp\/v2\/pages\/205\/revisions"}],"predecessor-version":[{"id":326,"href":"https:\/\/edublog.educastur.es\/entornosanpedro2223\/wp-json\/wp\/v2\/pages\/205\/revisions\/326"}],"wp:attachment":[{"href":"https:\/\/edublog.educastur.es\/entornosanpedro2223\/wp-json\/wp\/v2\/media?parent=205"}],"curies":[{"name":"wp","href":"https:\/\/api.w.org\/{rel}","templated":true}]}}