{"id":273,"date":"2022-04-08T11:03:13","date_gmt":"2022-04-08T11:03:13","guid":{"rendered":"https:\/\/edublog.educastur.es\/erasmusiesconcejodetineo\/?page_id=273"},"modified":"2024-02-06T12:44:53","modified_gmt":"2024-02-06T12:44:53","slug":"acerca-de-nuestro-ies","status":"publish","type":"page","link":"https:\/\/edublog.educastur.es\/erasmusiesconcejodetineo\/","title":{"rendered":"Acerca de nuestro IES"},"content":{"rendered":"<p style=\"text-align: justify\">El IES Concejo de Tineo es un centro p\u00fablico dependiente de la Consejer\u00eda de Educaci\u00f3n y Cultura del Principado de Asturias que imparte ciclos formativos pertenecientes a las familias profesionales de Agraria, y de Administraci\u00f3n y Gesti\u00f3n, m\u00e1s concretamente, el ciclo de Aprovechamiento y Conservaci\u00f3n del Medio Natural, de grado medio; y los de Gesti\u00f3n Forestal y del Medio Natural; y Administraci\u00f3n y Finanzas, de grado superior.<\/p>\n<p style=\"text-align: justify\">En todos ellos se incluye un m\u00f3dulo de Formaci\u00f3n en Centros de Trabajo (FCTs) obligatorio que se realiza en empresas del sector profesional correspondiente.<\/p>\n<p style=\"text-align: justify\">Nuestro centro participa en programas que promueven la movilidad de estudiantes a nivel europeo, de tal forma que el alumnado de Formaci\u00f3n Profesional puede realizar el m\u00f3dulo de FCT en empresas o instituciones, algunas en otros pa\u00edses de la Uni\u00f3n Europea mediante el Programa Erasmus+. Estas movilidades se realizan con el objeto de favorecer la formaci\u00f3n a nivel europeo, y mejorar las competencias profesionales y personales del alumnado y profesorado participante en las mismas.<\/p>\n<p style=\"text-align: justify\"><img loading=\"lazy\" decoding=\"async\" class=\"alignnone size-medium wp-image-491\" src=\"http:\/\/edublog.educastur.es\/erasmusiesconcejodetineo\/files\/2024\/02\/logo-Erasmus-300x63.png\" alt=\"\" width=\"300\" height=\"63\" srcset=\"https:\/\/edublog.educastur.es\/erasmusiesconcejodetineo\/files\/2024\/02\/logo-Erasmus-300x63.png 300w, https:\/\/edublog.educastur.es\/erasmusiesconcejodetineo\/files\/2024\/02\/logo-Erasmus-1024x215.png 1024w, https:\/\/edublog.educastur.es\/erasmusiesconcejodetineo\/files\/2024\/02\/logo-Erasmus-768x161.png 768w, https:\/\/edublog.educastur.es\/erasmusiesconcejodetineo\/files\/2024\/02\/logo-Erasmus-1536x322.png 1536w, https:\/\/edublog.educastur.es\/erasmusiesconcejodetineo\/files\/2024\/02\/logo-Erasmus-2048x429.png 2048w, https:\/\/edublog.educastur.es\/erasmusiesconcejodetineo\/files\/2024\/02\/logo-Erasmus-900x189.png 900w, https:\/\/edublog.educastur.es\/erasmusiesconcejodetineo\/files\/2024\/02\/logo-Erasmus-1280x268.png 1280w\" sizes=\"auto, (max-width: 300px) 100vw, 300px\" \/><a href=\"http:\/\/www.sepie.es\"><img loading=\"lazy\" decoding=\"async\" class=\"alignnone  wp-image-495\" src=\"http:\/\/edublog.educastur.es\/erasmusiesconcejodetineo\/files\/2022\/04\/erasmus-gif-300x111.gif\" alt=\"\" width=\"168\" height=\"62\" \/><\/a><\/p>\n","protected":false},"excerpt":{"rendered":"<p>El IES Concejo de Tineo es un centro p\u00fablico dependiente de la Consejer\u00eda de Educaci\u00f3n y Cultura del Principado de Asturias que imparte ciclos formativos pertenecientes a las familias profesionales de Agraria, y de Administraci\u00f3n y Gesti\u00f3n, m\u00e1s concretamente, el ciclo de Aprovechamiento y Conservaci\u00f3n del Medio Natural, de grado medio; y los de Gesti\u00f3n [&hellip;]<\/p>\n","protected":false},"author":1261,"featured_media":0,"parent":0,"menu_order":0,"comment_status":"closed","ping_status":"closed","template":"","meta":{"footnotes":""},"class_list":["post-273","page","type-page","status-publish","hentry"],"_links":{"self":[{"href":"https:\/\/edublog.educastur.es\/erasmusiesconcejodetineo\/wp-json\/wp\/v2\/pages\/273","targetHints":{"allow":["GET"]}}],"collection":[{"href":"https:\/\/edublog.educastur.es\/erasmusiesconcejodetineo\/wp-json\/wp\/v2\/pages"}],"about":[{"href":"https:\/\/edublog.educastur.es\/erasmusiesconcejodetineo\/wp-json\/wp\/v2\/types\/page"}],"author":[{"embeddable":true,"href":"https:\/\/edublog.educastur.es\/erasmusiesconcejodetineo\/wp-json\/wp\/v2\/users\/1261"}],"replies":[{"embeddable":true,"href":"https:\/\/edublog.educastur.es\/erasmusiesconcejodetineo\/wp-json\/wp\/v2\/comments?post=273"}],"version-history":[{"count":6,"href":"https:\/\/edublog.educastur.es\/erasmusiesconcejodetineo\/wp-json\/wp\/v2\/pages\/273\/revisions"}],"predecessor-version":[{"id":498,"href":"https:\/\/edublog.educastur.es\/erasmusiesconcejodetineo\/wp-json\/wp\/v2\/pages\/273\/revisions\/498"}],"wp:attachment":[{"href":"https:\/\/edublog.educastur.es\/erasmusiesconcejodetineo\/wp-json\/wp\/v2\/media?parent=273"}],"curies":[{"name":"wp","href":"https:\/\/api.w.org\/{rel}","templated":true}]}}

<p style="text-align: justify">El IES Concejo de Tineo es un centro público dependiente de la Consejería de Educación y Cultura del Principado de Asturias que imparte ciclos formativos pertenecientes a las familias profesionales de Agraria, y de Administración y Gestión, más concretamente, el ciclo de Aprovechamiento y Conservación del Medio Natural, de grado medio; y los de Gestión Forestal y del Medio Natural; y Administración y Finanzas, de grado superior.</p>
<p style="text-align: justify">En todos ellos se incluye un módulo de Formación en Centros de Trabajo (FCTs) obligatorio que se realiza en empresas del sector profesional correspondiente.</p>
<p style="text-align: justify">Nuestro centro participa en programas que promueven la movilidad de estudiantes a nivel europeo, de tal forma que el alumnado de Formación Profesional puede realizar el módulo de FCT en empresas o instituciones, algunas en otros países de la Unión Europea mediante el Programa Erasmus+. Estas movilidades se realizan con el objeto de favorecer la formación a nivel europeo, y mejorar las competencias profesionales y personales del alumnado y profesorado participante en las mismas.</p>
<p style="text-align: justify"><img loading="lazy" decoding="async" class="alignnone size-medium wp-image-491" src="http://edublog.educastur.es/erasmusiesconcejodetineo/files/2024/02/logo-Erasmus-300x63.png" alt="" width="300" height="63" srcset="https://edublog.educastur.es/erasmusiesconcejodetineo/files/2024/02/logo-Erasmus-300x63.png 300w, https://edublog.educastur.es/erasmusiesconcejodetineo/files/2024/02/logo-Erasmus-1024x215.png 1024w, https://edublog.educastur.es/erasmusiesconcejodetineo/files/2024/02/logo-Erasmus-768x161.png 768w, https://edublog.educastur.es/erasmusiesconcejodetineo/files/2024/02/logo-Erasmus-1536x322.png 1536w, https://edublog.educastur.es/erasmusiesconcejodetineo/files/2024/02/logo-Erasmus-2048x429.png 2048w, https://edublog.educastur.es/erasmusiesconcejodetineo/files/2024/02/logo-Erasmus-900x189.png 900w, https://edublog.educastur.es/erasmusiesconcejodetineo/files/2024/02/logo-Erasmus-1280x268.png 1280w" sizes="auto, (max-width: 300px) 100vw, 300px" /><a href="http://www.sepie.es"><img loading="lazy" decoding="async" class="alignnone  wp-image-495" src="http://edublog.educastur.es/erasmusiesconcejodetineo/files/2022/04/erasmus-gif-300x111.gif" alt="" width="168" height="62" /></a></p>

<p>El IES Concejo de Tineo es un centro público dependiente de la Consejería de Educación y Cultura del Principado de Asturias que imparte ciclos formativos pertenecientes a las familias profesionales de Agraria, y de Administración y Gestión, más concretamente, el ciclo de Aprovechamiento y Conservación del Medio Natural, de grado medio; y los de Gestión [&hellip;]</p>
