{"id":141,"date":"2021-09-29T19:25:24","date_gmt":"2021-09-29T19:25:24","guid":{"rendered":"https:\/\/edublog.educastur.es\/erianos\/?page_id=141"},"modified":"2024-09-17T19:50:13","modified_gmt":"2024-09-17T19:50:13","slug":"ciencias-naturales","status":"publish","type":"page","link":"https:\/\/edublog.educastur.es\/erianos\/pagina-de-enlaces\/ciencias-naturales\/","title":{"rendered":"CIENCIAS NATURALES"},"content":{"rendered":"<h2 class=\"title\">Enlaces. Ciencias Naturales<\/h2>\n<ul>\n<li><strong><span style=\"color: #0000ff\"><a style=\"color: #0000ff\" href=\"https:\/\/www.bioenciclopedia.com\/la-celula\/\" target=\"_blank\" rel=\"noopener noreferrer\">La c\u00e9lula<\/a><\/span><\/strong><\/li>\n<li><strong><span style=\"color: #0000ff\"><a style=\"color: #0000ff\" href=\"https:\/\/mmegias.webs.uvigo.es\/7-micro-virtual\/html5\/inicio-html5-todas.html\" target=\"_blank\" rel=\"noopener\">Muestras de tejidos celulares<\/a><\/span><\/strong><\/li>\n<li><strong><span style=\"color: #0000ff\"><a style=\"color: #0000ff\" href=\"http:\/\/agrega.juntadeandalucia.es\/visualizar\/es\/es-an_2016012714_9125937\/false\" target=\"_blank\" rel=\"noopener noreferrer\">Cuerpo humano<\/a><\/span><\/strong><\/li>\n<li><strong><span style=\"color: #0000ff\"><a style=\"color: #0000ff\" href=\"https:\/\/www.youtube.com\/watch?v=f6rJ83TRm_g\" target=\"_blank\" rel=\"noopener noreferrer\">Aparato excretor<\/a><\/span><\/strong><\/li>\n<li><strong><span style=\"color: #0000ff\"><a style=\"color: #0000ff\" href=\"https:\/\/www.youtube.com\/watch?v=CEmcS_FPu2k\" target=\"_blank\" rel=\"noopener noreferrer\">Aparato respiratorio<\/a><\/span><\/strong><\/li>\n<li><strong><span style=\"color: #0000ff\"><a style=\"color: #0000ff\" href=\"https:\/\/www.youtube.com\/watch?v=fXMG0DAu9U0\" target=\"_blank\" rel=\"noopener noreferrer\">Aparato circulatorio<\/a><\/span><\/strong><\/li>\n<li><strong><span style=\"color: #0000ff\"><a style=\"color: #0000ff\" href=\"https:\/\/www.youtube.com\/watch?v=ypfzZLJmLWo\">Erase una vez&#8230; la sangre<\/a><\/span><\/strong><\/li>\n<li><strong><span style=\"color: #0000ff\"><a style=\"color: #0000ff\" href=\"https:\/\/www.youtube.com\/watch?v=_qZSAjJOuSg\" target=\"_blank\" rel=\"noopener noreferrer\">Aparato digestivo<\/a><\/span><\/strong><\/li>\n<li><strong><span style=\"color: #0000ff\"><a style=\"color: #0000ff\" href=\"https:\/\/www.youtube.com\/watch?v=_jbw0FxnaQE\">Digesti\u00f3n<\/a><\/span><\/strong><\/li>\n<li><strong><span style=\"color: #0000ff\"><a style=\"color: #0000ff\" href=\"https:\/\/www.youtube.com\/watch?v=IhO5Je1Puyw\" target=\"_blank\" rel=\"noopener\">Los sentidos<\/a><\/span><\/strong><\/li>\n<li><strong><span style=\"color: #0000ff\"><a style=\"color: #0000ff\" href=\"http:\/\/es.slideshare.net\/crecerenelcolegio\/6-cm01-la-reproduccin-en-los-seres-vivos\" target=\"_blank\" rel=\"noopener noreferrer\">La reproducci\u00f3n en los seres vivos.<\/a><\/span><\/strong><\/li>\n<li><strong><span style=\"color: #0000ff\"><a style=\"color: #0000ff\" href=\"https:\/\/cienciasnaturales.didactalia.net\/\" target=\"_blank\" rel=\"noopener noreferrer\">Juego del cuerpo humano<\/a><\/span><\/strong><\/li>\n<li><strong><span style=\"color: #0000ff\"><a style=\"color: #0000ff\" href=\"http:\/\/recursostic.educacion.es\/secundaria\/edad\/1esobiologia\/1quincena9\/1quincena9_contenidos_2a.htm\" target=\"_blank\" rel=\"noopener noreferrer\">Clasificaci\u00f3n de los seres vivos<\/a><\/span><\/strong><\/li>\n<li><strong><span style=\"color: #0000ff\"><a style=\"color: #0000ff\" href=\"http:\/\/www.youtube.com\/watch?v=B6bs6Z5wTVM\" target=\"_blank\" rel=\"noopener noreferrer\">El viaje de la mariposa Monarca<\/a><\/span><\/strong><\/li>\n<li><a href=\"https:\/\/phet.colorado.edu\/sims\/html\/density\/latest\/density_all.html?locale=es\" target=\"_blank\" rel=\"noopener\"><strong><span style=\"color: #0000ff\">Simulador PHET<\/span><\/strong><\/a><span style=\"color: #0000ff\"><strong>-Densidad<\/strong><\/span><\/li>\n<li><strong><a href=\"https:\/\/phet.colorado.edu\/sims\/html\/build-an-atom\/latest\/build-an-atom_en.html\" target=\"_blank\" rel=\"noopener\">Simulador PHET- \u00c1tomos<\/a><\/strong><\/li>\n<li><strong><span style=\"color: #0000ff\"><a style=\"color: #0000ff\" href=\"https:\/\/ambientech.org\/ambientech\/spa\/animation\/las-sustancias-puras-y-las-mezclas\" target=\"_blank\" rel=\"noopener\">Sustancias puras y mezclas.<\/a><\/span><\/strong><\/li>\n<li><strong><span style=\"color: #0000ff\"><a style=\"color: #0000ff\" href=\"http:\/\/www.areatecnologia.com\/TUTORIALES\/ELECTRICIDAD.htm\" target=\"_blank\" rel=\"noopener noreferrer\">Electricidad<\/a><\/span><\/strong><\/li>\n<li><strong><span style=\"color: #0000ff\"><a style=\"color: #0000ff\" href=\"https:\/\/phet.colorado.edu\/sims\/html\/circuit-construction-kit-ac-virtual-lab\/latest\/circuit-construction-kit-ac-virtual-lab_es_PE.html\" target=\"_blank\" rel=\"noopener\">Simulador circuitos el\u00e9ctricos.<\/a><\/span><\/strong><\/li>\n<li><strong><span style=\"color: #0000ff\"><a style=\"color: #0000ff\" href=\"https:\/\/botanico.gijon.es\/\" target=\"_blank\" rel=\"noopener noreferrer\">Jard\u00edn bot\u00e1nico de Gij\u00f3n<\/a><\/span><\/strong><\/li>\n<li><strong><span style=\"color: #0000ff\"><a style=\"color: #0000ff\" href=\"http:\/\/pendientedemigracion.ucm.es\/info\/diciex\/programas\/las-rocas\/tiposderocas\/principal1.html\" target=\"_blank\" rel=\"noopener noreferrer\">Las rocas<\/a><\/span><\/strong><\/li>\n<li><strong><span style=\"color: #0000ff\"><a style=\"color: #0000ff\" href=\"http:\/\/www.gmalicante.org\/MUNDO\/MINEMUNDO.htm\" target=\"_blank\" rel=\"noopener noreferrer\">Minerales<\/a><\/span><\/strong><\/li>\n<li><strong><span style=\"color: #0000ff\"><a style=\"color: #0000ff\" href=\"https:\/\/www.youtube.com\/watch?v=6-udN4cZ6HU\" target=\"_blank\" rel=\"noopener noreferrer\">Motor de combusti\u00f3n interna<\/a><\/span><\/strong><\/li>\n<li><strong><span style=\"color: #0000ff\"><a style=\"color: #0000ff\" href=\"https:\/\/sites.google.com\/site\/palacorre\/\" target=\"_blank\" rel=\"noopener noreferrer\">Palacorre<\/a><\/span><\/strong><\/li>\n<li><strong><span style=\"color: #0000ff\"><a style=\"color: #0000ff\" href=\"https:\/\/scratch.mit.edu\/\" target=\"_blank\" rel=\"noopener noreferrer\">Rob\u00f3tica. Scratch<\/a><\/span><\/strong><\/li>\n<li><strong><span style=\"color: #0000ff\"><a style=\"color: #0000ff\" href=\"https:\/\/www.udemy.com\/course\/introduccion-a-la-programacion-con-scratch\/\" target=\"_blank\" rel=\"noopener\">Curso iniciaci\u00f3n a Scratch<\/a><\/span><\/strong><\/li>\n<li><strong><span style=\"color: #0000ff\"><a style=\"color: #0000ff\" href=\"http:\/\/www.batiburrillo.net\/webquest-la-reproduccion-en-el-ser-humano\/\" target=\"_blank\" rel=\"noopener noreferrer\">Webquest &#8211; La reproducci\u00f3n humana<\/a><\/span><\/strong><\/li>\n<li><strong><span style=\"color: #0000ff\"><a style=\"color: #0000ff\" href=\"http:\/\/procomun.educalab.es\/es\/ode\/view\/1416349674596\" target=\"_blank\" rel=\"noopener noreferrer\">Webquest sobre electricidad<\/a><\/span><\/strong><\/li>\n<li><strong><span style=\"color: #0000ff\"><a style=\"color: #0000ff\" href=\"https:\/\/www.mozaweb.com\/es\/lexikon.php?cmd=getlist&amp;let=3D&amp;sid=BIO\">Reproductor en 3D<\/a><\/span><\/strong><\/li>\n<li><a href=\"https:\/\/www.educantabrico.es\/\" target=\"_blank\" rel=\"noopener\"><strong>Portal educativo de la CHC<\/strong><\/a><\/li>\n<\/ul>\n<p>&nbsp;<\/p>\n","protected":false},"excerpt":{"rendered":"<p>Enlaces. Ciencias Naturales La c\u00e9lula Muestras de tejidos celulares Cuerpo humano Aparato excretor Aparato respiratorio Aparato circulatorio Erase una vez&#8230; la sangre Aparato digestivo Digesti\u00f3n Los sentidos La reproducci\u00f3n en los seres vivos. Juego del cuerpo humano Clasificaci\u00f3n de los seres vivos El viaje de la mariposa Monarca Simulador PHET-Densidad Simulador PHET- \u00c1tomos Sustancias puras [&hellip;]<\/p>\n","protected":false},"author":483,"featured_media":157,"parent":61,"menu_order":1,"comment_status":"closed","ping_status":"closed","template":"","meta":{"footnotes":""},"class_list":["post-141","page","type-page","status-publish","has-post-thumbnail","hentry"],"_links":{"self":[{"href":"https:\/\/edublog.educastur.es\/erianos\/wp-json\/wp\/v2\/pages\/141","targetHints":{"allow":["GET"]}}],"collection":[{"href":"https:\/\/edublog.educastur.es\/erianos\/wp-json\/wp\/v2\/pages"}],"about":[{"href":"https:\/\/edublog.educastur.es\/erianos\/wp-json\/wp\/v2\/types\/page"}],"author":[{"embeddable":true,"href":"https:\/\/edublog.educastur.es\/erianos\/wp-json\/wp\/v2\/users\/483"}],"replies":[{"embeddable":true,"href":"https:\/\/edublog.educastur.es\/erianos\/wp-json\/wp\/v2\/comments?post=141"}],"version-history":[{"count":13,"href":"https:\/\/edublog.educastur.es\/erianos\/wp-json\/wp\/v2\/pages\/141\/revisions"}],"predecessor-version":[{"id":387,"href":"https:\/\/edublog.educastur.es\/erianos\/wp-json\/wp\/v2\/pages\/141\/revisions\/387"}],"up":[{"embeddable":true,"href":"https:\/\/edublog.educastur.es\/erianos\/wp-json\/wp\/v2\/pages\/61"}],"wp:featuredmedia":[{"embeddable":true,"href":"https:\/\/edublog.educastur.es\/erianos\/wp-json\/wp\/v2\/media\/157"}],"wp:attachment":[{"href":"https:\/\/edublog.educastur.es\/erianos\/wp-json\/wp\/v2\/media?parent=141"}],"curies":[{"name":"wp","href":"https:\/\/api.w.org\/{rel}","templated":true}]}}