{"id":180,"date":"2021-09-29T20:37:22","date_gmt":"2021-09-29T20:37:22","guid":{"rendered":"https:\/\/edublog.educastur.es\/erianos\/?page_id=180"},"modified":"2024-01-12T09:23:41","modified_gmt":"2024-01-12T09:23:41","slug":"plastica","status":"publish","type":"page","link":"https:\/\/edublog.educastur.es\/erianos\/pagina-de-enlaces\/plastica\/","title":{"rendered":"PL\u00c1STICA"},"content":{"rendered":"<h2 class=\"title\">Enlaces. Pl\u00e1stica<\/h2>\n<ul>\n<li><strong><span style=\"color: #0000ff\"><a style=\"color: #0000ff\" href=\"http:\/\/editor.chapea.com\/buttonmaker_desktop\/index.php\" target=\"_blank\" rel=\"noopener noreferrer\">Dise\u00f1o de chapas<\/a><\/span><\/strong><\/li>\n<li><strong><span style=\"color: #0000ff\"><a style=\"color: #0000ff\" href=\"https:\/\/sway.office.com\/Hb36wuG9Foof9FiA?ref=Link\" target=\"_blank\" rel=\"noopener noreferrer\">Esculturas<\/a><\/span><\/strong><\/li>\n<li><strong><span style=\"color: #0000ff\"><a style=\"color: #0000ff\" href=\"http:\/\/www.aulaclic.es\/fotografia-photoshop\/a_1_3_1.htm\" target=\"_blank\" rel=\"noopener noreferrer\">Historia de la fotograf\u00eda<\/a><\/span><\/strong><\/li>\n<li><strong><span style=\"color: #0000ff\"><a style=\"color: #0000ff\" href=\"http:\/\/www.coloreso.es\/color.swf\" target=\"_blank\" rel=\"noopener noreferrer\">Los colores<\/a><\/span><\/strong><\/li>\n<li><strong><span style=\"color: #0000ff\"><a style=\"color: #0000ff\" href=\"https:\/\/drive.google.com\/file\/d\/0B-lrBb_qHl3fZGhoMFpvblZYU3c\/view?usp=sharing\" target=\"_blank\" rel=\"noopener noreferrer\">Manual c\u00e1mara fotogr\u00e1fica<\/a><\/span><\/strong><\/li>\n<li><strong><span style=\"color: #0000ff\"><a style=\"color: #0000ff\" href=\"http:\/\/www.museobbaa.com\/\" target=\"_blank\" rel=\"noopener noreferrer\">Museo de Bellas Artes de Asturias<\/a><\/span><\/strong><\/li>\n<li><strong><span style=\"color: #0000ff\"><a style=\"color: #0000ff\" href=\"https:\/\/www.youtube.com\/watch?v=PImm83Uor9Q&amp;feature=player_detailpage#t=40\" target=\"_blank\" rel=\"noopener noreferrer\">Psicolog\u00eda del color<\/a><\/span><\/strong><\/li>\n<li><strong><span style=\"color: #0000ff\"><a style=\"color: #0000ff\" href=\"http:\/\/www.uv.es\/asamar4\/exelearning\/14_composicin_cromtica_colores_clidos_y_fros_entrantes_y_salientes.html\" target=\"_blank\" rel=\"noopener noreferrer\">Simbolog\u00eda del color<\/a><\/span><\/strong><\/li>\n<li><strong><span style=\"color: #0000ff\"><a style=\"color: #0000ff\" href=\"https:\/\/camerasim.com\/original-camerasim\/\" target=\"_blank\" rel=\"noopener noreferrer\">Simulador fotogr\u00e1fico<\/a><\/span><\/strong><\/li>\n<li><strong><span style=\"color: #0000ff\"><a style=\"color: #0000ff\" href=\"https:\/\/www.lifeder.com\/obras-de-banksy\/\" target=\"_blank\" rel=\"noopener\">Banksy<\/a><\/span><\/strong><\/li>\n<li><strong><a href=\"https:\/\/www.remove.bg\/es\/upload\" target=\"_blank\" rel=\"noopener\">Quitar fondo a im\u00e1genes\u00a0 (Remove)<\/a><\/strong><\/li>\n<li><strong><a href=\"https:\/\/www.storyboardthat.com\/es\/comic-maker#education-edition\" target=\"_blank\" rel=\"noopener\">Story board that (Comic)<\/a><\/strong><\/li>\n<\/ul>\n","protected":false},"excerpt":{"rendered":"<p>Enlaces. Pl\u00e1stica Dise\u00f1o de chapas Esculturas Historia de la fotograf\u00eda Los colores Manual c\u00e1mara fotogr\u00e1fica Museo de Bellas Artes de Asturias Psicolog\u00eda del color Simbolog\u00eda del color Simulador fotogr\u00e1fico Banksy Quitar fondo a im\u00e1genes\u00a0 (Remove) Story board that (Comic)<\/p>\n","protected":false},"author":483,"featured_media":181,"parent":61,"menu_order":0,"comment_status":"closed","ping_status":"closed","template":"","meta":{"footnotes":""},"class_list":["post-180","page","type-page","status-publish","has-post-thumbnail","hentry"],"_links":{"self":[{"href":"https:\/\/edublog.educastur.es\/erianos\/wp-json\/wp\/v2\/pages\/180","targetHints":{"allow":["GET"]}}],"collection":[{"href":"https:\/\/edublog.educastur.es\/erianos\/wp-json\/wp\/v2\/pages"}],"about":[{"href":"https:\/\/edublog.educastur.es\/erianos\/wp-json\/wp\/v2\/types\/page"}],"author":[{"embeddable":true,"href":"https:\/\/edublog.educastur.es\/erianos\/wp-json\/wp\/v2\/users\/483"}],"replies":[{"embeddable":true,"href":"https:\/\/edublog.educastur.es\/erianos\/wp-json\/wp\/v2\/comments?post=180"}],"version-history":[{"count":11,"href":"https:\/\/edublog.educastur.es\/erianos\/wp-json\/wp\/v2\/pages\/180\/revisions"}],"predecessor-version":[{"id":332,"href":"https:\/\/edublog.educastur.es\/erianos\/wp-json\/wp\/v2\/pages\/180\/revisions\/332"}],"up":[{"embeddable":true,"href":"https:\/\/edublog.educastur.es\/erianos\/wp-json\/wp\/v2\/pages\/61"}],"wp:featuredmedia":[{"embeddable":true,"href":"https:\/\/edublog.educastur.es\/erianos\/wp-json\/wp\/v2\/media\/181"}],"wp:attachment":[{"href":"https:\/\/edublog.educastur.es\/erianos\/wp-json\/wp\/v2\/media?parent=180"}],"curies":[{"name":"wp","href":"https:\/\/api.w.org\/{rel}","templated":true}]}}