{"id":365,"date":"2024-02-18T17:16:37","date_gmt":"2024-02-18T17:16:37","guid":{"rendered":"https:\/\/edublog.educastur.es\/erianos\/?page_id=365"},"modified":"2024-02-18T18:00:59","modified_gmt":"2024-02-18T18:00:59","slug":"acerca-de","status":"publish","type":"page","link":"https:\/\/edublog.educastur.es\/erianos\/acerca-de\/","title":{"rendered":"ACERCA DE ESTE BLOG"},"content":{"rendered":"<p>Bienvenidos al blog \u00abLos Erianos\u00bb.<\/p>\n<p>Mi nombre es Eduardo S\u00e1nchez Su\u00e1rez.<\/p>\n<p>Soy maestro de primaria y coordinador TIC en el CP La Er\u00eda de Oviedo.<\/p>\n<p>Este blog ha sido creado para ayudar\u00a0 al alumnado de 5\u00ba y 6\u00ba en su proceso de aprendizaje\u00a0 y\u00a0 a los maestros\u00a0 en su labor de ense\u00f1anza.<\/p>\n<p>Sus p\u00e1ginas , especialmente \u00abEnlaces educativos\u00bb intentan ofrecer los mejores recursos en cada \u00e1rea para que el alumnado realice con \u00e9xito las tareas que le proponga los maestros y desarrolle plenamente las competencias b\u00e1sicas.\u00a0A su vez, las entradas intentan recoger muestras de actividades realizadas por el alumnado, tambi\u00e9n noticias de inter\u00e9s\u00a0 e incluso en algunos casos m\u00e1s recursos organizados por temas.<\/p>\n<p>Esperamos que os sea de mucha utilidad.<\/p>\n<p>Un saludo.<\/p>\n<p><span>\u00a9 2020\u00a0por\u00a0est\u00e1 bajo licencia<\/span>\u00a0<a href=\"http:\/\/creativecommons.org\/licenses\/by-nc-nd\/4.0\/?ref=chooser-v1\" target=\"_blank\" rel=\"license noopener noreferrer\"><span>CC BY-NC-ND 4.0\u00a0<\/span><span class=\"icon\" data-v-a0d4e8a8=\"\"><img loading=\"lazy\" decoding=\"async\" src=\"https:\/\/chooser-beta.creativecommons.org\/img\/cc-logo.f0ab4ebe.svg\" width=\"20\" height=\"20\" data-v-a0d4e8a8=\"\" \/><img loading=\"lazy\" decoding=\"async\" src=\"https:\/\/chooser-beta.creativecommons.org\/img\/cc-by.21b728bb.svg\" width=\"20\" height=\"20\" data-v-a0d4e8a8=\"\" \/><\/span><\/a><\/p>\n","protected":false},"excerpt":{"rendered":"<p>Bienvenidos al blog \u00abLos Erianos\u00bb. Mi nombre es Eduardo S\u00e1nchez Su\u00e1rez. Soy maestro de primaria y coordinador TIC en el CP La Er\u00eda de Oviedo. Este blog ha sido creado para ayudar\u00a0 al alumnado de 5\u00ba y 6\u00ba en su proceso de aprendizaje\u00a0 y\u00a0 a los maestros\u00a0 en su labor de ense\u00f1anza. Sus p\u00e1ginas , [&hellip;]<\/p>\n","protected":false},"author":483,"featured_media":0,"parent":0,"menu_order":0,"comment_status":"closed","ping_status":"closed","template":"","meta":{"footnotes":""},"class_list":["post-365","page","type-page","status-publish","hentry"],"_links":{"self":[{"href":"https:\/\/edublog.educastur.es\/erianos\/wp-json\/wp\/v2\/pages\/365","targetHints":{"allow":["GET"]}}],"collection":[{"href":"https:\/\/edublog.educastur.es\/erianos\/wp-json\/wp\/v2\/pages"}],"about":[{"href":"https:\/\/edublog.educastur.es\/erianos\/wp-json\/wp\/v2\/types\/page"}],"author":[{"embeddable":true,"href":"https:\/\/edublog.educastur.es\/erianos\/wp-json\/wp\/v2\/users\/483"}],"replies":[{"embeddable":true,"href":"https:\/\/edublog.educastur.es\/erianos\/wp-json\/wp\/v2\/comments?post=365"}],"version-history":[{"count":3,"href":"https:\/\/edublog.educastur.es\/erianos\/wp-json\/wp\/v2\/pages\/365\/revisions"}],"predecessor-version":[{"id":369,"href":"https:\/\/edublog.educastur.es\/erianos\/wp-json\/wp\/v2\/pages\/365\/revisions\/369"}],"wp:attachment":[{"href":"https:\/\/edublog.educastur.es\/erianos\/wp-json\/wp\/v2\/media?parent=365"}],"curies":[{"name":"wp","href":"https:\/\/api.w.org\/{rel}","templated":true}]}}

<p>Bienvenidos al blog «Los Erianos».</p>
<p>Mi nombre es Eduardo Sánchez Suárez.</p>
<p>Soy maestro de primaria y coordinador TIC en el CP La Ería de Oviedo.</p>
<p>Este blog ha sido creado para ayudar  al alumnado de 5º y 6º en su proceso de aprendizaje  y  a los maestros  en su labor de enseñanza.</p>
<p>Sus páginas , especialmente «Enlaces educativos» intentan ofrecer los mejores recursos en cada área para que el alumnado realice con éxito las tareas que le proponga los maestros y desarrolle plenamente las competencias básicas. A su vez, las entradas intentan recoger muestras de actividades realizadas por el alumnado, también noticias de interés  e incluso en algunos casos más recursos organizados por temas.</p>
<p>Esperamos que os sea de mucha utilidad.</p>
<p>Un saludo.</p>
<p><span>© 2020 por está bajo licencia</span> <a href="http://creativecommons.org/licenses/by-nc-nd/4.0/?ref=chooser-v1" target="_blank" rel="license noopener noreferrer"><span>CC BY-NC-ND 4.0 </span><span class="icon" data-v-a0d4e8a8=""><img loading="lazy" decoding="async" src="https://chooser-beta.creativecommons.org/img/cc-logo.f0ab4ebe.svg" width="20" height="20" data-v-a0d4e8a8="" /><img loading="lazy" decoding="async" src="https://chooser-beta.creativecommons.org/img/cc-by.21b728bb.svg" width="20" height="20" data-v-a0d4e8a8="" /></span></a></p>

<p>Bienvenidos al blog «Los Erianos». Mi nombre es Eduardo Sánchez Suárez. Soy maestro de primaria y coordinador TIC en el CP La Ería de Oviedo. Este blog ha sido creado para ayudar  al alumnado de 5º y 6º en su proceso de aprendizaje  y  a los maestros  en su labor de enseñanza. Sus páginas , [&hellip;]</p>
