{"id":121,"date":"2020-06-30T19:03:02","date_gmt":"2020-06-30T19:03:02","guid":{"rendered":"https:\/\/edublog.educastur.es\/espaolparatodosytodas\/?page_id=121"},"modified":"2020-06-30T19:03:02","modified_gmt":"2020-06-30T19:03:02","slug":"una-actividad-de-lectura-para-cada-dia","status":"publish","type":"page","link":"https:\/\/edublog.educastur.es\/espaolparatodosytodas\/una-actividad-de-lectura-para-cada-dia\/","title":{"rendered":"Una actividad de lectura para cada d\u00eda"},"content":{"rendered":"<p style=\"text-align: justify\">Leer es una actividad fundamental y necesaria para el ser humano. Os preguntar\u00e9is por qu\u00e9, pues muy sencillo, leyendo se aprenden muchas cosas, entre ellas las siguientes: gram\u00e1tica, vocabulario, expresiones, conductas, desarrolla la imaginaci\u00f3n, ayuda a la comprensi\u00f3n y a la reflexi\u00f3n, ense\u00f1a, agiliza la mente, fortalece la memoria, mejora el estado de \u00e1nimo, reduce el estr\u00e9s, se descansa mejor, mayor empat\u00eda y solidaridad, desarrolla la sensibilidad, permite relacionarte con los dem\u00e1s&#8230;<\/p>\n<p><a title=\"lectura.jpg\" href=\"http:\/\/blog.educastur.es\/aulainmersion2020\/2020\/04\/30\/una-actividad-de-lectura-para-cada-dia\/223\/\" rel=\"attachment wp-att-223\"><img decoding=\"async\" src=\"http:\/\/blog.educastur.es\/aulainmersion2020\/files\/2020\/04\/lectura.jpg\" alt=\"lectura.jpg\" \/><\/a><\/p>\n<p style=\"text-align: justify\">Como ves son muchos los beneficios de leer. Lo que os proponemos es que le\u00e1is un poco cada d\u00eda. Unos minutos ser\u00e1n suficientes para desarrollar un h\u00e1bito muy saludable e importante para un estudiante de espa\u00f1ol y de cualquier otro idioma.<\/p>\n<p><a title=\"lectura1.jpeg\" href=\"http:\/\/blog.educastur.es\/aulainmersion2020\/2020\/04\/30\/una-actividad-de-lectura-para-cada-dia\/224\/\" rel=\"attachment wp-att-224\"><img decoding=\"async\" src=\"http:\/\/blog.educastur.es\/aulainmersion2020\/files\/2020\/04\/lectura1.jpeg\" alt=\"lectura1.jpeg\" \/><\/a><\/p>\n<p style=\"text-align: justify\">Estas son las propuestas para 21 d\u00edas. \u00a1An\u00edmate a leer!<\/p>\n<p style=\"text-align: justify\"><b>D\u00cdA 1.-\u00a0<\/b>\u00a0Lee un cuento en Internet. Elige una p\u00e1gina, busca un tema que te guste y an\u00edmate, es muy f\u00e1cil y entretenido.<\/p>\n<p><a title=\"leerinte.jpeg\" href=\"http:\/\/blog.educastur.es\/aulainmersion2020\/2020\/04\/30\/una-actividad-de-lectura-para-cada-dia\/226\/\" rel=\"attachment wp-att-226\"><img decoding=\"async\" src=\"http:\/\/blog.educastur.es\/aulainmersion2020\/files\/2020\/04\/leerinte.jpeg\" alt=\"leerinte.jpeg\" \/><\/a><\/p>\n<p><b>D\u00cdA 2<\/b>.- Cu\u00e9ntale un cuento a alguien, puedes hacerlo en casa, por tel\u00e9fono por chat, por videollamada&#8230;<\/p>\n<p><a title=\"nini.jpeg\" href=\"http:\/\/blog.educastur.es\/aulainmersion2020\/2020\/04\/30\/una-actividad-de-lectura-para-cada-dia\/228\/\" rel=\"attachment wp-att-228\"><img decoding=\"async\" src=\"http:\/\/blog.educastur.es\/aulainmersion2020\/files\/2020\/04\/nini.jpeg\" alt=\"nini.jpeg\" \/><\/a><\/p>\n<p style=\"text-align: justify\"><b>D\u00cdA 3<\/b>.- Lee una poes\u00eda, luego quita algunas palabras e introduce las tuyas&#8230; Cambia la poes\u00eda.<\/p>\n<p style=\"text-align: justify\"><b>D\u00cdA 4<\/b>.- Busca una foto, antigua, moderna, de ayer, de hoy, h\u00e1ztela&#8230; e inventa una historia con ella.<\/p>\n<p style=\"text-align: justify\"><b>D\u00cdA 5<\/b>.-\u00a0 Inventa una poes\u00eda, escr\u00edbela en un folio o en una cartulina, ad\u00f3rnala con dibujos y col\u00f3cala en un lugar destacado de la habitaci\u00f3n, del sal\u00f3n, de la casa&#8230;<\/p>\n<p style=\"text-align: justify\"><b>D\u00cdA 6<\/b>.- Lee un cuento, luego elige un personaje que te haya gustado y narra una nueva aventura que le haya sucedido antes o despu\u00e9s del cuento que acabas de leer. Cu\u00e9ntasela a alguien.<\/p>\n<p style=\"text-align: justify\"><b>D\u00cdA 7<\/b>.- Lee algo mientras desayunas, comes, meriendas o cenas, puede ser un cuento, una leyenda, una f\u00e1bula, un c\u00f3mic, un chiste&#8230;<\/p>\n<p><a title=\"leer.jpeg\" href=\"http:\/\/blog.educastur.es\/aulainmersion2020\/2020\/04\/30\/una-actividad-de-lectura-para-cada-dia\/230\/\" rel=\"attachment wp-att-230\"><img decoding=\"async\" src=\"http:\/\/blog.educastur.es\/aulainmersion2020\/files\/2020\/04\/leer.jpeg\" alt=\"leer.jpeg\" \/><\/a><\/p>\n<p><b>D\u00cdA 8<\/b>.- Lee entre 10 y 15 minutos antes de dormir. Ten cuidado que si te gusta mucho igual te desvelas&#8230;<\/p>\n<p><a title=\"libro.jpg\" href=\"http:\/\/blog.educastur.es\/aulainmersion2020\/2020\/04\/30\/una-actividad-de-lectura-para-cada-dia\/234\/\" rel=\"attachment wp-att-234\"><img decoding=\"async\" src=\"http:\/\/blog.educastur.es\/aulainmersion2020\/files\/2020\/04\/libro.jpg\" alt=\"libro.jpg\" \/><\/a><\/p>\n<p style=\"text-align: justify\"><b>D\u00cdA 9<\/b>.- Pide un libro prestado y lee. Luego piensa a qui\u00e9n le puedes prestar un libro tuyo.<\/p>\n<p style=\"text-align: justify\"><b>D\u00cdA 10<\/b>.- Recomienda a alguien un libro, un cuento, una historia y trata de cont\u00e1rselo de forma resumida.<\/p>\n<p style=\"text-align: justify\"><b>D\u00cdA 11<\/b>.- Lee con tu disfraz favorito puesto y luego inv\u00e9ntate una historia.<\/p>\n<p><a title=\"leerdis.jpeg\" href=\"http:\/\/blog.educastur.es\/aulainmersion2020\/2020\/04\/30\/una-actividad-de-lectura-para-cada-dia\/231\/\" rel=\"attachment wp-att-231\"><img decoding=\"async\" src=\"http:\/\/blog.educastur.es\/aulainmersion2020\/files\/2020\/04\/leerdis.jpeg\" alt=\"leerdis.jpeg\" \/><\/a><\/p>\n<p style=\"text-align: justify\"><b>D\u00cdA 12<\/b>.- Cu\u00e9ntale un cuento a tu amigo del alma, seguro que te escucha y se anima a contar \u00e9l una historia.<\/p>\n<p><a title=\"cuento.jpg\" href=\"http:\/\/blog.educastur.es\/aulainmersion2020\/2020\/04\/30\/una-actividad-de-lectura-para-cada-dia\/229\/\" rel=\"attachment wp-att-229\"><img decoding=\"async\" src=\"http:\/\/blog.educastur.es\/aulainmersion2020\/files\/2020\/04\/cuento.jpg\" alt=\"cuento.jpg\" \/><\/a><\/p>\n<p><b>D\u00cdA 13<\/b>.- Elige una historia que te guste y n\u00e1rrala con dibujos, es decir, con un c\u00f3mic.<\/p>\n<p><a title=\"comic.jpeg\" href=\"http:\/\/blog.educastur.es\/aulainmersion2020\/2020\/04\/30\/una-actividad-de-lectura-para-cada-dia\/232\/\" rel=\"attachment wp-att-232\"><img decoding=\"async\" src=\"http:\/\/blog.educastur.es\/aulainmersion2020\/files\/2020\/04\/comic.jpeg\" alt=\"comic.jpeg\" \/><\/a><\/p>\n<p style=\"text-align: justify\"><b>D\u00cdA 14.<\/b>&#8211; Elige una pel\u00edcula, serie, y pon los subt\u00edtulos, luego mutea el sonido y di los di\u00e1logos en voz alta como si t\u00fa fueras el personaje&#8230; Convi\u00e9rtete en actor por unos minutos. Juega y disfruta.<\/p>\n<p style=\"text-align: justify\"><b>D\u00cdA 15<\/b>.- Lee tu receta favorita, y luego an\u00edmate a hacerla, hoy la comida o la cena, la cocinas t\u00fa.<\/p>\n<p style=\"text-align: justify\"><b>D\u00cdA 16<\/b>.- Escucha a alguien contar una historia y haz un dibujo de la parte m\u00e1s representativa o importante.<\/p>\n<p style=\"text-align: justify\"><b>D\u00cdA 17.<\/b>&#8211; Elige un tema e inventa una historia con tu mejor amigo, escribidla juntos y luego leer un p\u00e1rrafo o una parte cada uno. \u00a1Es muy divertido! Tambi\u00e9n lo pod\u00e9is hacer en grupo, cuantos m\u00e1s, mejor.<\/p>\n<p><a title=\"amigos1.jpeg\" href=\"http:\/\/blog.educastur.es\/aulainmersion2020\/2020\/04\/30\/una-actividad-de-lectura-para-cada-dia\/233\/\" rel=\"attachment wp-att-233\"><img decoding=\"async\" src=\"http:\/\/blog.educastur.es\/aulainmersion2020\/files\/2020\/04\/amigos1.jpeg\" alt=\"amigos1.jpeg\" \/><\/a><\/p>\n<p style=\"text-align: justify\"><b>D\u00cdA 18.<\/b>&#8211; Prepara una merienda, haz de anfitri\u00f3n y entret\u00e9n a tus invitados con una historia fant\u00e1stica.<\/p>\n<p style=\"text-align: justify\"><b>D\u00cdA 19<\/b>.- Graba un v\u00eddeo contando un cuento y env\u00edaselo a tus amigos.<\/p>\n<p style=\"text-align: justify\"><b>D\u00cdA 20<\/b>.- Elige tu libro favorito y dibuja las partes m\u00e1s importantes, luego cu\u00e9ntala como si fueras el ciego que contaba romances e historias por los pueblos. Puedes disfrazarte.<\/p>\n<p><a title=\"ciego.jpg\" href=\"http:\/\/blog.educastur.es\/aulainmersion2020\/2020\/04\/30\/una-actividad-de-lectura-para-cada-dia\/225\/\" rel=\"attachment wp-att-225\"><img decoding=\"async\" src=\"http:\/\/blog.educastur.es\/aulainmersion2020\/files\/2020\/04\/ciego.jpg\" alt=\"ciego.jpg\" \/><\/a><\/p>\n<p><strong>D\u00cdA 21.<\/strong>&#8211; Escribe una historia en la que t\u00fa seas el protagonista.<\/p>\n<p><a title=\"prota.jpg\" href=\"http:\/\/blog.educastur.es\/aulainmersion2020\/2020\/04\/30\/una-actividad-de-lectura-para-cada-dia\/235\/\" rel=\"attachment wp-att-235\"><img decoding=\"async\" src=\"http:\/\/blog.educastur.es\/aulainmersion2020\/files\/2020\/04\/prota.jpg\" alt=\"prota.jpg\" \/><\/a><\/p>\n","protected":false},"excerpt":{"rendered":"<p>Leer es una actividad fundamental y necesaria para el ser humano. Os preguntar\u00e9is por qu\u00e9, pues muy sencillo, leyendo se aprenden muchas cosas, entre ellas las siguientes: gram\u00e1tica, vocabulario, expresiones, conductas, desarrolla la imaginaci\u00f3n, ayuda a la comprensi\u00f3n y a la reflexi\u00f3n, ense\u00f1a, agiliza la mente, fortalece la memoria, mejora el estado de \u00e1nimo, reduce [&hellip;]<\/p>\n","protected":false},"author":36,"featured_media":0,"parent":0,"menu_order":0,"comment_status":"closed","ping_status":"closed","template":"","meta":{"footnotes":""},"class_list":["post-121","page","type-page","status-publish","hentry"],"_links":{"self":[{"href":"https:\/\/edublog.educastur.es\/espaolparatodosytodas\/wp-json\/wp\/v2\/pages\/121","targetHints":{"allow":["GET"]}}],"collection":[{"href":"https:\/\/edublog.educastur.es\/espaolparatodosytodas\/wp-json\/wp\/v2\/pages"}],"about":[{"href":"https:\/\/edublog.educastur.es\/espaolparatodosytodas\/wp-json\/wp\/v2\/types\/page"}],"author":[{"embeddable":true,"href":"https:\/\/edublog.educastur.es\/espaolparatodosytodas\/wp-json\/wp\/v2\/users\/36"}],"replies":[{"embeddable":true,"href":"https:\/\/edublog.educastur.es\/espaolparatodosytodas\/wp-json\/wp\/v2\/comments?post=121"}],"version-history":[{"count":1,"href":"https:\/\/edublog.educastur.es\/espaolparatodosytodas\/wp-json\/wp\/v2\/pages\/121\/revisions"}],"predecessor-version":[{"id":122,"href":"https:\/\/edublog.educastur.es\/espaolparatodosytodas\/wp-json\/wp\/v2\/pages\/121\/revisions\/122"}],"wp:attachment":[{"href":"https:\/\/edublog.educastur.es\/espaolparatodosytodas\/wp-json\/wp\/v2\/media?parent=121"}],"curies":[{"name":"wp","href":"https:\/\/api.w.org\/{rel}","templated":true}]}}