{"id":124,"date":"2020-06-30T19:06:38","date_gmt":"2020-06-30T19:06:38","guid":{"rendered":"https:\/\/edublog.educastur.es\/espaolparatodosytodas\/?page_id=124"},"modified":"2020-06-30T19:06:38","modified_gmt":"2020-06-30T19:06:38","slug":"presentarse","status":"publish","type":"page","link":"https:\/\/edublog.educastur.es\/espaolparatodosytodas\/presentarse\/","title":{"rendered":"Presentarse"},"content":{"rendered":"<p style=\"text-align: justify\">Presentarse es hacer una manifestaci\u00f3n de algo y ponerlo en la presencia de alguien teniendo en cuenta caracter\u00edsticas y apariencias.<\/p>\n<p><a title=\"presentarse2.jpeg\" href=\"http:\/\/blog.educastur.es\/aulainmersion2020\/2020\/05\/05\/presentarse\/237\/\" rel=\"attachment wp-att-237\"><img decoding=\"async\" src=\"http:\/\/blog.educastur.es\/aulainmersion2020\/files\/2020\/05\/presentarse2.jpeg\" alt=\"presentarse2.jpeg\" \/><\/a><\/p>\n<p style=\"text-align: justify\">Cuando llegamos a un lugar o sitio nuevo y no nos conocen, nos presentamos sin que intervenga ning\u00fan mediador o persona, as\u00ed damos una serie de indicaciones sobre nuestras circunstancias personales. En algunos casos o circunstancias son otras personas las que nos presentan.<\/p>\n<p><a title=\"presenta.jpeg\" href=\"http:\/\/blog.educastur.es\/aulainmersion2020\/2020\/05\/05\/presentarse\/238\/\" rel=\"attachment wp-att-238\"><img decoding=\"async\" src=\"http:\/\/blog.educastur.es\/aulainmersion2020\/files\/2020\/05\/presenta.jpeg\" alt=\"presenta.jpeg\" \/><\/a><\/p>\n<p style=\"text-align: justify\">A continuaci\u00f3n os mostramos cu\u00e1l ser\u00eda la manera m\u00e1s r\u00e1pida y sencilla de presentarnos teniendo en cuenta unas preguntas b\u00e1sicas.<\/p>\n<p><a title=\"hola.png\" href=\"http:\/\/blog.educastur.es\/aulainmersion2020\/2020\/05\/05\/presentarse\/240\/\" rel=\"attachment wp-att-240\"><img decoding=\"async\" src=\"http:\/\/blog.educastur.es\/aulainmersion2020\/files\/2020\/05\/hola.png\" alt=\"hola.png\" \/><\/a><\/p>\n<p><em>1.- \u00bfC\u00f3mo te llamas?\u00a0 Me llamo Mar\u00eda.<\/em><\/p>\n<p><em>2.- \u00bfC\u00f3mo te apellidas? Me apellido P\u00e9rez.<\/em><\/p>\n<p><em>3.- \u00bfDe d\u00f3nde eres? Soy de Madrid, Espa\u00f1a. Soy espa\u00f1ola.<\/em><\/p>\n<p><em>4.- \u00bfD\u00f3nde vives? Vivo en Madrid, Espa\u00f1a.<\/em><\/p>\n<p><em>5.- \u00bfCu\u00e1ntos a\u00f1os tienes? Tengo treinta a\u00f1os.<\/em><\/p>\n<p><em>6.- \u00bfCu\u00e1ndo es tu cumplea\u00f1os? Mi cumplea\u00f1os es el d\u00eda 16 de julio.<\/em><\/p>\n<p><em>7.- \u00bfA qu\u00e9 te dedicas? \u00bfD\u00f3nde \/ En qu\u00e9 trabajas? \u00bfQu\u00e9 estudias?<\/em><\/p>\n<p><em>Soy profesora de espa\u00f1ol. Trabajo en STC online.<\/em><\/p>\n<p style=\"text-align: justify\"><em>8.- \u00bfQu\u00e9 idiomas hablas? Hablo espa\u00f1ol, ingl\u00e9s, franc\u00e9s y un poco de italiano.<\/em><\/p>\n<p style=\"text-align: justify\">La presentaci\u00f3n ser\u00eda as\u00ed: \u00abHola me llamo Mar\u00eda P\u00e9rez, soy de Madrid y tengo treinta a\u00f1os. Trabajo como profesora de espa\u00f1ol en STC online. Hablo espa\u00f1ol, ingl\u00e9s, franc\u00e9s y un poco de italiano.\u00bb<\/p>\n<p><a title=\"presentarse.png\" href=\"http:\/\/blog.educastur.es\/aulainmersion2020\/2020\/05\/05\/presentarse\/239\/\" rel=\"attachment wp-att-239\"><img decoding=\"async\" src=\"http:\/\/blog.educastur.es\/aulainmersion2020\/files\/2020\/05\/presentarse.png\" alt=\"presentarse.png\" \/><\/a><\/p>\n","protected":false},"excerpt":{"rendered":"<p>Presentarse es hacer una manifestaci\u00f3n de algo y ponerlo en la presencia de alguien teniendo en cuenta caracter\u00edsticas y apariencias. Cuando llegamos a un lugar o sitio nuevo y no nos conocen, nos presentamos sin que intervenga ning\u00fan mediador o persona, as\u00ed damos una serie de indicaciones sobre nuestras circunstancias personales. En algunos casos o [&hellip;]<\/p>\n","protected":false},"author":36,"featured_media":0,"parent":0,"menu_order":0,"comment_status":"closed","ping_status":"closed","template":"","meta":{"footnotes":""},"class_list":["post-124","page","type-page","status-publish","hentry"],"_links":{"self":[{"href":"https:\/\/edublog.educastur.es\/espaolparatodosytodas\/wp-json\/wp\/v2\/pages\/124","targetHints":{"allow":["GET"]}}],"collection":[{"href":"https:\/\/edublog.educastur.es\/espaolparatodosytodas\/wp-json\/wp\/v2\/pages"}],"about":[{"href":"https:\/\/edublog.educastur.es\/espaolparatodosytodas\/wp-json\/wp\/v2\/types\/page"}],"author":[{"embeddable":true,"href":"https:\/\/edublog.educastur.es\/espaolparatodosytodas\/wp-json\/wp\/v2\/users\/36"}],"replies":[{"embeddable":true,"href":"https:\/\/edublog.educastur.es\/espaolparatodosytodas\/wp-json\/wp\/v2\/comments?post=124"}],"version-history":[{"count":2,"href":"https:\/\/edublog.educastur.es\/espaolparatodosytodas\/wp-json\/wp\/v2\/pages\/124\/revisions"}],"predecessor-version":[{"id":126,"href":"https:\/\/edublog.educastur.es\/espaolparatodosytodas\/wp-json\/wp\/v2\/pages\/124\/revisions\/126"}],"wp:attachment":[{"href":"https:\/\/edublog.educastur.es\/espaolparatodosytodas\/wp-json\/wp\/v2\/media?parent=124"}],"curies":[{"name":"wp","href":"https:\/\/api.w.org\/{rel}","templated":true}]}}