{"id":131,"date":"2020-06-30T19:12:17","date_gmt":"2020-06-30T19:12:17","guid":{"rendered":"https:\/\/edublog.educastur.es\/espaolparatodosytodas\/?page_id=131"},"modified":"2021-01-30T10:12:37","modified_gmt":"2021-01-30T10:12:37","slug":"aplicaciones-apps-de-cuentos-para-leer-y-crear","status":"publish","type":"page","link":"https:\/\/edublog.educastur.es\/espaolparatodosytodas\/aplicaciones-apps-de-cuentos-para-leer-y-crear\/","title":{"rendered":"Aplicaciones (apps) de cuentos para leer y crear"},"content":{"rendered":"<p style=\"text-align: justify\">Continuamos con el mundo apps. Aqu\u00ed os recomendamos algunas aplicaciones para fomentar la lectura y la creatividad literaria.<\/p>\n<p style=\"text-align: justify\"><b>1.- Buenas noches.<\/b>\u00a0Aplicaci\u00f3n para escuchar cuentos antes de dormir\u00a0con unos animales encantadores, una m\u00fasica bonita y una excelente narraci\u00f3n. (Google play \/ Apps Store)<\/p>\n<p>&nbsp;<\/p>\n<p><img loading=\"lazy\" decoding=\"async\" class=\"alignnone size-full wp-image-260\" src=\"http:\/\/edublog.educastur.es\/espaolparatodosytodas\/files\/2021\/01\/buenas-noches.png\" alt=\"\" width=\"512\" height=\"250\" srcset=\"https:\/\/edublog.educastur.es\/espaolparatodosytodas\/files\/2021\/01\/buenas-noches.png 512w, https:\/\/edublog.educastur.es\/espaolparatodosytodas\/files\/2021\/01\/buenas-noches-300x146.png 300w\" sizes=\"auto, (max-width: 512px) 100vw, 512px\" \/><\/p>\n<p style=\"text-align: justify\"><b>2.-\u00a0 Mis cuentos: gafas.<\/b>\u00a0Trata de un ni\u00f1o que lleva gafas, pero tiene ciertos problemillas para llevarlas porque le est\u00e1n un poco grandes. (App Store)<\/p>\n<p><img loading=\"lazy\" decoding=\"async\" class=\"aligncenter wp-image-262 size-large\" src=\"http:\/\/edublog.educastur.es\/espaolparatodosytodas\/files\/2021\/01\/mis-cuentos-1024x564.png\" alt=\"\" width=\"629\" height=\"346\" srcset=\"https:\/\/edublog.educastur.es\/espaolparatodosytodas\/files\/2021\/01\/mis-cuentos-1024x564.png 1024w, https:\/\/edublog.educastur.es\/espaolparatodosytodas\/files\/2021\/01\/mis-cuentos-300x165.png 300w, https:\/\/edublog.educastur.es\/espaolparatodosytodas\/files\/2021\/01\/mis-cuentos-768x423.png 768w, https:\/\/edublog.educastur.es\/espaolparatodosytodas\/files\/2021\/01\/mis-cuentos-900x495.png 900w, https:\/\/edublog.educastur.es\/espaolparatodosytodas\/files\/2021\/01\/mis-cuentos.png 1277w\" sizes=\"auto, (max-width: 629px) 100vw, 629px\" \/><\/p>\n<p><b>3.- Cuentos para dormir HD<\/b>. Cuentos de diferentes tem\u00e1ticas para\u00a0 toda la familia. (App Store)<\/p>\n<p><img loading=\"lazy\" decoding=\"async\" class=\"alignnone size-full wp-image-263\" src=\"http:\/\/edublog.educastur.es\/espaolparatodosytodas\/files\/2021\/01\/cuentos.jpeg\" alt=\"\" width=\"225\" height=\"225\" srcset=\"https:\/\/edublog.educastur.es\/espaolparatodosytodas\/files\/2021\/01\/cuentos.jpeg 225w, https:\/\/edublog.educastur.es\/espaolparatodosytodas\/files\/2021\/01\/cuentos-150x150.jpeg 150w, https:\/\/edublog.educastur.es\/espaolparatodosytodas\/files\/2021\/01\/cuentos-88x88.jpeg 88w\" sizes=\"auto, (max-width: 225px) 100vw, 225px\" \/><\/p>\n<p style=\"text-align: justify\"><b>4.- \u00a1Vaya mara\u00f1a!\u00a0<\/b>Libro de cuentos para ni\u00f1os. Kiki prefiere hacer cualquier cosa antes que cortarse el pelo&#8230;\u00a0Un cuento en verso lleno de humor, acompa\u00f1ado con una interactividad sencilla y bien adaptada, m\u00fasica original y sonidos narraci\u00f3n y una divertida actividad que permite desactivar un juego tras finalizar la lectura del libro. (App Store)<\/p>\n<p><img loading=\"lazy\" decoding=\"async\" class=\"alignnone size-full wp-image-264\" src=\"http:\/\/edublog.educastur.es\/espaolparatodosytodas\/files\/2021\/01\/maran\u0303a.jpg\" alt=\"\" width=\"300\" height=\"300\" srcset=\"https:\/\/edublog.educastur.es\/espaolparatodosytodas\/files\/2021\/01\/maran\u0303a.jpg 300w, https:\/\/edublog.educastur.es\/espaolparatodosytodas\/files\/2021\/01\/maran\u0303a-150x150.jpg 150w, https:\/\/edublog.educastur.es\/espaolparatodosytodas\/files\/2021\/01\/maran\u0303a-88x88.jpg 88w\" sizes=\"auto, (max-width: 300px) 100vw, 300px\" \/><\/p>\n<p><b>5.- Cuento de las cosquillas.<\/b>\u00a0Narraci\u00f3n del cuento del mismo nombre. (Google play)<\/p>\n<p><img loading=\"lazy\" decoding=\"async\" class=\"alignleft wp-image-265 size-medium\" src=\"http:\/\/edublog.educastur.es\/espaolparatodosytodas\/files\/2021\/01\/cosquillas-300x200.jpg\" alt=\"\" width=\"300\" height=\"200\" srcset=\"https:\/\/edublog.educastur.es\/espaolparatodosytodas\/files\/2021\/01\/cosquillas-300x200.jpg 300w, https:\/\/edublog.educastur.es\/espaolparatodosytodas\/files\/2021\/01\/cosquillas-1024x683.jpg 1024w, https:\/\/edublog.educastur.es\/espaolparatodosytodas\/files\/2021\/01\/cosquillas-768x512.jpg 768w, https:\/\/edublog.educastur.es\/espaolparatodosytodas\/files\/2021\/01\/cosquillas-900x600.jpg 900w, https:\/\/edublog.educastur.es\/espaolparatodosytodas\/files\/2021\/01\/cosquillas-1280x853.jpg 1280w, https:\/\/edublog.educastur.es\/espaolparatodosytodas\/files\/2021\/01\/cosquillas.jpg 1500w\" sizes=\"auto, (max-width: 300px) 100vw, 300px\" \/><\/p>\n<p>&nbsp;<\/p>\n<p>&nbsp;<\/p>\n<p>&nbsp;<\/p>\n<p>&nbsp;<\/p>\n<p>&nbsp;<\/p>\n<p>&nbsp;<\/p>\n<p><b>6.- Yo matar\u00e9 a monstruos por ti.<\/b>\u00a0Cuento para ipad (App Store)<\/p>\n<p><img loading=\"lazy\" decoding=\"async\" class=\"alignnone size-full wp-image-266\" src=\"http:\/\/edublog.educastur.es\/espaolparatodosytodas\/files\/2021\/01\/monstruos.jpg\" alt=\"\" width=\"330\" height=\"175\" srcset=\"https:\/\/edublog.educastur.es\/espaolparatodosytodas\/files\/2021\/01\/monstruos.jpg 330w, https:\/\/edublog.educastur.es\/espaolparatodosytodas\/files\/2021\/01\/monstruos-300x159.jpg 300w\" sizes=\"auto, (max-width: 330px) 100vw, 330px\" \/><\/p>\n<p><b>7.- El color de los p\u00e1jaros.<\/b>\u00a0Cuento cuya tem\u00e1tica se basa en la diversidad. (App Store)<\/p>\n<p><img loading=\"lazy\" decoding=\"async\" class=\"alignnone size-full wp-image-267\" src=\"http:\/\/edublog.educastur.es\/espaolparatodosytodas\/files\/2021\/01\/color.jpeg\" alt=\"\" width=\"225\" height=\"225\" srcset=\"https:\/\/edublog.educastur.es\/espaolparatodosytodas\/files\/2021\/01\/color.jpeg 225w, https:\/\/edublog.educastur.es\/espaolparatodosytodas\/files\/2021\/01\/color-150x150.jpeg 150w, https:\/\/edublog.educastur.es\/espaolparatodosytodas\/files\/2021\/01\/color-88x88.jpeg 88w\" sizes=\"auto, (max-width: 225px) 100vw, 225px\" \/><\/p>\n<p><b>8.- CreaAPPcuentos.<\/b>\u00a0Crea historias divertidas y convi\u00e9rtete en su protagonista. (App Store)<\/p>\n<p><img loading=\"lazy\" decoding=\"async\" class=\"alignnone wp-image-268 size-medium\" src=\"http:\/\/edublog.educastur.es\/espaolparatodosytodas\/files\/2021\/01\/CreAAPCuentos-1024x675-1-300x198.jpg\" alt=\"\" width=\"300\" height=\"198\" srcset=\"https:\/\/edublog.educastur.es\/espaolparatodosytodas\/files\/2021\/01\/CreAAPCuentos-1024x675-1-300x198.jpg 300w, https:\/\/edublog.educastur.es\/espaolparatodosytodas\/files\/2021\/01\/CreAAPCuentos-1024x675-1-768x506.jpg 768w, https:\/\/edublog.educastur.es\/espaolparatodosytodas\/files\/2021\/01\/CreAAPCuentos-1024x675-1-900x593.jpg 900w, https:\/\/edublog.educastur.es\/espaolparatodosytodas\/files\/2021\/01\/CreAAPCuentos-1024x675-1.jpg 1024w\" sizes=\"auto, (max-width: 300px) 100vw, 300px\" \/><\/p>\n<p><b>9.- TeCuento.<\/b>\u00a0Aplicaci\u00f3n que te permite crear y editar cuentos propios. (Google play)<\/p>\n<p><img loading=\"lazy\" decoding=\"async\" class=\"alignnone wp-image-269 size-full\" src=\"http:\/\/edublog.educastur.es\/espaolparatodosytodas\/files\/2021\/01\/tecuento_1.jpeg\" alt=\"\" width=\"357\" height=\"201\" srcset=\"https:\/\/edublog.educastur.es\/espaolparatodosytodas\/files\/2021\/01\/tecuento_1.jpeg 357w, https:\/\/edublog.educastur.es\/espaolparatodosytodas\/files\/2021\/01\/tecuento_1-300x169.jpeg 300w\" sizes=\"auto, (max-width: 357px) 100vw, 357px\" \/><\/p>\n","protected":false},"excerpt":{"rendered":"<p>Continuamos con el mundo apps. Aqu\u00ed os recomendamos algunas aplicaciones para fomentar la lectura y la creatividad literaria. 1.- Buenas noches.\u00a0Aplicaci\u00f3n para escuchar cuentos antes de dormir\u00a0con unos animales encantadores, una m\u00fasica bonita y una excelente narraci\u00f3n. (Google play \/ Apps Store) &nbsp; 2.-\u00a0 Mis cuentos: gafas.\u00a0Trata de un ni\u00f1o que lleva gafas, pero tiene [&hellip;]<\/p>\n","protected":false},"author":36,"featured_media":0,"parent":0,"menu_order":0,"comment_status":"closed","ping_status":"closed","template":"","meta":{"footnotes":""},"class_list":["post-131","page","type-page","status-publish","hentry"],"_links":{"self":[{"href":"https:\/\/edublog.educastur.es\/espaolparatodosytodas\/wp-json\/wp\/v2\/pages\/131","targetHints":{"allow":["GET"]}}],"collection":[{"href":"https:\/\/edublog.educastur.es\/espaolparatodosytodas\/wp-json\/wp\/v2\/pages"}],"about":[{"href":"https:\/\/edublog.educastur.es\/espaolparatodosytodas\/wp-json\/wp\/v2\/types\/page"}],"author":[{"embeddable":true,"href":"https:\/\/edublog.educastur.es\/espaolparatodosytodas\/wp-json\/wp\/v2\/users\/36"}],"replies":[{"embeddable":true,"href":"https:\/\/edublog.educastur.es\/espaolparatodosytodas\/wp-json\/wp\/v2\/comments?post=131"}],"version-history":[{"count":3,"href":"https:\/\/edublog.educastur.es\/espaolparatodosytodas\/wp-json\/wp\/v2\/pages\/131\/revisions"}],"predecessor-version":[{"id":270,"href":"https:\/\/edublog.educastur.es\/espaolparatodosytodas\/wp-json\/wp\/v2\/pages\/131\/revisions\/270"}],"wp:attachment":[{"href":"https:\/\/edublog.educastur.es\/espaolparatodosytodas\/wp-json\/wp\/v2\/media?parent=131"}],"curies":[{"name":"wp","href":"https:\/\/api.w.org\/{rel}","templated":true}]}}