{"id":137,"date":"2020-06-30T19:16:48","date_gmt":"2020-06-30T19:16:48","guid":{"rendered":"https:\/\/edublog.educastur.es\/espaolparatodosytodas\/?page_id=137"},"modified":"2021-01-30T15:20:27","modified_gmt":"2021-01-30T15:20:27","slug":"dia-internacional-de-los-museos","status":"publish","type":"page","link":"https:\/\/edublog.educastur.es\/espaolparatodosytodas\/dia-internacional-de-los-museos\/","title":{"rendered":"D\u00cdA INTERNACIONAL DE LOS MUSEOS"},"content":{"rendered":"<p style=\"text-align: justify\"><b>\u00abMuseos por la igualdad: diversidad e inclusi\u00f3n\u00bb es el tema para la edici\u00f3n de 2020 del D\u00eda Internacional de los Museos que se celebra el 18 de mayo de 2020.<\/b><\/p>\n<p style=\"text-align: justify\">El objetivo del D\u00eda Internacional de los Museos (DIM) es concienciar sobre la importancia de los museos como medio para el intercambio cultural, el enriquecimiento de las culturas, as\u00ed como para el desarrollo de la comprensi\u00f3n mutua, de la colaboraci\u00f3n y de la paz entre los pueblos. Organizados cada 18 de mayo o alrededor de esa fecha desde hace m\u00e1s de 40 a\u00f1os, los eventos y actividades planeados para celebrar el DIM pueden durar un d\u00eda, un fin de semana o incluso toda la semana.<\/p>\n<p><img loading=\"lazy\" decoding=\"async\" class=\"alignnone wp-image-326 size-full\" src=\"http:\/\/edublog.educastur.es\/espaolparatodosytodas\/files\/2021\/01\/museo.jpeg\" alt=\"\" width=\"958\" height=\"596\" srcset=\"https:\/\/edublog.educastur.es\/espaolparatodosytodas\/files\/2021\/01\/museo.jpeg 958w, https:\/\/edublog.educastur.es\/espaolparatodosytodas\/files\/2021\/01\/museo-300x187.jpeg 300w, https:\/\/edublog.educastur.es\/espaolparatodosytodas\/files\/2021\/01\/museo-768x478.jpeg 768w, https:\/\/edublog.educastur.es\/espaolparatodosytodas\/files\/2021\/01\/museo-900x560.jpeg 900w\" sizes=\"auto, (max-width: 958px) 100vw, 958px\" \/><\/p>\n<p style=\"text-align: justify\"><b>\u00bfQu\u00e9 es un museo?<\/b><\/p>\n<p style=\"text-align: justify\">Es una instituci\u00f3n dedicada a la adquisici\u00f3n, conservaci\u00f3n, estudio y exposici\u00f3n de objetos de valor relacionados con la ciencia y el arte o de objetos culturalmente importantes para el desarrollo de los conocimientos humanos. Podemos visitar:\u00a0museos oceanogr\u00e1ficos; museos del ferrocarril; museos de la ciencia y la tecnolog\u00eda, pinacotecas, etc.<\/p>\n<p style=\"text-align: justify\">En Gij\u00f3n tenemos muchos museos como el Museo Nicanor Pi\u00f1ole, Parque Arqueol\u00f3gico Natural de La Campa Torres, Villa Romana de Veranes, Termas Romanas del Campo Vald\u00e9s, Museo Barjola, Museo Internacional de la Gaita, Ciudadela de Celestino Solar, Torre del Reloj, Museo Casa Natal de Jovellanos&#8230;<\/p>\n<p><img loading=\"lazy\" decoding=\"async\" class=\"alignnone wp-image-327 size-medium\" src=\"http:\/\/edublog.educastur.es\/espaolparatodosytodas\/files\/2021\/01\/museo-300x225.jpg\" alt=\"\" width=\"300\" height=\"225\" srcset=\"https:\/\/edublog.educastur.es\/espaolparatodosytodas\/files\/2021\/01\/museo-300x225.jpg 300w, https:\/\/edublog.educastur.es\/espaolparatodosytodas\/files\/2021\/01\/museo.jpg 640w\" sizes=\"auto, (max-width: 300px) 100vw, 300px\" \/><\/p>\n<p><em>Museo del Ferrocarril, Gij\u00f3n.<\/em><\/p>\n<p><img loading=\"lazy\" decoding=\"async\" class=\"alignnone size-full wp-image-328\" src=\"http:\/\/edublog.educastur.es\/espaolparatodosytodas\/files\/2021\/01\/laboral.jpeg\" alt=\"\" width=\"275\" height=\"183\" \/><\/p>\n<p><em>LABoral Centro de Arte y Creaci\u00f3n Industrial, Gij\u00f3n.<\/em><\/p>\n<p><img loading=\"lazy\" decoding=\"async\" class=\"alignnone size-full wp-image-329\" src=\"http:\/\/edublog.educastur.es\/espaolparatodosytodas\/files\/2021\/01\/valle.jpg\" alt=\"\" width=\"800\" height=\"604\" srcset=\"https:\/\/edublog.educastur.es\/espaolparatodosytodas\/files\/2021\/01\/valle.jpg 800w, https:\/\/edublog.educastur.es\/espaolparatodosytodas\/files\/2021\/01\/valle-300x227.jpg 300w, https:\/\/edublog.educastur.es\/espaolparatodosytodas\/files\/2021\/01\/valle-768x580.jpg 768w\" sizes=\"auto, (max-width: 800px) 100vw, 800px\" \/><\/p>\n<p><em>Fundaci\u00f3n Museo Evaristo Valle, Gij\u00f3n.<\/em><\/p>\n<p style=\"text-align: justify\">En Asturias, entre otros, se pueden visitar los siguientes museos: Museo de Bellas Artes de Asturias (Oviedo), Museo del Jur\u00e1sico de Asturias (Colunga), Museo Arqueol\u00f3gico de Asturias (Oviedo), MUMI Museo de la Miner\u00eda y de la Industria (San Vicente, Concejo de San Mart\u00edn del Rey Aurelio), Museo de la Sidra (Nava), Museo Mar\u00edtimo de Asturias (Luanco), Parque de la Prehistoria de Teverga, Museo del Oro de Asturias (Navelgas), Centro de Escultura de Cand\u00e1s Museo Ant\u00f3n&#8230;<\/p>\n<p style=\"text-align: justify\">Tambi\u00e9n se considera un museo al edificio o dependencias destinados a la exposici\u00f3n, convenientemente ordenada, de estos objetos.\u00a0Los\u00a0<b>museos<\/b>\u00a0nos ayudan a aprender y valorar la historia, el arte y la cultura de un pa\u00eds, exhibe, conserva, investiga, comunica y adquiere obras que han perdurado por mucho tiempo.<\/p>\n<p><img loading=\"lazy\" decoding=\"async\" class=\"alignnone size-full wp-image-330\" src=\"http:\/\/edublog.educastur.es\/espaolparatodosytodas\/files\/2021\/01\/prado.jpg\" alt=\"\" width=\"793\" height=\"466\" srcset=\"https:\/\/edublog.educastur.es\/espaolparatodosytodas\/files\/2021\/01\/prado.jpg 793w, https:\/\/edublog.educastur.es\/espaolparatodosytodas\/files\/2021\/01\/prado-300x176.jpg 300w, https:\/\/edublog.educastur.es\/espaolparatodosytodas\/files\/2021\/01\/prado-768x451.jpg 768w\" sizes=\"auto, (max-width: 793px) 100vw, 793px\" \/><\/p>\n<p style=\"text-align: justify\"><em>Museo del Prado, Madrid.<\/em><\/p>\n<p style=\"text-align: justify\">Para que visit\u00e9is virtualmente este tipo de instalaciones a nivel mundial os dejamos el link del Mapa interactivo del D\u00eda de los Museos:<\/p>\n<p style=\"text-align: justify\"><a href=\"https:\/\/livemap.getwemap.com\/iframe.php?emmid=12548&amp;token=45DMVKFY0FBGF93I788OQ63HQ#\/search@-0.0000000,0.0000000,2.00\">https:\/\/livemap.getwemap.com\/iframe.php?emmid=12548&amp;token=45DMVKFY0FBGF93I788OQ63HQ#\/search@-0.0000000,0.0000000,2.00<\/a><\/p>\n","protected":false},"excerpt":{"rendered":"<p>\u00abMuseos por la igualdad: diversidad e inclusi\u00f3n\u00bb es el tema para la edici\u00f3n de 2020 del D\u00eda Internacional de los Museos que se celebra el 18 de mayo de 2020. El objetivo del D\u00eda Internacional de los Museos (DIM) es concienciar sobre la importancia de los museos como medio para el intercambio cultural, el enriquecimiento [&hellip;]<\/p>\n","protected":false},"author":36,"featured_media":0,"parent":0,"menu_order":0,"comment_status":"closed","ping_status":"closed","template":"","meta":{"footnotes":""},"class_list":["post-137","page","type-page","status-publish","hentry"],"_links":{"self":[{"href":"https:\/\/edublog.educastur.es\/espaolparatodosytodas\/wp-json\/wp\/v2\/pages\/137","targetHints":{"allow":["GET"]}}],"collection":[{"href":"https:\/\/edublog.educastur.es\/espaolparatodosytodas\/wp-json\/wp\/v2\/pages"}],"about":[{"href":"https:\/\/edublog.educastur.es\/espaolparatodosytodas\/wp-json\/wp\/v2\/types\/page"}],"author":[{"embeddable":true,"href":"https:\/\/edublog.educastur.es\/espaolparatodosytodas\/wp-json\/wp\/v2\/users\/36"}],"replies":[{"embeddable":true,"href":"https:\/\/edublog.educastur.es\/espaolparatodosytodas\/wp-json\/wp\/v2\/comments?post=137"}],"version-history":[{"count":4,"href":"https:\/\/edublog.educastur.es\/espaolparatodosytodas\/wp-json\/wp\/v2\/pages\/137\/revisions"}],"predecessor-version":[{"id":331,"href":"https:\/\/edublog.educastur.es\/espaolparatodosytodas\/wp-json\/wp\/v2\/pages\/137\/revisions\/331"}],"wp:attachment":[{"href":"https:\/\/edublog.educastur.es\/espaolparatodosytodas\/wp-json\/wp\/v2\/media?parent=137"}],"curies":[{"name":"wp","href":"https:\/\/api.w.org\/{rel}","templated":true}]}}