{"id":26,"date":"2020-06-30T10:10:28","date_gmt":"2020-06-30T10:10:28","guid":{"rendered":"https:\/\/edublog.educastur.es\/espaolparatodosytodas\/?page_id=26"},"modified":"2021-01-31T17:10:08","modified_gmt":"2021-01-31T17:10:08","slug":"fiestas-de-interes-turistico-nacional","status":"publish","type":"page","link":"https:\/\/edublog.educastur.es\/espaolparatodosytodas\/fiestas-de-interes-turistico-nacional\/","title":{"rendered":"Fiestas de Inter\u00e9s Tur\u00edstico Nacional"},"content":{"rendered":"<p style=\"text-align: justify\">Se acerca el verano y el fin de curso. Para descansar y disfrutar hemos seleccionado algunas Fiestas de Inter\u00e9s Tur\u00edstico Nacional que se celebran todos los a\u00f1os, as\u00ed podr\u00e9is poner en pr\u00e1ctica el espa\u00f1ol aprendido.\u00a0Se denomina Fiesta de Inter\u00e9s Tur\u00edstico Nacional a aquellos acontecimientos que se celebran en Espa\u00f1a y que ofrecen inter\u00e9s real desde un punto de vista tur\u00edstico.<\/p>\n<p style=\"text-align: justify\">En otro apartado destacaremos aquellas que son de Inter\u00e9s Tur\u00edstico Internacional.<\/p>\n<p style=\"text-align: justify\">Aqu\u00ed dejamos una muestra variada y diversa de las fiestas en Espa\u00f1a. Seguro que como muchas se han quedado en el tintero habr\u00e1 una segunda parte.<\/p>\n<p><img loading=\"lazy\" decoding=\"async\" class=\"alignnone wp-image-388 size-medium\" src=\"http:\/\/edublog.educastur.es\/espaolparatodosytodas\/files\/2021\/01\/fiesta1-300x169.gif\" alt=\"\" width=\"300\" height=\"169\" srcset=\"https:\/\/edublog.educastur.es\/espaolparatodosytodas\/files\/2021\/01\/fiesta1-300x169.gif 300w, https:\/\/edublog.educastur.es\/espaolparatodosytodas\/files\/2021\/01\/fiesta1-768x432.gif 768w\" sizes=\"auto, (max-width: 300px) 100vw, 300px\" \/><\/p>\n<p style=\"text-align: justify\">\u00a1Preparad la mochila o la maleta porque nos vamos de fiesta!<\/p>\n<p style=\"text-align: justify\"><b>1.-\u00a0El\u00a0Carnaval de Las Palmas, Gran Canaria<\/b>\u00a0es una de las fiestas m\u00e1s antiguas, con m\u00e1s de cinco siglos es una fiesta popular de gran arraigo y una de las m\u00e1s multitudinarias del municipio capitalino de la isla de Gran Canaria (Canarias), y una de las de mayor relevancia del pa\u00eds y del mundo.\u00a0En marzo 2017 obtuvo la calificaci\u00f3n de Fiesta de\u00a0Inter\u00e9s Tur\u00edstico Nacional.<\/p>\n<p><img loading=\"lazy\" decoding=\"async\" class=\"alignnone wp-image-390 size-medium\" src=\"http:\/\/edublog.educastur.es\/espaolparatodosytodas\/files\/2021\/01\/carnaval-palmas-300x169.jpg\" alt=\"\" width=\"300\" height=\"169\" srcset=\"https:\/\/edublog.educastur.es\/espaolparatodosytodas\/files\/2021\/01\/carnaval-palmas-300x169.jpg 300w, https:\/\/edublog.educastur.es\/espaolparatodosytodas\/files\/2021\/01\/carnaval-palmas-1024x576.jpg 1024w, https:\/\/edublog.educastur.es\/espaolparatodosytodas\/files\/2021\/01\/carnaval-palmas-768x432.jpg 768w, https:\/\/edublog.educastur.es\/espaolparatodosytodas\/files\/2021\/01\/carnaval-palmas-900x506.jpg 900w, https:\/\/edublog.educastur.es\/espaolparatodosytodas\/files\/2021\/01\/carnaval-palmas.jpg 1200w\" sizes=\"auto, (max-width: 300px) 100vw, 300px\" \/><\/p>\n<p style=\"text-align: justify\"><b>2.- Entroido de Ver\u00edn, Orense<\/b>. Sus or\u00edgenes no est\u00e1n muy claros, pero se cree que est\u00e1 relacionado con los ritos agr\u00edcolas y ganaderos prerromanos. Tiene lugar durante tres domingos y se caracteriza por ser un carnaval en el que el protagonismo lo\u00a0 tienen las m\u00e1scaras, la m\u00fasica y la diversi\u00f3n. Los personajes centrales son los Cigarrones que con su camisa blanca, su calz\u00f3n corto y su cintur\u00f3n, del que cuelgan los cencerros, se dedican a perseguir a los vecinos de la localidad con el l\u00e1tigo en la mano.Fue declarada Fiesta de Inter\u00e9s Tur\u00edstico Nacional en el a\u00f1o 2009.<\/p>\n<p><img loading=\"lazy\" decoding=\"async\" class=\"alignnone size-full wp-image-391\" src=\"http:\/\/edublog.educastur.es\/espaolparatodosytodas\/files\/2021\/01\/verin.jpeg\" alt=\"\" width=\"294\" height=\"172\" \/><\/p>\n<p style=\"text-align: justify\"><b>3.- Fallas de Alzira, Valencia<\/b>. Las fallas son construcciones art\u00edsticas combustibles que representan figuras conocidas como\u00a0<i>ninots<\/i>, y composiciones de elementos. Se celebran en Alzira durante el mes de marzo en honor a San Jos\u00e9. Son importantes por su arraigo y origen centenario, como por contare con una gran censo de falleros y falles que plantan un total de setenta monumentos por todos los lugares de la ciudad.<\/p>\n<p><img loading=\"lazy\" decoding=\"async\" class=\"alignnone size-full wp-image-392\" src=\"http:\/\/edublog.educastur.es\/espaolparatodosytodas\/files\/2021\/01\/alzira.jpeg\" alt=\"\" width=\"274\" height=\"184\" \/><\/p>\n<p style=\"text-align: justify\"><b>4.- Fiesta del cerezo en flor, Valle del Jerte, C\u00e1ceres<\/b>. Es una celebraci\u00f3n popular en la que se puede disfrutar de la floraci\u00f3n de m\u00e1s de mill\u00f3n y medio de cerezos y que trata de reflejar la vida de toda una comarca, tanto del pasado como del futuro. Para ello se organizan todo tipo de actividades que sirven de escaparate de nuestra cultura, gastronom\u00eda, tradiciones y forma de vida.<\/p>\n<p><img loading=\"lazy\" decoding=\"async\" class=\"alignnone size-full wp-image-393\" src=\"http:\/\/edublog.educastur.es\/espaolparatodosytodas\/files\/2021\/01\/jerte.jpeg\" alt=\"\" width=\"300\" height=\"168\" \/><\/p>\n<p style=\"text-align: justify\"><b>5.- Festival de los patios, C\u00f3rdoba<\/b>.\u00a0Debido a la climatolog\u00eda\u00a0los habitantes de C\u00f3rdoba, primero los romanos y m\u00e1s tarde los musulmanes, adaptaron la tipolog\u00eda de casa popular a las necesidades, centrando la vivienda en torno a un\u00a0<b>patio<\/b>, que normalmente ten\u00eda una fuente en el centro y en muchas ocasiones un pozo que recog\u00eda el agua de lluvia.\u00a0Desde el a\u00f1o 1921 el Ayuntamiento de C\u00f3rdoba organiza durante la primera\u00a0quincena de mayo un concurso de Patios, en el que los propietarios engalanan sus viviendas para conseguir el prestigioso galard\u00f3n ofertado por el Consistorio. \u00a0Adem\u00e1s este festival est\u00e1 considerado Patrimonio de la Humanidad.<\/p>\n<p><img loading=\"lazy\" decoding=\"async\" class=\"alignnone wp-image-394 size-medium\" src=\"http:\/\/edublog.educastur.es\/espaolparatodosytodas\/files\/2021\/01\/patio-300x225.jpg\" alt=\"\" width=\"300\" height=\"225\" srcset=\"https:\/\/edublog.educastur.es\/espaolparatodosytodas\/files\/2021\/01\/patio-300x225.jpg 300w, https:\/\/edublog.educastur.es\/espaolparatodosytodas\/files\/2021\/01\/patio.jpg 630w\" sizes=\"auto, (max-width: 300px) 100vw, 300px\" \/><\/p>\n<p style=\"text-align: justify\"><b>6.- Batalla del vino, Haro, La Rioja<\/b>. El origen hist\u00f3rico de este litigio se centra en un conflicto territorial entre la localidad burgalesa de Miranda de Ebro y la riojana de Haro por la posesi\u00f3n de la zona de los riscos de Bilibio.\u00a0Por la disputa de este sitio y para mantener su dominio, deben acudir los vecinos de la villa riojana de Haro cada fecha de\u00a0<b>San Pedro<\/b>, el 29 de Junio a los riscos de Bilibio. All\u00ed el Regidor S\u00edndico de la villa jarrera colocar\u00e1 en la parte alta de estas pe\u00f1as el pend\u00f3n de la ciudad, en se\u00f1al de posesi\u00f3n. Si los jarreros no acudieran un a\u00f1o a esta cita perder\u00edan el dominio de esta zona y pasar\u00eda a jurisdicci\u00f3n de la vecina Miranda de Ebro.<\/p>\n<p><img loading=\"lazy\" decoding=\"async\" class=\"alignnone size-full wp-image-395\" src=\"http:\/\/edublog.educastur.es\/espaolparatodosytodas\/files\/2021\/01\/vino.jpeg\" alt=\"\" width=\"275\" height=\"183\" \/><\/p>\n<p style=\"text-align: justify\"><b>7.- Festival de la Sidra Natural, Nava. Asturias<\/b>.\u00a0Es el m\u00e1s veterano de los festivales sidreros que se celebran en Asturias, y data de la d\u00e9cada de los a\u00f1os 60 del siglo XX. Lo que comenz\u00f3 como un homenaje a la bebida asturiana por excelencia se ha consolidado como una fiesta a la que acuden miles de personas cada a\u00f1o, y que se celebra en pleno verano.\u00a0Este festival, en el que hay concurso de sidras y de escanciadores de sidra, cuenta con numerosas actividades vinculadas al mundo de la manzana y la sidra, y de la cultura y tradiciones asturianas.<\/p>\n<p><img loading=\"lazy\" decoding=\"async\" class=\"alignnone size-full wp-image-396\" src=\"http:\/\/edublog.educastur.es\/espaolparatodosytodas\/files\/2021\/01\/nava.jpeg\" alt=\"\" width=\"300\" height=\"168\" \/><\/p>\n<p style=\"text-align: justify\"><b>8.- Romer\u00eda Vikinga de Catoira, Pontevedra<\/b>. Esta Romer\u00eda Vikinga es una fiesta profana que rememora el papel que tuvo este puebelo en la defensa de Galicia frente a los ataques de los piratas normandos y sarracenos que iban en busca del tesoro de la Iglesia de Santiago de Compostela. En ella se escenifica la invasi\u00f3n de los guerreros vikingos y de sus\u00a0 naves. Se celebra el primer domingo de agosto y es Fiesta de Inter\u00e9s Tur\u00edstico Nacional desde 1988.<\/p>\n<p><img loading=\"lazy\" decoding=\"async\" class=\"alignnone size-full wp-image-397\" src=\"http:\/\/edublog.educastur.es\/espaolparatodosytodas\/files\/2021\/01\/romeria.jpeg\" alt=\"\" width=\"318\" height=\"159\" srcset=\"https:\/\/edublog.educastur.es\/espaolparatodosytodas\/files\/2021\/01\/romeria.jpeg 318w, https:\/\/edublog.educastur.es\/espaolparatodosytodas\/files\/2021\/01\/romeria-300x150.jpeg 300w\" sizes=\"auto, (max-width: 318px) 100vw, 318px\" \/><\/p>\n<p style=\"text-align: justify\"><b>9.- D\u00eda de Am\u00e9rica, Oviedo, Asturias<\/b>. Desfile que se escenifica en el mes de septiembre.\u00a0El desfile parte de la idea de un fabricante valenciano de gigantes y cabezudos que habla con el dibujante Alfonso Iglesias\u00a0indicando la gran posibilidad de las calles del centro de Oviedo para la realizaci\u00f3n de desfiles como homenaje a los emigrantes asturianos y a sus pa\u00edses de acogida.\u00a0El primer desfile se celebra el 23 de septiembre de 1950.\u00a0En este primer desfile aparecen sesenta\u00a0<i>haigas<\/i>\u200b engalanados, nueve bandas de m\u00fasica y ocho carrozas. Es declarada Fiesta de Inter\u00e9s Tur\u00edstico Nacional en 1980.<\/p>\n<p><img loading=\"lazy\" decoding=\"async\" class=\"alignnone wp-image-398 size-medium\" src=\"http:\/\/edublog.educastur.es\/espaolparatodosytodas\/files\/2021\/01\/america-300x148.jpg\" alt=\"\" width=\"300\" height=\"148\" srcset=\"https:\/\/edublog.educastur.es\/espaolparatodosytodas\/files\/2021\/01\/america-300x148.jpg 300w, https:\/\/edublog.educastur.es\/espaolparatodosytodas\/files\/2021\/01\/america-768x379.jpg 768w, https:\/\/edublog.educastur.es\/espaolparatodosytodas\/files\/2021\/01\/america.jpg 770w\" sizes=\"auto, (max-width: 300px) 100vw, 300px\" \/><\/p>\n<p style=\"text-align: justify\"><b>10.- Don Juan en Alcal\u00e1, Madrid.<\/b>\u00a0<i>Don Juan Tenorio<\/i>\u00a0es el t\u00edtulo de una obra dram\u00e1tica escrita por Jos\u00e9 Zorrilla, una de las obras claves del movimiento rom\u00e1ntico espa\u00f1ol.\u00a0En 1984 comenzaron las representaciones anuales del\u00a0<i>Don Juan en Alcal\u00e1<\/i>, en el casco hist\u00f3rico de la ciudad de Alcal\u00e1 de Henares. Inicialmente lo organizaba la Fundaci\u00f3n Colegio del Rey, tras su clausura lo asumi\u00f3 directamente el Ayuntamiento de Alcal\u00e1 desde 2008. Fue declarada Fiesta de Inter\u00e9s Tur\u00edstico Regional en el a\u00f1o 2002, y en 2018 Fiesta de Inter\u00e9s Tur\u00edstico Nacional.<\/p>\n<p><img loading=\"lazy\" decoding=\"async\" class=\"alignnone size-full wp-image-399\" src=\"http:\/\/edublog.educastur.es\/espaolparatodosytodas\/files\/2021\/01\/alacla.jpg\" alt=\"\" width=\"512\" height=\"422\" srcset=\"https:\/\/edublog.educastur.es\/espaolparatodosytodas\/files\/2021\/01\/alacla.jpg 512w, https:\/\/edublog.educastur.es\/espaolparatodosytodas\/files\/2021\/01\/alacla-300x247.jpg 300w\" sizes=\"auto, (max-width: 512px) 100vw, 512px\" \/><\/p>\n","protected":false},"excerpt":{"rendered":"<p>Se acerca el verano y el fin de curso. Para descansar y disfrutar hemos seleccionado algunas Fiestas de Inter\u00e9s Tur\u00edstico Nacional que se celebran todos los a\u00f1os, as\u00ed podr\u00e9is poner en pr\u00e1ctica el espa\u00f1ol aprendido.\u00a0Se denomina Fiesta de Inter\u00e9s Tur\u00edstico Nacional a aquellos acontecimientos que se celebran en Espa\u00f1a y que ofrecen inter\u00e9s real desde [&hellip;]<\/p>\n","protected":false},"author":36,"featured_media":0,"parent":0,"menu_order":0,"comment_status":"closed","ping_status":"closed","template":"","meta":{"footnotes":""},"class_list":["post-26","page","type-page","status-publish","hentry"],"_links":{"self":[{"href":"https:\/\/edublog.educastur.es\/espaolparatodosytodas\/wp-json\/wp\/v2\/pages\/26","targetHints":{"allow":["GET"]}}],"collection":[{"href":"https:\/\/edublog.educastur.es\/espaolparatodosytodas\/wp-json\/wp\/v2\/pages"}],"about":[{"href":"https:\/\/edublog.educastur.es\/espaolparatodosytodas\/wp-json\/wp\/v2\/types\/page"}],"author":[{"embeddable":true,"href":"https:\/\/edublog.educastur.es\/espaolparatodosytodas\/wp-json\/wp\/v2\/users\/36"}],"replies":[{"embeddable":true,"href":"https:\/\/edublog.educastur.es\/espaolparatodosytodas\/wp-json\/wp\/v2\/comments?post=26"}],"version-history":[{"count":3,"href":"https:\/\/edublog.educastur.es\/espaolparatodosytodas\/wp-json\/wp\/v2\/pages\/26\/revisions"}],"predecessor-version":[{"id":400,"href":"https:\/\/edublog.educastur.es\/espaolparatodosytodas\/wp-json\/wp\/v2\/pages\/26\/revisions\/400"}],"wp:attachment":[{"href":"https:\/\/edublog.educastur.es\/espaolparatodosytodas\/wp-json\/wp\/v2\/media?parent=26"}],"curies":[{"name":"wp","href":"https:\/\/api.w.org\/{rel}","templated":true}]}}

Fiestas de Interés Turístico Nacional

<p style="text-align: justify">Se acerca el verano y el fin de curso. Para descansar y disfrutar hemos seleccionado algunas Fiestas de Interés Turístico Nacional que se celebran todos los años, así podréis poner en práctica el español aprendido. Se denomina Fiesta de Interés Turístico Nacional a aquellos acontecimientos que se celebran en España y que ofrecen interés real desde un punto de vista turístico.</p>
<p style="text-align: justify">En otro apartado destacaremos aquellas que son de Interés Turístico Internacional.</p>
<p style="text-align: justify">Aquí dejamos una muestra variada y diversa de las fiestas en España. Seguro que como muchas se han quedado en el tintero habrá una segunda parte.</p>
<p><img loading="lazy" decoding="async" class="alignnone wp-image-388 size-medium" src="http://edublog.educastur.es/espaolparatodosytodas/files/2021/01/fiesta1-300x169.gif" alt="" width="300" height="169" srcset="https://edublog.educastur.es/espaolparatodosytodas/files/2021/01/fiesta1-300x169.gif 300w, https://edublog.educastur.es/espaolparatodosytodas/files/2021/01/fiesta1-768x432.gif 768w" sizes="auto, (max-width: 300px) 100vw, 300px" /></p>
<p style="text-align: justify">¡Preparad la mochila o la maleta porque nos vamos de fiesta!</p>
<p style="text-align: justify"><b>1.- El Carnaval de Las Palmas, Gran Canaria</b> es una de las fiestas más antiguas, con más de cinco siglos es una fiesta popular de gran arraigo y una de las más multitudinarias del municipio capitalino de la isla de Gran Canaria (Canarias), y una de las de mayor relevancia del país y del mundo. En marzo 2017 obtuvo la calificación de Fiesta de Interés Turístico Nacional.</p>
<p><img loading="lazy" decoding="async" class="alignnone wp-image-390 size-medium" src="http://edublog.educastur.es/espaolparatodosytodas/files/2021/01/carnaval-palmas-300x169.jpg" alt="" width="300" height="169" srcset="https://edublog.educastur.es/espaolparatodosytodas/files/2021/01/carnaval-palmas-300x169.jpg 300w, https://edublog.educastur.es/espaolparatodosytodas/files/2021/01/carnaval-palmas-1024x576.jpg 1024w, https://edublog.educastur.es/espaolparatodosytodas/files/2021/01/carnaval-palmas-768x432.jpg 768w, https://edublog.educastur.es/espaolparatodosytodas/files/2021/01/carnaval-palmas-900x506.jpg 900w, https://edublog.educastur.es/espaolparatodosytodas/files/2021/01/carnaval-palmas.jpg 1200w" sizes="auto, (max-width: 300px) 100vw, 300px" /></p>
<p style="text-align: justify"><b>2.- Entroido de Verín, Orense</b>. Sus orígenes no están muy claros, pero se cree que está relacionado con los ritos agrícolas y ganaderos prerromanos. Tiene lugar durante tres domingos y se caracteriza por ser un carnaval en el que el protagonismo lo  tienen las máscaras, la música y la diversión. Los personajes centrales son los Cigarrones que con su camisa blanca, su calzón corto y su cinturón, del que cuelgan los cencerros, se dedican a perseguir a los vecinos de la localidad con el látigo en la mano.Fue declarada Fiesta de Interés Turístico Nacional en el año 2009.</p>
<p><img loading="lazy" decoding="async" class="alignnone size-full wp-image-391" src="http://edublog.educastur.es/espaolparatodosytodas/files/2021/01/verin.jpeg" alt="" width="294" height="172" /></p>
<p style="text-align: justify"><b>3.- Fallas de Alzira, Valencia</b>. Las fallas son construcciones artísticas combustibles que representan figuras conocidas como <i>ninots</i>, y composiciones de elementos. Se celebran en Alzira durante el mes de marzo en honor a San José. Son importantes por su arraigo y origen centenario, como por contare con una gran censo de falleros y falles que plantan un total de setenta monumentos por todos los lugares de la ciudad.</p>
<p><img loading="lazy" decoding="async" class="alignnone size-full wp-image-392" src="http://edublog.educastur.es/espaolparatodosytodas/files/2021/01/alzira.jpeg" alt="" width="274" height="184" /></p>
<p style="text-align: justify"><b>4.- Fiesta del cerezo en flor, Valle del Jerte, Cáceres</b>. Es una celebración popular en la que se puede disfrutar de la floración de más de millón y medio de cerezos y que trata de reflejar la vida de toda una comarca, tanto del pasado como del futuro. Para ello se organizan todo tipo de actividades que sirven de escaparate de nuestra cultura, gastronomía, tradiciones y forma de vida.</p>
<p><img loading="lazy" decoding="async" class="alignnone size-full wp-image-393" src="http://edublog.educastur.es/espaolparatodosytodas/files/2021/01/jerte.jpeg" alt="" width="300" height="168" /></p>
<p style="text-align: justify"><b>5.- Festival de los patios, Córdoba</b>. Debido a la climatología los habitantes de Córdoba, primero los romanos y más tarde los musulmanes, adaptaron la tipología de casa popular a las necesidades, centrando la vivienda en torno a un <b>patio</b>, que normalmente tenía una fuente en el centro y en muchas ocasiones un pozo que recogía el agua de lluvia. Desde el año 1921 el Ayuntamiento de Córdoba organiza durante la primera quincena de mayo un concurso de Patios, en el que los propietarios engalanan sus viviendas para conseguir el prestigioso galardón ofertado por el Consistorio.  Además este festival está considerado Patrimonio de la Humanidad.</p>
<p><img loading="lazy" decoding="async" class="alignnone wp-image-394 size-medium" src="http://edublog.educastur.es/espaolparatodosytodas/files/2021/01/patio-300x225.jpg" alt="" width="300" height="225" srcset="https://edublog.educastur.es/espaolparatodosytodas/files/2021/01/patio-300x225.jpg 300w, https://edublog.educastur.es/espaolparatodosytodas/files/2021/01/patio.jpg 630w" sizes="auto, (max-width: 300px) 100vw, 300px" /></p>
<p style="text-align: justify"><b>6.- Batalla del vino, Haro, La Rioja</b>. El origen histórico de este litigio se centra en un conflicto territorial entre la localidad burgalesa de Miranda de Ebro y la riojana de Haro por la posesión de la zona de los riscos de Bilibio. Por la disputa de este sitio y para mantener su dominio, deben acudir los vecinos de la villa riojana de Haro cada fecha de <b>San Pedro</b>, el 29 de Junio a los riscos de Bilibio. Allí el Regidor Síndico de la villa jarrera colocará en la parte alta de estas peñas el pendón de la ciudad, en señal de posesión. Si los jarreros no acudieran un año a esta cita perderían el dominio de esta zona y pasaría a jurisdicción de la vecina Miranda de Ebro.</p>
<p><img loading="lazy" decoding="async" class="alignnone size-full wp-image-395" src="http://edublog.educastur.es/espaolparatodosytodas/files/2021/01/vino.jpeg" alt="" width="275" height="183" /></p>
<p style="text-align: justify"><b>7.- Festival de la Sidra Natural, Nava. Asturias</b>. Es el más veterano de los festivales sidreros que se celebran en Asturias, y data de la década de los años 60 del siglo XX. Lo que comenzó como un homenaje a la bebida asturiana por excelencia se ha consolidado como una fiesta a la que acuden miles de personas cada año, y que se celebra en pleno verano. Este festival, en el que hay concurso de sidras y de escanciadores de sidra, cuenta con numerosas actividades vinculadas al mundo de la manzana y la sidra, y de la cultura y tradiciones asturianas.</p>
<p><img loading="lazy" decoding="async" class="alignnone size-full wp-image-396" src="http://edublog.educastur.es/espaolparatodosytodas/files/2021/01/nava.jpeg" alt="" width="300" height="168" /></p>
<p style="text-align: justify"><b>8.- Romería Vikinga de Catoira, Pontevedra</b>. Esta Romería Vikinga es una fiesta profana que rememora el papel que tuvo este puebelo en la defensa de Galicia frente a los ataques de los piratas normandos y sarracenos que iban en busca del tesoro de la Iglesia de Santiago de Compostela. En ella se escenifica la invasión de los guerreros vikingos y de sus  naves. Se celebra el primer domingo de agosto y es Fiesta de Interés Turístico Nacional desde 1988.</p>
<p><img loading="lazy" decoding="async" class="alignnone size-full wp-image-397" src="http://edublog.educastur.es/espaolparatodosytodas/files/2021/01/romeria.jpeg" alt="" width="318" height="159" srcset="https://edublog.educastur.es/espaolparatodosytodas/files/2021/01/romeria.jpeg 318w, https://edublog.educastur.es/espaolparatodosytodas/files/2021/01/romeria-300x150.jpeg 300w" sizes="auto, (max-width: 318px) 100vw, 318px" /></p>
<p style="text-align: justify"><b>9.- Día de América, Oviedo, Asturias</b>. Desfile que se escenifica en el mes de septiembre. El desfile parte de la idea de un fabricante valenciano de gigantes y cabezudos que habla con el dibujante Alfonso Iglesias indicando la gran posibilidad de las calles del centro de Oviedo para la realización de desfiles como homenaje a los emigrantes asturianos y a sus países de acogida. El primer desfile se celebra el 23 de septiembre de 1950. En este primer desfile aparecen sesenta <i>haigas</i>​ engalanados, nueve bandas de música y ocho carrozas. Es declarada Fiesta de Interés Turístico Nacional en 1980.</p>
<p><img loading="lazy" decoding="async" class="alignnone wp-image-398 size-medium" src="http://edublog.educastur.es/espaolparatodosytodas/files/2021/01/america-300x148.jpg" alt="" width="300" height="148" srcset="https://edublog.educastur.es/espaolparatodosytodas/files/2021/01/america-300x148.jpg 300w, https://edublog.educastur.es/espaolparatodosytodas/files/2021/01/america-768x379.jpg 768w, https://edublog.educastur.es/espaolparatodosytodas/files/2021/01/america.jpg 770w" sizes="auto, (max-width: 300px) 100vw, 300px" /></p>
<p style="text-align: justify"><b>10.- Don Juan en Alcalá, Madrid.</b> <i>Don Juan Tenorio</i> es el título de una obra dramática escrita por José Zorrilla, una de las obras claves del movimiento romántico español. En 1984 comenzaron las representaciones anuales del <i>Don Juan en Alcalá</i>, en el casco histórico de la ciudad de Alcalá de Henares. Inicialmente lo organizaba la Fundación Colegio del Rey, tras su clausura lo asumió directamente el Ayuntamiento de Alcalá desde 2008. Fue declarada Fiesta de Interés Turístico Regional en el año 2002, y en 2018 Fiesta de Interés Turístico Nacional.</p>
<p><img loading="lazy" decoding="async" class="alignnone size-full wp-image-399" src="http://edublog.educastur.es/espaolparatodosytodas/files/2021/01/alacla.jpg" alt="" width="512" height="422" srcset="https://edublog.educastur.es/espaolparatodosytodas/files/2021/01/alacla.jpg 512w, https://edublog.educastur.es/espaolparatodosytodas/files/2021/01/alacla-300x247.jpg 300w" sizes="auto, (max-width: 512px) 100vw, 512px" /></p>

<p>Se acerca el verano y el fin de curso. Para descansar y disfrutar hemos seleccionado algunas Fiestas de Interés Turístico Nacional que se celebran todos los años, así podréis poner en práctica el español aprendido. Se denomina Fiesta de Interés Turístico Nacional a aquellos acontecimientos que se celebran en España y que ofrecen interés real desde [&hellip;]</p>
