{"id":45,"date":"2020-06-30T10:56:29","date_gmt":"2020-06-30T10:56:29","guid":{"rendered":"https:\/\/edublog.educastur.es\/espaolparatodosytodas\/?page_id=45"},"modified":"2020-06-30T10:56:29","modified_gmt":"2020-06-30T10:56:29","slug":"verbos-ser-y-estar","status":"publish","type":"page","link":"https:\/\/edublog.educastur.es\/espaolparatodosytodas\/verbos-ser-y-estar\/","title":{"rendered":"Verbos \u00abSER\u00bb y \u00abESTAR\u00bb."},"content":{"rendered":"<p><b>SER<\/b><\/p>\n<p><b>El verbo ser\u00a0<\/b>es uno de los m\u00e1s empleados en espa\u00f1ol. Es un verbo irregular. Su conjugaci\u00f3n en presente de indicativo es la siguiente:<\/p>\n<p><a title=\"ser.jpg\" href=\"http:\/\/blog.educastur.es\/aulainmersion2020\/verbo-ser\/114\/\" rel=\"attachment wp-att-114\"><img decoding=\"async\" src=\"http:\/\/blog.educastur.es\/aulainmersion2020\/files\/2020\/03\/ser.jpg\" alt=\"ser.jpg\" \/><\/a><\/p>\n<p>Normalmente se usa:<\/p>\n<p>&#8211; para identificar a personas o cosas.<\/p>\n<p><i>Ejemplos: \u00bfQu\u00e9\u00a0<b>es<\/b>\u00a0eso?\u00a0<b>Es<\/b>\u00a0una c\u00e1mara digital.<\/i><\/p>\n<p>&#8211; para decir la profesi\u00f3n, nacionalidad o el parentesco.<\/p>\n<p><i>Ejemplos: Chelo\u00a0<b>es<\/b>\u00a0peruana. Yo\u00a0<b>soy<\/b>\u00a0estudiante.<\/i><\/p>\n<p>&#8211; para indicar relaci\u00f3n o parentesco.<\/p>\n<p><i>Ejemplos: Marcos y yo<b>\u00a0somos<\/b>\u00a0primos.<\/i><\/p>\n<p>&#8211; para expresar cualidades.<\/p>\n<p><i>Ejemplos: Ana\u00a0<b>es<\/b>\u00a0muy inteligente.<\/i><\/p>\n<p>&#8211; para indicar tiempo, cantidad o precio.<\/p>\n<p><i>Ejemplos: Hoy\u00a0<b>es<\/b>\u00a0martes. En mi clase\u00a0<b>somos\u00a0<\/b>veintiuno.<\/i><\/p>\n<p><a title=\"ejercicio.jpeg\" href=\"http:\/\/blog.educastur.es\/aulainmersion2020\/verbo-ser\/115\/\" rel=\"attachment wp-att-115\"><img decoding=\"async\" src=\"http:\/\/blog.educastur.es\/aulainmersion2020\/files\/2020\/03\/ejercicio.jpeg\" alt=\"ejercicio.jpeg\" \/><\/a><\/p>\n<p><b>EJERCICIO<\/b>: Escribe con la forma correcta del verbo\u00a0<i>ser<\/i>.<\/p>\n<p>1.- Elsa y Tom\u00e1s _______ peruanos.<\/p>\n<p>2.- Usted ______ es muy generoso.<\/p>\n<p>3.- Esa mesa _____ de madera.<\/p>\n<p>4.- Mi hermano y yo ______ muy divertidos.<\/p>\n<p>5.- Vosotros ______ muy alegres.<\/p>\n<p>6.- Esos pantalones no _______ de pana, ______ vaqueros.<\/p>\n<p>7.- Esos libros ______ de Marta.<\/p>\n<p>8.- Ustedes no _______ muy altos.<\/p>\n<p>9.- \u00bfDe qui\u00e9n ______ esos libros? _____ de la profesora.<\/p>\n<p>10.- \u00bfQu\u00e9 hora _____ ? ______ las doce.<\/p>\n<p><b>ESTAR\u00a0<\/b><\/p>\n<p><b>El verbo estar<\/b>\u00a0se usa bastante en espa\u00f1ol. Esta es su conjugaci\u00f3n en presente de indicativo:<\/p>\n<p><a title=\"vbestar.jpg\" href=\"http:\/\/blog.educastur.es\/aulainmersion2020\/verbo-ser\/192\/\" rel=\"attachment wp-att-192\"><img decoding=\"async\" src=\"http:\/\/blog.educastur.es\/aulainmersion2020\/files\/2020\/04\/vbestar.jpg\" alt=\"vbestar.jpg\" \/><\/a><\/p>\n<p>Se usa el verbo\u00a0<b><i>estar<\/i><\/b>\u00a0en los siguientes casos:<\/p>\n<p>&#8211; para indicar la situaci\u00f3n f\u00edsica de alguien o algo.<\/p>\n<p><i>Ejemplo: Mi hermana\u00a0<b>est\u00e1\u00a0<\/b>en Lanzarote.<\/i><\/p>\n<p>&#8211; estar + nombre de persona.<\/p>\n<p><i>Ejemplo: \u00bf<b>Est\u00e1\u00a0<\/b>Miguel?<\/i><\/p>\n<p>&#8211; para indicar estados f\u00edsicos y an\u00edmicos temporales: enfermo, resfriado, cansado, agotado, contento, triste, aburrido. Etc.<\/p>\n<p><i>Ejemplo: Hoy\u00a0<b>estoy<\/b>\u00a0un poco cansado.<\/i><\/p>\n<p>&#8211; para referirnos a situaciones temporales.<\/p>\n<p><i>Ejemplo: La sopa\u00a0<b>est\u00e1\u00a0<\/b>caliente<\/i>.<\/p>\n<p><b>EJERCICIO.<\/b><\/p>\n<p>Completa los di\u00e1logos con la forma adecuada del verbo estar:<\/p>\n<p>1. &#8211; \u00bfC\u00f3mo est\u00e1 usted? &#8211; ________________ muy bien, gracias.<\/p>\n<p>2. &#8211; \u00bf _________ Pedro? \u2013 S\u00ed, pero _____________ en la cama.<\/p>\n<p>3. &#8211; \u00bf _______________ cansado Juan? \u2013 No, no _____________ cansado. ___________ aburrido.<\/p>\n<p>4. &#8211; \u00bfD\u00f3nde __________ mis pantalones rojos? &#8211; ______________ en el armario.<\/p>\n<p>5. &#8211; \u00bfD\u00f3nde ____________ las Islas Gal\u00e1pagos? &#8211; _______________ en el Pac\u00edfico.<\/p>\n<p>6.- Mi jefe __________ muy enfadado.<\/p>\n<p>7.- Andaluc\u00eda ________________ en el sur de Espa\u00f1a.<\/p>\n<p>8.- \u00bfD\u00f3nde __________ tu paraguas?<\/p>\n<p>9.- Sus maletas no ___________ aqu\u00ed.<\/p>\n<p>10.- Hoy el\u00a0 d\u00eda _________ gris.<\/p>\n<p><a title=\"serestar.jpeg\" href=\"http:\/\/blog.educastur.es\/aulainmersion2020\/verbo-ser\/193\/\" rel=\"attachment wp-att-193\"><img decoding=\"async\" src=\"http:\/\/blog.educastur.es\/aulainmersion2020\/files\/2020\/04\/serestar.jpeg\" alt=\"serestar.jpeg\" \/><\/a><\/p>\n<p><b>A veces dudamos entre emplear el verbo ser y el verbo estar. Aqu\u00ed resumimos sus diferencias en el uso.<\/b><\/p>\n<p><a title=\"usoserestar.jpg\" href=\"http:\/\/blog.educastur.es\/aulainmersion2020\/verbo-ser\/194\/\" rel=\"attachment wp-att-194\"><img decoding=\"async\" src=\"http:\/\/blog.educastur.es\/aulainmersion2020\/files\/2020\/04\/usoserestar.jpg\" alt=\"usoserestar.jpg\" \/><\/a><\/p>\n<p><b>EJERCICIO:\u00a0<\/b><b>Completa las oraciones con la forma correspondiente de\u00a0<i>ser<\/i>\u00a0o\u00a0<i>estar<\/i>.<\/b><\/p>\n<p>&#8211; Las serpientes\u00a0<i>son<\/i>\u00a0peligrosas.<\/p>\n<p>&#8211; Este libro _____ muy interesante.<\/p>\n<p>&#8211; La nieve _____ blanca.<\/p>\n<p>&#8211; Mar\u00eda y Beatriz ______ muy guapas con el nuevo peinado.<\/p>\n<p>&#8211; \u00a1Qu\u00e9 guapa ______ Aurora! Tiene unos ojos verdes preciosos.<\/p>\n<p>&#8211; No os apoy\u00e9is en las mesas, _______ sucias.<\/p>\n<p>&#8211; La sopa ______ fr\u00eda.<\/p>\n<p>&#8211; Los pl\u00e1tanos _______ amarillos cuando ______ maduros.<\/p>\n<p>&#8211; \u00bfD\u00f3nde _________ mis gafas?<\/p>\n<p>&#8211; \u00bfCu\u00e1ndo ______ la boda?<\/p>\n<p>&#8211; El examen _________ encima de la mesa.<\/p>\n<p>&#8211; Hoy ________ enfermo.<\/p>\n<p><a title=\"estar-enfermo.jpeg\" href=\"http:\/\/blog.educastur.es\/aulainmersion2020\/verbo-ser\/195\/\" rel=\"attachment wp-att-195\"><img decoding=\"async\" src=\"http:\/\/blog.educastur.es\/aulainmersion2020\/files\/2020\/04\/estar-enfermo.jpeg\" alt=\"estar-enfermo.jpeg\" \/><\/a><\/p>\n","protected":false},"excerpt":{"rendered":"<p>SER El verbo ser\u00a0es uno de los m\u00e1s empleados en espa\u00f1ol. Es un verbo irregular. Su conjugaci\u00f3n en presente de indicativo es la siguiente: Normalmente se usa: &#8211; para identificar a personas o cosas. Ejemplos: \u00bfQu\u00e9\u00a0es\u00a0eso?\u00a0Es\u00a0una c\u00e1mara digital. &#8211; para decir la profesi\u00f3n, nacionalidad o el parentesco. Ejemplos: Chelo\u00a0es\u00a0peruana. Yo\u00a0soy\u00a0estudiante. &#8211; para indicar relaci\u00f3n o [&hellip;]<\/p>\n","protected":false},"author":36,"featured_media":0,"parent":0,"menu_order":0,"comment_status":"closed","ping_status":"closed","template":"","meta":{"footnotes":""},"class_list":["post-45","page","type-page","status-publish","hentry"],"_links":{"self":[{"href":"https:\/\/edublog.educastur.es\/espaolparatodosytodas\/wp-json\/wp\/v2\/pages\/45","targetHints":{"allow":["GET"]}}],"collection":[{"href":"https:\/\/edublog.educastur.es\/espaolparatodosytodas\/wp-json\/wp\/v2\/pages"}],"about":[{"href":"https:\/\/edublog.educastur.es\/espaolparatodosytodas\/wp-json\/wp\/v2\/types\/page"}],"author":[{"embeddable":true,"href":"https:\/\/edublog.educastur.es\/espaolparatodosytodas\/wp-json\/wp\/v2\/users\/36"}],"replies":[{"embeddable":true,"href":"https:\/\/edublog.educastur.es\/espaolparatodosytodas\/wp-json\/wp\/v2\/comments?post=45"}],"version-history":[{"count":1,"href":"https:\/\/edublog.educastur.es\/espaolparatodosytodas\/wp-json\/wp\/v2\/pages\/45\/revisions"}],"predecessor-version":[{"id":46,"href":"https:\/\/edublog.educastur.es\/espaolparatodosytodas\/wp-json\/wp\/v2\/pages\/45\/revisions\/46"}],"wp:attachment":[{"href":"https:\/\/edublog.educastur.es\/espaolparatodosytodas\/wp-json\/wp\/v2\/media?parent=45"}],"curies":[{"name":"wp","href":"https:\/\/api.w.org\/{rel}","templated":true}]}}

<p><b>SER</b></p>
<p><b>El verbo ser </b>es uno de los más empleados en español. Es un verbo irregular. Su conjugación en presente de indicativo es la siguiente:</p>
<p><a title="ser.jpg" href="http://blog.educastur.es/aulainmersion2020/verbo-ser/114/" rel="attachment wp-att-114"><img decoding="async" src="http://blog.educastur.es/aulainmersion2020/files/2020/03/ser.jpg" alt="ser.jpg" /></a></p>
<p>Normalmente se usa:</p>
<p>&#8211; para identificar a personas o cosas.</p>
<p><i>Ejemplos: ¿Qué <b>es</b> eso? <b>Es</b> una cámara digital.</i></p>
<p>&#8211; para decir la profesión, nacionalidad o el parentesco.</p>
<p><i>Ejemplos: Chelo <b>es</b> peruana. Yo <b>soy</b> estudiante.</i></p>
<p>&#8211; para indicar relación o parentesco.</p>
<p><i>Ejemplos: Marcos y yo<b> somos</b> primos.</i></p>
<p>&#8211; para expresar cualidades.</p>
<p><i>Ejemplos: Ana <b>es</b> muy inteligente.</i></p>
<p>&#8211; para indicar tiempo, cantidad o precio.</p>
<p><i>Ejemplos: Hoy <b>es</b> martes. En mi clase <b>somos </b>veintiuno.</i></p>
<p><a title="ejercicio.jpeg" href="http://blog.educastur.es/aulainmersion2020/verbo-ser/115/" rel="attachment wp-att-115"><img decoding="async" src="http://blog.educastur.es/aulainmersion2020/files/2020/03/ejercicio.jpeg" alt="ejercicio.jpeg" /></a></p>
<p><b>EJERCICIO</b>: Escribe con la forma correcta del verbo <i>ser</i>.</p>
<p>1.- Elsa y Tomás _______ peruanos.</p>
<p>2.- Usted ______ es muy generoso.</p>
<p>3.- Esa mesa _____ de madera.</p>
<p>4.- Mi hermano y yo ______ muy divertidos.</p>
<p>5.- Vosotros ______ muy alegres.</p>
<p>6.- Esos pantalones no _______ de pana, ______ vaqueros.</p>
<p>7.- Esos libros ______ de Marta.</p>
<p>8.- Ustedes no _______ muy altos.</p>
<p>9.- ¿De quién ______ esos libros? _____ de la profesora.</p>
<p>10.- ¿Qué hora _____ ? ______ las doce.</p>
<p><b>ESTAR </b></p>
<p><b>El verbo estar</b> se usa bastante en español. Esta es su conjugación en presente de indicativo:</p>
<p><a title="vbestar.jpg" href="http://blog.educastur.es/aulainmersion2020/verbo-ser/192/" rel="attachment wp-att-192"><img decoding="async" src="http://blog.educastur.es/aulainmersion2020/files/2020/04/vbestar.jpg" alt="vbestar.jpg" /></a></p>
<p>Se usa el verbo <b><i>estar</i></b> en los siguientes casos:</p>
<p>&#8211; para indicar la situación física de alguien o algo.</p>
<p><i>Ejemplo: Mi hermana <b>está </b>en Lanzarote.</i></p>
<p>&#8211; estar + nombre de persona.</p>
<p><i>Ejemplo: ¿<b>Está </b>Miguel?</i></p>
<p>&#8211; para indicar estados físicos y anímicos temporales: enfermo, resfriado, cansado, agotado, contento, triste, aburrido. Etc.</p>
<p><i>Ejemplo: Hoy <b>estoy</b> un poco cansado.</i></p>
<p>&#8211; para referirnos a situaciones temporales.</p>
<p><i>Ejemplo: La sopa <b>está </b>caliente</i>.</p>
<p><b>EJERCICIO.</b></p>
<p>Completa los diálogos con la forma adecuada del verbo estar:</p>
<p>1. &#8211; ¿Cómo está usted? &#8211; ________________ muy bien, gracias.</p>
<p>2. &#8211; ¿ _________ Pedro? – Sí, pero _____________ en la cama.</p>
<p>3. &#8211; ¿ _______________ cansado Juan? – No, no _____________ cansado. ___________ aburrido.</p>
<p>4. &#8211; ¿Dónde __________ mis pantalones rojos? &#8211; ______________ en el armario.</p>
<p>5. &#8211; ¿Dónde ____________ las Islas Galápagos? &#8211; _______________ en el Pacífico.</p>
<p>6.- Mi jefe __________ muy enfadado.</p>
<p>7.- Andalucía ________________ en el sur de España.</p>
<p>8.- ¿Dónde __________ tu paraguas?</p>
<p>9.- Sus maletas no ___________ aquí.</p>
<p>10.- Hoy el  día _________ gris.</p>
<p><a title="serestar.jpeg" href="http://blog.educastur.es/aulainmersion2020/verbo-ser/193/" rel="attachment wp-att-193"><img decoding="async" src="http://blog.educastur.es/aulainmersion2020/files/2020/04/serestar.jpeg" alt="serestar.jpeg" /></a></p>
<p><b>A veces dudamos entre emplear el verbo ser y el verbo estar. Aquí resumimos sus diferencias en el uso.</b></p>
<p><a title="usoserestar.jpg" href="http://blog.educastur.es/aulainmersion2020/verbo-ser/194/" rel="attachment wp-att-194"><img decoding="async" src="http://blog.educastur.es/aulainmersion2020/files/2020/04/usoserestar.jpg" alt="usoserestar.jpg" /></a></p>
<p><b>EJERCICIO: </b><b>Completa las oraciones con la forma correspondiente de <i>ser</i> o <i>estar</i>.</b></p>
<p>&#8211; Las serpientes <i>son</i> peligrosas.</p>
<p>&#8211; Este libro _____ muy interesante.</p>
<p>&#8211; La nieve _____ blanca.</p>
<p>&#8211; María y Beatriz ______ muy guapas con el nuevo peinado.</p>
<p>&#8211; ¡Qué guapa ______ Aurora! Tiene unos ojos verdes preciosos.</p>
<p>&#8211; No os apoyéis en las mesas, _______ sucias.</p>
<p>&#8211; La sopa ______ fría.</p>
<p>&#8211; Los plátanos _______ amarillos cuando ______ maduros.</p>
<p>&#8211; ¿Dónde _________ mis gafas?</p>
<p>&#8211; ¿Cuándo ______ la boda?</p>
<p>&#8211; El examen _________ encima de la mesa.</p>
<p>&#8211; Hoy ________ enfermo.</p>
<p><a title="estar-enfermo.jpeg" href="http://blog.educastur.es/aulainmersion2020/verbo-ser/195/" rel="attachment wp-att-195"><img decoding="async" src="http://blog.educastur.es/aulainmersion2020/files/2020/04/estar-enfermo.jpeg" alt="estar-enfermo.jpeg" /></a></p>

<p>SER El verbo ser es uno de los más empleados en español. Es un verbo irregular. Su conjugación en presente de indicativo es la siguiente: Normalmente se usa: &#8211; para identificar a personas o cosas. Ejemplos: ¿Qué es eso? Es una cámara digital. &#8211; para decir la profesión, nacionalidad o el parentesco. Ejemplos: Chelo es peruana. Yo soy estudiante. &#8211; para indicar relación o [&hellip;]</p>
