{"id":71,"date":"2020-06-30T11:18:01","date_gmt":"2020-06-30T11:18:01","guid":{"rendered":"https:\/\/edublog.educastur.es\/espaolparatodosytodas\/?page_id=71"},"modified":"2021-01-30T15:14:43","modified_gmt":"2021-01-30T15:14:43","slug":"cuentame-un-cuento","status":"publish","type":"page","link":"https:\/\/edublog.educastur.es\/espaolparatodosytodas\/cuentame-un-cuento\/","title":{"rendered":"Cu\u00e9ntame un cuento&#8230;"},"content":{"rendered":"<p style=\"text-align: justify\">\u00bfPor qu\u00e9 es importante contar un cuento para el aula de espa\u00f1ol? O para cualquier clase&#8230;<\/p>\n<p><img loading=\"lazy\" decoding=\"async\" class=\"alignnone wp-image-321 size-medium\" src=\"http:\/\/edublog.educastur.es\/espaolparatodosytodas\/files\/2021\/01\/cuento1-211x300.jpg\" alt=\"\" width=\"211\" height=\"300\" srcset=\"https:\/\/edublog.educastur.es\/espaolparatodosytodas\/files\/2021\/01\/cuento1-211x300.jpg 211w, https:\/\/edublog.educastur.es\/espaolparatodosytodas\/files\/2021\/01\/cuento1.jpg 598w\" sizes=\"auto, (max-width: 211px) 100vw, 211px\" \/><\/p>\n<p style=\"text-align: justify\">\n<p style=\"text-align: justify\">Porque se pueden trabajar muchos niveles gramaticales, expresivos, l\u00e9xicos&#8230; Entre los m\u00e1s importantes destacamos:<\/p>\n<p style=\"text-align: justify\">a)\u00a0<i>Las expresiones o dichos populares de la propia lengua<\/i>. Por ejemplo, \u00bfc\u00f3mo comienza y termina un cuento?<\/p>\n<p><img loading=\"lazy\" decoding=\"async\" class=\"alignnone wp-image-322 size-large\" src=\"http:\/\/edublog.educastur.es\/espaolparatodosytodas\/files\/2021\/01\/cuento-1024x800.jpg\" alt=\"\" width=\"629\" height=\"491\" srcset=\"https:\/\/edublog.educastur.es\/espaolparatodosytodas\/files\/2021\/01\/cuento-1024x800.jpg 1024w, https:\/\/edublog.educastur.es\/espaolparatodosytodas\/files\/2021\/01\/cuento-300x234.jpg 300w, https:\/\/edublog.educastur.es\/espaolparatodosytodas\/files\/2021\/01\/cuento-768x600.jpg 768w, https:\/\/edublog.educastur.es\/espaolparatodosytodas\/files\/2021\/01\/cuento-1536x1200.jpg 1536w, https:\/\/edublog.educastur.es\/espaolparatodosytodas\/files\/2021\/01\/cuento-900x703.jpg 900w, https:\/\/edublog.educastur.es\/espaolparatodosytodas\/files\/2021\/01\/cuento-1280x1000.jpg 1280w, https:\/\/edublog.educastur.es\/espaolparatodosytodas\/files\/2021\/01\/cuento.jpg 1600w\" sizes=\"auto, (max-width: 629px) 100vw, 629px\" \/><\/p>\n<p style=\"text-align: justify\">Aqu\u00ed os dejo un ejemplo:\u00a0<i>El elefante Elmer<\/i> de David McKee. Hab\u00eda una vez&#8230;<\/p>\n<p style=\"text-align: justify\">\u00a0<a href=\"https:\/\/www.youtube.com\/watch?v=CFY7SQnwnbE\">https:\/\/www.youtube.com\/watch?v=CFY7SQnwnbE<\/a><\/p>\n<p style=\"text-align: justify\">b)\u00a0<i>El vocabulario<\/i>. Aprender palabras nuevas.<\/p>\n<p style=\"text-align: justify\">c)\u00a0<i>La descripci\u00f3n<\/i>. Se puede trabajar la descripci\u00f3n de personajes, animales, lugares, objetos, cosas, conceptos, cualidades&#8230;<\/p>\n<p style=\"text-align: justify\">Aqu\u00ed os dejamos un v\u00eddeo de la p\u00e1gina \u00abTu escuela de espa\u00f1ol\u00bb donde se habla de la descripci\u00f3n f\u00edsica.<\/p>\n<p style=\"text-align: justify\"><a href=\"https:\/\/www.youtube.com\/watch?v=IYSSFwqX32E\">https:\/\/www.youtube.com\/watch?v=IYSSFwqX32E<\/a><\/p>\n<p style=\"text-align: justify\">d) Repasar gram\u00e1tica: Estilo directo y estilo indirecto.<\/p>\n<p>Disfruta de cuentos con audiocuentos: <a href=\"https:\/\/www.thefablecottage.com\/spanish\">https:\/\/www.thefablecottage.com\/spanish<\/a><\/p>\n<p><img loading=\"lazy\" decoding=\"async\" class=\"alignnone size-full wp-image-323\" src=\"http:\/\/edublog.educastur.es\/espaolparatodosytodas\/files\/2021\/01\/audiocuentos.jpg\" alt=\"\" width=\"1200\" height=\"675\" srcset=\"https:\/\/edublog.educastur.es\/espaolparatodosytodas\/files\/2021\/01\/audiocuentos.jpg 1200w, https:\/\/edublog.educastur.es\/espaolparatodosytodas\/files\/2021\/01\/audiocuentos-300x169.jpg 300w, https:\/\/edublog.educastur.es\/espaolparatodosytodas\/files\/2021\/01\/audiocuentos-1024x576.jpg 1024w, https:\/\/edublog.educastur.es\/espaolparatodosytodas\/files\/2021\/01\/audiocuentos-768x432.jpg 768w, https:\/\/edublog.educastur.es\/espaolparatodosytodas\/files\/2021\/01\/audiocuentos-900x506.jpg 900w\" sizes=\"auto, (max-width: 1200px) 100vw, 1200px\" \/><\/p>\n","protected":false},"excerpt":{"rendered":"<p>\u00bfPor qu\u00e9 es importante contar un cuento para el aula de espa\u00f1ol? O para cualquier clase&#8230; Porque se pueden trabajar muchos niveles gramaticales, expresivos, l\u00e9xicos&#8230; Entre los m\u00e1s importantes destacamos: a)\u00a0Las expresiones o dichos populares de la propia lengua. Por ejemplo, \u00bfc\u00f3mo comienza y termina un cuento? Aqu\u00ed os dejo un ejemplo:\u00a0El elefante Elmer de [&hellip;]<\/p>\n","protected":false},"author":36,"featured_media":0,"parent":0,"menu_order":0,"comment_status":"closed","ping_status":"closed","template":"","meta":{"footnotes":""},"class_list":["post-71","page","type-page","status-publish","hentry"],"_links":{"self":[{"href":"https:\/\/edublog.educastur.es\/espaolparatodosytodas\/wp-json\/wp\/v2\/pages\/71","targetHints":{"allow":["GET"]}}],"collection":[{"href":"https:\/\/edublog.educastur.es\/espaolparatodosytodas\/wp-json\/wp\/v2\/pages"}],"about":[{"href":"https:\/\/edublog.educastur.es\/espaolparatodosytodas\/wp-json\/wp\/v2\/types\/page"}],"author":[{"embeddable":true,"href":"https:\/\/edublog.educastur.es\/espaolparatodosytodas\/wp-json\/wp\/v2\/users\/36"}],"replies":[{"embeddable":true,"href":"https:\/\/edublog.educastur.es\/espaolparatodosytodas\/wp-json\/wp\/v2\/comments?post=71"}],"version-history":[{"count":5,"href":"https:\/\/edublog.educastur.es\/espaolparatodosytodas\/wp-json\/wp\/v2\/pages\/71\/revisions"}],"predecessor-version":[{"id":324,"href":"https:\/\/edublog.educastur.es\/espaolparatodosytodas\/wp-json\/wp\/v2\/pages\/71\/revisions\/324"}],"wp:attachment":[{"href":"https:\/\/edublog.educastur.es\/espaolparatodosytodas\/wp-json\/wp\/v2\/media?parent=71"}],"curies":[{"name":"wp","href":"https:\/\/api.w.org\/{rel}","templated":true}]}}

Cuéntame un cuento&#8230;

<p style="text-align: justify">¿Por qué es importante contar un cuento para el aula de español? O para cualquier clase&#8230;</p>
<p><img loading="lazy" decoding="async" class="alignnone wp-image-321 size-medium" src="http://edublog.educastur.es/espaolparatodosytodas/files/2021/01/cuento1-211x300.jpg" alt="" width="211" height="300" srcset="https://edublog.educastur.es/espaolparatodosytodas/files/2021/01/cuento1-211x300.jpg 211w, https://edublog.educastur.es/espaolparatodosytodas/files/2021/01/cuento1.jpg 598w" sizes="auto, (max-width: 211px) 100vw, 211px" /></p>
<p style="text-align: justify">
<p style="text-align: justify">Porque se pueden trabajar muchos niveles gramaticales, expresivos, léxicos&#8230; Entre los más importantes destacamos:</p>
<p style="text-align: justify">a) <i>Las expresiones o dichos populares de la propia lengua</i>. Por ejemplo, ¿cómo comienza y termina un cuento?</p>
<p><img loading="lazy" decoding="async" class="alignnone wp-image-322 size-large" src="http://edublog.educastur.es/espaolparatodosytodas/files/2021/01/cuento-1024x800.jpg" alt="" width="629" height="491" srcset="https://edublog.educastur.es/espaolparatodosytodas/files/2021/01/cuento-1024x800.jpg 1024w, https://edublog.educastur.es/espaolparatodosytodas/files/2021/01/cuento-300x234.jpg 300w, https://edublog.educastur.es/espaolparatodosytodas/files/2021/01/cuento-768x600.jpg 768w, https://edublog.educastur.es/espaolparatodosytodas/files/2021/01/cuento-1536x1200.jpg 1536w, https://edublog.educastur.es/espaolparatodosytodas/files/2021/01/cuento-900x703.jpg 900w, https://edublog.educastur.es/espaolparatodosytodas/files/2021/01/cuento-1280x1000.jpg 1280w, https://edublog.educastur.es/espaolparatodosytodas/files/2021/01/cuento.jpg 1600w" sizes="auto, (max-width: 629px) 100vw, 629px" /></p>
<p style="text-align: justify">Aquí os dejo un ejemplo: <i>El elefante Elmer</i> de David McKee. Había una vez&#8230;</p>
<p style="text-align: justify"> <a href="https://www.youtube.com/watch?v=CFY7SQnwnbE">https://www.youtube.com/watch?v=CFY7SQnwnbE</a></p>
<p style="text-align: justify">b) <i>El vocabulario</i>. Aprender palabras nuevas.</p>
<p style="text-align: justify">c) <i>La descripción</i>. Se puede trabajar la descripción de personajes, animales, lugares, objetos, cosas, conceptos, cualidades&#8230;</p>
<p style="text-align: justify">Aquí os dejamos un vídeo de la página «Tu escuela de español» donde se habla de la descripción física.</p>
<p style="text-align: justify"><a href="https://www.youtube.com/watch?v=IYSSFwqX32E">https://www.youtube.com/watch?v=IYSSFwqX32E</a></p>
<p style="text-align: justify">d) Repasar gramática: Estilo directo y estilo indirecto.</p>
<p>Disfruta de cuentos con audiocuentos: <a href="https://www.thefablecottage.com/spanish">https://www.thefablecottage.com/spanish</a></p>
<p><img loading="lazy" decoding="async" class="alignnone size-full wp-image-323" src="http://edublog.educastur.es/espaolparatodosytodas/files/2021/01/audiocuentos.jpg" alt="" width="1200" height="675" srcset="https://edublog.educastur.es/espaolparatodosytodas/files/2021/01/audiocuentos.jpg 1200w, https://edublog.educastur.es/espaolparatodosytodas/files/2021/01/audiocuentos-300x169.jpg 300w, https://edublog.educastur.es/espaolparatodosytodas/files/2021/01/audiocuentos-1024x576.jpg 1024w, https://edublog.educastur.es/espaolparatodosytodas/files/2021/01/audiocuentos-768x432.jpg 768w, https://edublog.educastur.es/espaolparatodosytodas/files/2021/01/audiocuentos-900x506.jpg 900w" sizes="auto, (max-width: 1200px) 100vw, 1200px" /></p>

<p>¿Por qué es importante contar un cuento para el aula de español? O para cualquier clase&#8230; Porque se pueden trabajar muchos niveles gramaticales, expresivos, léxicos&#8230; Entre los más importantes destacamos: a) Las expresiones o dichos populares de la propia lengua. Por ejemplo, ¿cómo comienza y termina un cuento? Aquí os dejo un ejemplo: El elefante Elmer de [&hellip;]</p>
